{"id":2711,"date":"2020-05-15T14:49:38","date_gmt":"2020-05-15T17:49:38","guid":{"rendered":"https:\/\/wp.ufpel.edu.br\/ppgna\/?page_id=2711"},"modified":"2020-05-15T14:50:01","modified_gmt":"2020-05-15T17:50:01","slug":"2711-2","status":"publish","type":"page","link":"https:\/\/wp.ufpel.edu.br\/ppgna\/docentes\/paginas-individuais\/2711-2\/","title":{"rendered":"Carla Mendon\u00e7a"},"content":{"rendered":"<table style=\"width: 100%;border-collapse: collapse\" border=\"0\">\n<tbody>\n<tr style=\"height: 198px\">\n<td style=\"width: 83.33333333333334%;height: 198px\" colspan=\"2\"><strong><img class=\"foto aligncenter\" src=\"http:\/\/servicosweb.cnpq.br\/wspessoa\/servletrecuperafoto?tipo=1&amp;id=K4708747A7\" width=\"158\" height=\"199\" \/><\/strong><\/td>\n<\/tr>\n<tr style=\"height: 24px\">\n<td style=\"width: 83.33333333333334%;height: 24px;text-align: center\" colspan=\"2\"><span style=\"font-size: large\"><b>Carla Rosane Barboza Mendon\u00e7a<\/b><\/span><\/td>\n<\/tr>\n<tr style=\"height: 24px\">\n<td style=\"width: 83.33333333333334%;height: 24px;text-align: center\" colspan=\"2\"><strong>Linha de An\u00e1lise e Controle de Qualidade de Alimentos<\/strong><\/td>\n<\/tr>\n<tr style=\"height: 24px\">\n<td style=\"width: 43.59861591695502%;height: 24px;text-align: center\"><a href=\"mailto:carlaufpel@hotmail.com\">Email<\/a><\/td>\n<td style=\"width: 39.73471741637832%;height: 24px;text-align: center\"><a href=\"http:\/\/lattes.cnpq.br\/4938830062759927\" target=\"_blank\" rel=\"noopener noreferrer\">Curr\u00edculo Lattes<\/a><\/td>\n<\/tr>\n<tr style=\"height: 24px\">\n<td style=\"height: 24px;text-align: justify;width: 83.33333333333334%\" colspan=\"2\"><strong>Gradua\u00e7\u00e3o:<\/strong> Ci\u00eancias Dom\u00e9sticas &#8211; UFPel<br \/>\n<strong>Mestrado:<\/strong> Ci\u00eancia e Tecnologia Agroindustrial &#8211; UFPel<br \/>\n<strong>Doutorado:<\/strong> Qu\u00edmica &#8211; UFRGS<strong>Principais temas de pesquisa:<\/strong><br \/>\nCompostos bioativos em \u00f3leos vegetais, na an\u00e1lise de matrizes lipof\u00edlicas diversas e no preparo e caracteriza\u00e7\u00e3o de microemuls\u00f5es com \u00f3leos vegetais. Tamb\u00e9m atua na \u00e1rea de tecnologia de produtos vegetais, com destaque para a pesquisa com frutas e hortali\u00e7as minimamente processadas.<\/td>\n<\/tr>\n<tr style=\"height: 24px\">\n<td style=\"text-align: justify;width: 83.33333333333334%;height: 24px\" colspan=\"2\"><\/td>\n<\/tr>\n<tr style=\"height: 24px\">\n<td style=\"text-align: justify;width: 83.33333333333334%;height: 24px\" colspan=\"2\"><\/td>\n<\/tr>\n<tr style=\"height: 24px\">\n<td style=\"text-align: justify;width: 83.33333333333334%;height: 24px\" colspan=\"2\"><strong>Publica\u00e7\u00f5es destaque<\/strong><\/td>\n<\/tr>\n<tr style=\"height: 24px\">\n<td style=\"width: 83.33333333333334%;text-align: justify;height: 24px\" colspan=\"2\">&#8211;<\/td>\n<\/tr>\n<\/tbody>\n<\/table>\n<p>&nbsp;<\/p>\n","protected":false},"excerpt":{"rendered":"<p>Carla Rosane Barboza Mendon\u00e7a Linha de An\u00e1lise e Controle de Qualidade de Alimentos Email Curr\u00edculo Lattes Gradua\u00e7\u00e3o: Ci\u00eancias Dom\u00e9sticas &#8211; UFPel Mestrado: Ci\u00eancia e Tecnologia Agroindustrial &#8211; UFPel Doutorado: Qu\u00edmica &#8211; UFRGSPrincipais temas de pesquisa: Compostos bioativos em \u00f3leos vegetais, na an\u00e1lise de matrizes lipof\u00edlicas diversas e no preparo e caracteriza\u00e7\u00e3o de microemuls\u00f5es com \u00f3leos [&hellip;]<\/p>\n","protected":false},"author":209,"featured_media":0,"parent":2693,"menu_order":0,"comment_status":"closed","ping_status":"closed","template":"","meta":{"jetpack_post_was_ever_published":false,"footnotes":""},"class_list":["post-2711","page","type-page","status-publish","hentry"],"jetpack_sharing_enabled":true,"jetpack_shortlink":"https:\/\/wp.me\/P8FvYb-HJ","_links":{"self":[{"href":"https:\/\/wp.ufpel.edu.br\/ppgna\/wp-json\/wp\/v2\/pages\/2711","targetHints":{"allow":["GET"]}}],"collection":[{"href":"https:\/\/wp.ufpel.edu.br\/ppgna\/wp-json\/wp\/v2\/pages"}],"about":[{"href":"https:\/\/wp.ufpel.edu.br\/ppgna\/wp-json\/wp\/v2\/types\/page"}],"author":[{"embeddable":true,"href":"https:\/\/wp.ufpel.edu.br\/ppgna\/wp-json\/wp\/v2\/users\/209"}],"replies":[{"embeddable":true,"href":"https:\/\/wp.ufpel.edu.br\/ppgna\/wp-json\/wp\/v2\/comments?post=2711"}],"version-history":[{"count":2,"href":"https:\/\/wp.ufpel.edu.br\/ppgna\/wp-json\/wp\/v2\/pages\/2711\/revisions"}],"predecessor-version":[{"id":2714,"href":"https:\/\/wp.ufpel.edu.br\/ppgna\/wp-json\/wp\/v2\/pages\/2711\/revisions\/2714"}],"up":[{"embeddable":true,"href":"https:\/\/wp.ufpel.edu.br\/ppgna\/wp-json\/wp\/v2\/pages\/2693"}],"wp:attachment":[{"href":"https:\/\/wp.ufpel.edu.br\/ppgna\/wp-json\/wp\/v2\/media?parent=2711"}],"curies":[{"name":"wp","href":"https:\/\/api.w.org\/{rel}","templated":true}]}}

Carla Mendonça

<table style="width: 100%;border-collapse: collapse" border="0">
<tbody>
<tr style="height: 198px">
<td style="width: 83.33333333333334%;height: 198px" colspan="2"><strong><img class="foto aligncenter" src="http://servicosweb.cnpq.br/wspessoa/servletrecuperafoto?tipo=1&amp;id=K4708747A7" width="158" height="199" /></strong></td>
</tr>
<tr style="height: 24px">
<td style="width: 83.33333333333334%;height: 24px;text-align: center" colspan="2"><span style="font-size: large"><b>Carla Rosane Barboza Mendonça</b></span></td>
</tr>
<tr style="height: 24px">
<td style="width: 83.33333333333334%;height: 24px;text-align: center" colspan="2"><strong>Linha de Análise e Controle de Qualidade de Alimentos</strong></td>
</tr>
<tr style="height: 24px">
<td style="width: 43.59861591695502%;height: 24px;text-align: center"><a href="mailto:carlaufpel@hotmail.com">Email</a></td>
<td style="width: 39.73471741637832%;height: 24px;text-align: center"><a href="http://lattes.cnpq.br/4938830062759927" target="_blank" rel="noopener noreferrer">Currículo Lattes</a></td>
</tr>
<tr style="height: 24px">
<td style="height: 24px;text-align: justify;width: 83.33333333333334%" colspan="2"><strong>Graduação:</strong> Ciências Domésticas &#8211; UFPel<br />
<strong>Mestrado:</strong> Ciência e Tecnologia Agroindustrial &#8211; UFPel<br />
<strong>Doutorado:</strong> Química &#8211; UFRGS<strong>Principais temas de pesquisa:</strong><br />
Compostos bioativos em óleos vegetais, na análise de matrizes lipofílicas diversas e no preparo e caracterização de microemulsões com óleos vegetais. Também atua na área de tecnologia de produtos vegetais, com destaque para a pesquisa com frutas e hortaliças minimamente processadas.</td>
</tr>
<tr style="height: 24px">
<td style="text-align: justify;width: 83.33333333333334%;height: 24px" colspan="2"></td>
</tr>
<tr style="height: 24px">
<td style="text-align: justify;width: 83.33333333333334%;height: 24px" colspan="2"></td>
</tr>
<tr style="height: 24px">
<td style="text-align: justify;width: 83.33333333333334%;height: 24px" colspan="2"><strong>Publicações destaque</strong></td>
</tr>
<tr style="height: 24px">
<td style="width: 83.33333333333334%;text-align: justify;height: 24px" colspan="2">&#8211;</td>
</tr>
</tbody>
</table>
<p>&nbsp;</p>

<p>Carla Rosane Barboza Mendonça Linha de Análise e Controle de Qualidade de Alimentos Email Currículo Lattes Graduação: Ciências Domésticas &#8211; UFPel Mestrado: Ciência e Tecnologia Agroindustrial &#8211; UFPel Doutorado: Química &#8211; UFRGSPrincipais temas de pesquisa: Compostos bioativos em óleos vegetais, na análise de matrizes lipofílicas diversas e no preparo e caracterização de microemulsões com óleos [&hellip;]</p>
