{"id":2626,"date":"2019-12-20T12:05:08","date_gmt":"2019-12-20T15:05:08","guid":{"rendered":"https:\/\/wp.ufpel.edu.br\/ppgna\/?page_id=2626"},"modified":"2019-12-20T13:29:07","modified_gmt":"2019-12-20T16:29:07","slug":"2626-2","status":"publish","type":"page","link":"https:\/\/wp.ufpel.edu.br\/ppgna\/ingresso\/discentes-2\/2626-2\/","title":{"rendered":"2019"},"content":{"rendered":"<p>Discentes Ingressantes em 2019\/02<\/p>\n<table style=\"height: 804px;width: 624px\">\n<tbody>\n<tr style=\"height: 24px\">\n<td style=\"width: 425px;height: 24px\"><strong>An\u00e1lise e Controle da Qualidade dos Alimentos<\/strong><\/td>\n<\/tr>\n<tr style=\"height: 24px\">\n<td style=\"width: 425px;height: 24px\">Amanda Radmann Bergmann<\/td>\n<td style=\"width: 199px;height: 24px\">Elizabete Helbig<\/td>\n<\/tr>\n<tr style=\"height: 24px\">\n<td style=\"width: 425px;height: 24px\">Eduarda Caetano Peixoto<\/td>\n<td style=\"width: 199px;height: 24px\">Eliezer Gandra<\/td>\n<\/tr>\n<tr style=\"height: 24px\">\n<td style=\"width: 425px;height: 24px\">Felipe Mollon<\/td>\n<td style=\"width: 199px;height: 24px\">Rui Zambiazi<\/td>\n<\/tr>\n<tr style=\"height: 24px\">\n<td style=\"width: 425px;height: 24px\">Kennia Mendes Prietsch<\/td>\n<td style=\"width: 199px;height: 24px\">Caroline Borges<\/td>\n<\/tr>\n<tr style=\"height: 24px\">\n<td style=\"width: 425px;height: 24px\">Lais Garcez<\/td>\n<td style=\"width: 199px;height: 24px\">Carla Mendon\u00e7a<\/td>\n<\/tr>\n<tr style=\"height: 24px\">\n<td style=\"width: 425px;height: 24px\">Larissa Riberas Silveira<\/td>\n<td style=\"width: 199px;height: 24px\">Marcia Gularte<\/td>\n<\/tr>\n<tr style=\"height: 24px\">\n<td style=\"width: 425px;height: 24px\">Let\u00edcia Ribeiro<\/td>\n<td style=\"width: 199px;height: 24px\">Elizabete Helbig<\/td>\n<\/tr>\n<tr style=\"height: 24px\">\n<td style=\"width: 425px;height: 24px\">Sabrina Feksa Frasson<\/td>\n<td style=\"width: 199px;height: 24px\">Carla Mendon\u00e7a<\/td>\n<\/tr>\n<tr style=\"height: 24px\">\n<td style=\"width: 425px;height: 24px\"><\/td>\n<td style=\"width: 199px;height: 24px\"><\/td>\n<\/tr>\n<tr style=\"height: 24px\">\n<td style=\"width: 425px;height: 24px\"><strong>Nutri\u00e7\u00e3o B\u00e1sica Experimental<\/strong><\/td>\n<td style=\"width: 199px;height: 24px\"><\/td>\n<\/tr>\n<tr style=\"height: 24px\">\n<td style=\"width: 425px;height: 24px\">Adriana Teles<\/td>\n<td style=\"width: 199px;height: 24px\">Angela Moreira<\/td>\n<\/tr>\n<tr style=\"height: 24px\">\n<td style=\"width: 425px;height: 24px\">Bruna Pereira<\/td>\n<td style=\"width: 199px;height: 24px\">Carlos Barros<\/td>\n<\/tr>\n<tr style=\"height: 24px\">\n<td style=\"width: 425px;height: 24px\">J\u00e9ssica Dame Hense<\/td>\n<td style=\"width: 199px;height: 24px\">Augusto Schneider<\/td>\n<\/tr>\n<tr style=\"height: 24px\">\n<td style=\"width: 425px;height: 24px\">Jo\u00e3o Lu\u00eds Ricalde Gerv\u00e1sio<\/td>\n<td style=\"width: 199px;height: 24px\">Fabiana Botelho<\/td>\n<\/tr>\n<tr style=\"height: 24px\">\n<td style=\"width: 425px;height: 24px\">Karen Martirena<\/td>\n<td style=\"width: 199px;height: 24px\">Paulo Schenkel<\/td>\n<\/tr>\n<tr style=\"height: 24px\">\n<td style=\"width: 425px;height: 24px\">Tamires Rizzi<\/td>\n<td style=\"width: 199px;height: 24px\">Simone Pieniz<\/td>\n<\/tr>\n<tr style=\"height: 24px\">\n<td style=\"width: 425px;height: 24px\">Thayane Garcia Blumberg<\/td>\n<td style=\"width: 199px;height: 24px\">Simone Pieniz<\/td>\n<\/tr>\n<tr style=\"height: 24px\">\n<td style=\"width: 425px;height: 24px\">Veridiana Bandeira<\/td>\n<td style=\"width: 199px;height: 24px\">Fabiana Botelho<\/td>\n<\/tr>\n<tr style=\"height: 24px\">\n<td style=\"width: 425px;height: 24px\"><\/td>\n<td style=\"width: 199px;height: 24px\"><\/td>\n<\/tr>\n<tr style=\"height: 24px\">\n<td style=\"width: 425px;height: 24px\"><strong>Cl\u00ednica e Epidemiologia Nutricional<\/strong><\/td>\n<td style=\"width: 199px;height: 24px\"><\/td>\n<\/tr>\n<tr style=\"height: 24px\">\n<td style=\"width: 425px;height: 24px\">Aline Oliveira dos Santos Moraes<\/td>\n<td style=\"width: 199px;height: 24px\">Juliana Vaz<\/td>\n<\/tr>\n<tr style=\"height: 36px\">\n<td style=\"width: 425px;height: 26px\">Camila Marques Ferreira Vieira<\/td>\n<td style=\"width: 199px;height: 26px\">Maria Cristina Gonzalez<\/td>\n<\/tr>\n<tr style=\"height: 24px\">\n<td style=\"width: 425px;height: 24px\">B\u00e1rbara Peter Gon\u00e7alves Nonnemacher<\/td>\n<td style=\"width: 199px;height: 24px\">Sandra Valle<\/td>\n<\/tr>\n<tr style=\"height: 24px\">\n<td style=\"width: 425px;height: 24px\">Cec\u00edlia Fischer Fernandes<\/td>\n<td style=\"width: 199px;height: 24px\">Renata Bielemann<\/td>\n<\/tr>\n<tr style=\"height: 24px\">\n<td style=\"width: 425px;height: 24px\">Diana de Ara\u00fajo Eymael<\/td>\n<td style=\"width: 199px;height: 24px\">Renata Bertacco<\/td>\n<\/tr>\n<tr style=\"height: 24px\">\n<td style=\"width: 425px;height: 24px\">Jaluza das Neves Alves Fernandes<\/td>\n<td style=\"width: 199px;height: 24px\">Denise Gigante<\/td>\n<\/tr>\n<tr style=\"height: 24px\">\n<td style=\"width: 425px;height: 24px\">Juceli Salaberry<\/td>\n<td style=\"width: 199px;height: 24px\">Gicele Mintem<\/td>\n<\/tr>\n<tr style=\"height: 24px\">\n<td style=\"width: 425px;height: 24px\">Laura dos Santos Gularte<\/td>\n<td style=\"width: 199px;height: 24px\">Denise Gigante<\/td>\n<\/tr>\n<tr style=\"height: 24px\">\n<td style=\"width: 425px;height: 24px\">Manoela de Azevedo Bicho<\/td>\n<td style=\"width: 199px;height: 24px\">Juliana Vaz<\/td>\n<\/tr>\n<tr style=\"height: 24px\">\n<td style=\"width: 425px;height: 24px\">Nat\u00e1lia Rosa Gomes<\/td>\n<td style=\"width: 199px;height: 24px\">Ludmila Muniz<\/td>\n<\/tr>\n<tr style=\"height: 24px\">\n<td style=\"width: 425px;height: 24px\">Priscila Moreira Vargas<\/td>\n<td style=\"width: 199px;height: 24px\">Renata Bielemann<\/td>\n<\/tr>\n<tr style=\"height: 24px\">\n<td style=\"width: 425px;height: 24px\">Vit\u00f3ria Graciela Quandt<\/td>\n<td style=\"width: 199px;height: 24px\">Gicele Mintem<\/td>\n<\/tr>\n<\/tbody>\n<\/table>\n<p>&nbsp;<\/p>\n","protected":false},"excerpt":{"rendered":"<p>Discentes Ingressantes em 2019\/02 An\u00e1lise e Controle da Qualidade dos Alimentos Amanda Radmann Bergmann Elizabete Helbig Eduarda Caetano Peixoto Eliezer Gandra Felipe Mollon Rui Zambiazi Kennia Mendes Prietsch Caroline Borges Lais Garcez Carla Mendon\u00e7a Larissa Riberas Silveira Marcia Gularte Let\u00edcia Ribeiro Elizabete Helbig Sabrina Feksa Frasson Carla Mendon\u00e7a Nutri\u00e7\u00e3o B\u00e1sica Experimental Adriana Teles Angela Moreira [&hellip;]<\/p>\n","protected":false},"author":209,"featured_media":0,"parent":1760,"menu_order":0,"comment_status":"closed","ping_status":"closed","template":"","meta":{"jetpack_post_was_ever_published":false,"footnotes":""},"class_list":["post-2626","page","type-page","status-publish","hentry"],"jetpack_sharing_enabled":true,"jetpack_shortlink":"https:\/\/wp.me\/P8FvYb-Gm","_links":{"self":[{"href":"https:\/\/wp.ufpel.edu.br\/ppgna\/wp-json\/wp\/v2\/pages\/2626","targetHints":{"allow":["GET"]}}],"collection":[{"href":"https:\/\/wp.ufpel.edu.br\/ppgna\/wp-json\/wp\/v2\/pages"}],"about":[{"href":"https:\/\/wp.ufpel.edu.br\/ppgna\/wp-json\/wp\/v2\/types\/page"}],"author":[{"embeddable":true,"href":"https:\/\/wp.ufpel.edu.br\/ppgna\/wp-json\/wp\/v2\/users\/209"}],"replies":[{"embeddable":true,"href":"https:\/\/wp.ufpel.edu.br\/ppgna\/wp-json\/wp\/v2\/comments?post=2626"}],"version-history":[{"count":7,"href":"https:\/\/wp.ufpel.edu.br\/ppgna\/wp-json\/wp\/v2\/pages\/2626\/revisions"}],"predecessor-version":[{"id":2634,"href":"https:\/\/wp.ufpel.edu.br\/ppgna\/wp-json\/wp\/v2\/pages\/2626\/revisions\/2634"}],"up":[{"embeddable":true,"href":"https:\/\/wp.ufpel.edu.br\/ppgna\/wp-json\/wp\/v2\/pages\/1760"}],"wp:attachment":[{"href":"https:\/\/wp.ufpel.edu.br\/ppgna\/wp-json\/wp\/v2\/media?parent=2626"}],"curies":[{"name":"wp","href":"https:\/\/api.w.org\/{rel}","templated":true}]}}