{"id":2514,"date":"2019-03-15T13:34:03","date_gmt":"2019-03-15T16:34:03","guid":{"rendered":"https:\/\/wp.ufpel.edu.br\/ppgna\/?page_id=2514"},"modified":"2026-02-04T23:34:09","modified_gmt":"2026-02-05T02:34:09","slug":"links","status":"publish","type":"page","link":"https:\/\/wp.ufpel.edu.br\/ppgna\/links\/","title":{"rendered":"Links"},"content":{"rendered":"<p><a href=\"https:\/\/wp.ufpel.edu.br\/comovai\/\"><img class=\"wp-image-4128 alignleft\" src=\"https:\/\/wp.ufpel.edu.br\/ppgna\/files\/2025\/05\/Screenshot-2025-05-23-at-10.53.53-400x365.png\" alt=\"\" width=\"146\" height=\"133\" srcset=\"https:\/\/wp.ufpel.edu.br\/ppgna\/files\/2025\/05\/Screenshot-2025-05-23-at-10.53.53-400x365.png 400w, https:\/\/wp.ufpel.edu.br\/ppgna\/files\/2025\/05\/Screenshot-2025-05-23-at-10.53.53.png 502w\" sizes=\"(max-width: 146px) 100vw, 146px\" \/><\/a><\/p>\n<p><a href=\"https:\/\/wp.ufpel.edu.br\/redeteabrasil\"><img class=\"wp-image-4129 alignleft\" src=\"https:\/\/wp.ufpel.edu.br\/ppgna\/files\/2025\/05\/Screenshot-2025-05-23-at-10.55.47-400x240.png\" alt=\"\" width=\"180\" height=\"108\" srcset=\"https:\/\/wp.ufpel.edu.br\/ppgna\/files\/2025\/05\/Screenshot-2025-05-23-at-10.55.47-400x240.png 400w, https:\/\/wp.ufpel.edu.br\/ppgna\/files\/2025\/05\/Screenshot-2025-05-23-at-10.55.47.png 475w\" sizes=\"(max-width: 180px) 100vw, 180px\" \/><\/a><\/p>\n<p>&nbsp;<\/p>\n<p>&nbsp;<\/p>\n<p>&nbsp;<\/p>\n<p>&nbsp;<\/p>\n<p><a href=\"https:\/\/observatorio.nutricao.ufrj.br\/projects\/view\/8\"><img class=\"wp-image-4132 alignnone\" src=\"https:\/\/wp.ufpel.edu.br\/ppgna\/files\/2025\/05\/Screenshot-2025-05-23-at-11.02.46.png\" alt=\"\" width=\"208\" height=\"97\" \/><\/a><a href=\"http:\/\/enani.nutricao.ufrj.br\"><img class=\" wp-image-4133 alignleft\" src=\"https:\/\/wp.ufpel.edu.br\/ppgna\/files\/2025\/05\/Screenshot-2025-05-23-at-11.05.42.png\" alt=\"\" width=\"175\" height=\"80\" \/><\/a><\/p>\n<p>&nbsp;<\/p>\n<p><strong>PPGs em Nutri\u00e7\u00e3o Regi\u00e3o Sul do Brasil<\/strong><\/p>\n<p><strong>Rio Grande do Sul:<\/strong><\/p>\n<p><a href=\"http:\/\/www.ufrgs.br\/ppgans\">Programa de P\u00f3s-Gradua\u00e7\u00e3o em Alimenta\u00e7\u00e3o, Nutri\u00e7\u00e3o e Sa\u00fade da Universidade Federal do Rio Grande do Sul<\/a><\/p>\n<p><a href=\"https:\/\/repositorio.ufcspa.edu.br\/communities\/4ef26ede-c5d0-4b1b-87ab-4d1c30e53a23\/search\">Programa de P\u00f3s-gradua\u00e7\u00e3o em Ci\u00eancias da Nutri\u00e7\u00e3o da Universidade Federal de Ci\u00eancias da Sa\u00fade de Porto Alegre<\/a><\/p>\n<p><a href=\"https:\/\/www.unisinos.br\/pos\/mestrado-e-doutorado\/alimentos-nutricao-saude\">Programa de P\u00f3s-gradua\u00e7\u00e3o em Alimentos, Nutri\u00e7\u00e3o e Sa\u00fade da Universidade do Vale do Rio dos Sinos<\/a><\/p>\n<p><strong>Santa Catarina:<\/strong><\/p>\n<p><a href=\"http:\/\/ntr.ufsc.br\/19-2\/\">Programa de P\u00f3s-Gradua\u00e7\u00e3o em Nutri\u00e7\u00e3o da Universidade Federal de Santa Catarina<\/a><\/p>\n<p><strong>Paran\u00e1:<\/strong><\/p>\n<p><a href=\"http:\/\/www.saude.ufpr.br\/portal\/pgnutricao\/\">Programa de P\u00f3s-Gradua\u00e7\u00e3o em ALimenta\u00e7\u00e3o e Nutri\u00e7\u00e3o da Universidade Federal do Paran\u00e1<\/a><\/p>\n<p>&nbsp;<\/p>\n","protected":false},"excerpt":{"rendered":"<p>&nbsp; &nbsp; &nbsp; &nbsp; &nbsp; PPGs em Nutri\u00e7\u00e3o Regi\u00e3o Sul do Brasil Rio Grande do Sul: Programa de P\u00f3s-Gradua\u00e7\u00e3o em Alimenta\u00e7\u00e3o, Nutri\u00e7\u00e3o e Sa\u00fade da Universidade Federal do Rio Grande do Sul Programa de P\u00f3s-gradua\u00e7\u00e3o em Ci\u00eancias da Nutri\u00e7\u00e3o da Universidade Federal de Ci\u00eancias da Sa\u00fade de Porto Alegre Programa de P\u00f3s-gradua\u00e7\u00e3o em Alimentos, Nutri\u00e7\u00e3o [&hellip;]<\/p>\n","protected":false},"author":209,"featured_media":4128,"parent":0,"menu_order":20,"comment_status":"closed","ping_status":"closed","template":"","meta":{"jetpack_post_was_ever_published":false,"footnotes":""},"class_list":["post-2514","page","type-page","status-publish","has-post-thumbnail","hentry"],"jetpack_sharing_enabled":true,"jetpack_shortlink":"https:\/\/wp.me\/P8FvYb-Ey","_links":{"self":[{"href":"https:\/\/wp.ufpel.edu.br\/ppgna\/wp-json\/wp\/v2\/pages\/2514","targetHints":{"allow":["GET"]}}],"collection":[{"href":"https:\/\/wp.ufpel.edu.br\/ppgna\/wp-json\/wp\/v2\/pages"}],"about":[{"href":"https:\/\/wp.ufpel.edu.br\/ppgna\/wp-json\/wp\/v2\/types\/page"}],"author":[{"embeddable":true,"href":"https:\/\/wp.ufpel.edu.br\/ppgna\/wp-json\/wp\/v2\/users\/209"}],"replies":[{"embeddable":true,"href":"https:\/\/wp.ufpel.edu.br\/ppgna\/wp-json\/wp\/v2\/comments?post=2514"}],"version-history":[{"count":3,"href":"https:\/\/wp.ufpel.edu.br\/ppgna\/wp-json\/wp\/v2\/pages\/2514\/revisions"}],"predecessor-version":[{"id":4519,"href":"https:\/\/wp.ufpel.edu.br\/ppgna\/wp-json\/wp\/v2\/pages\/2514\/revisions\/4519"}],"wp:featuredmedia":[{"embeddable":true,"href":"https:\/\/wp.ufpel.edu.br\/ppgna\/wp-json\/wp\/v2\/media\/4128"}],"wp:attachment":[{"href":"https:\/\/wp.ufpel.edu.br\/ppgna\/wp-json\/wp\/v2\/media?parent=2514"}],"curies":[{"name":"wp","href":"https:\/\/api.w.org\/{rel}","templated":true}]}}