{"id":2445,"date":"2018-10-26T17:03:30","date_gmt":"2018-10-26T20:03:30","guid":{"rendered":"https:\/\/wp.ufpel.edu.br\/ppgna\/?page_id=2445"},"modified":"2025-10-23T11:17:00","modified_gmt":"2025-10-23T14:17:00","slug":"2445-2","status":"publish","type":"page","link":"https:\/\/wp.ufpel.edu.br\/ppgna\/ingresso\/defesas\/2445-2\/","title":{"rendered":"2017"},"content":{"rendered":"<p>T\u00edtulo: Efeito do probi\u00f3tico Saccharomyces boulardii sobre par\u00e2metros imunol\u00f3gicos, bioqu\u00edmicos e de estresse oxidativo em um modelo de imunossupress\u00e3o induzida por quimioterapia com ciclofosfamida em camundongos swiss [Defesa Sigilosa]<br \/>\nDiscente: LISLEI SCHERWINSKE GRUTZMANN<br \/>\nData defesa: 06\/12\/2017<\/p>\n<p>T\u00edtulo: Estado Nutricional nos Primeiros Anos de Vida: A import\u00e2ncia da Alimenta\u00e7\u00e3o Complementar\u00a0<a href=\"https:\/\/wp.ufpel.edu.br\/ppgna\/files\/2018\/10\/Disserta\u00e7\u00e3o-Alice.pdf\">[Download]<\/a><br \/>\nDiscente: ALICE MAGAGNIN NEVES<br \/>\nData defesa: 10\/10\/2017<\/p>\n<p>T\u00edtulo: Propriedades nutricionais, tecnol\u00f3gicas e sensoriais de farelo de arroz na elabora\u00e7\u00e3o de cookies\u00a0<a href=\"https:\/\/wp.ufpel.edu.br\/ppgna\/files\/2018\/10\/Disserta\u00e7\u00e3o-Chaiane.pdf\">[Download]<\/a><br \/>\nDiscente: CHAIANE GOULART SOARES<br \/>\nData defesa: 31\/08\/2017<\/p>\n<p>T\u00edtulo: Associa\u00e7\u00f5es dos polimorfismos gen\u00e9ticos ECA I\/D, ACTN3 R577X e PON1 C(-107)T de mulheres diab\u00e9ticas e\/ou hipertensas e controles\u00a0<a href=\"https:\/\/wp.ufpel.edu.br\/ppgna\/files\/2018\/10\/Disserta\u00e7\u00e3o-Gabrielle.pdf\">[Download]<\/a><br \/>\nDiscente: GABRIELLE GASPAR AREJANO<br \/>\nData defesa: 23\/08\/2017<\/p>\n<p>T\u00edtulo: Insatisfa\u00e7\u00e3o corporal em adultos da Coorte de Nascimentos de Pelotas de 1982\u00a0<a href=\"https:\/\/wp.ufpel.edu.br\/ppgna\/files\/2018\/10\/Disserta\u00e7\u00e3o-Kelli.pdf\">[Download]<\/a><br \/>\nDiscente: KELLI PEREIRA GERBER<br \/>\nData defesa: 11\/08\/2017<\/p>\n<p>T\u00edtulo: Perfil genot\u00edpico de Listeria monocytogenes e Pseudomonas spp. isoladas da cadeia da carne de frangos\u00a0<a href=\"https:\/\/wp.ufpel.edu.br\/ppgna\/files\/2018\/10\/Disserta\u00e7\u00e3o-Andrey.pdf\">[Download]<\/a><br \/>\nDiscente: ANDREY CONRADO RUHLING MILCZARSKI<br \/>\nData defesa: 08\/08\/2017<\/p>\n<p>T\u00edtulo: Associa\u00e7\u00f5es da atividade s\u00e9rica da paraoxonase 1 e seu polimorfismo C(-107)T com o consumo alimentar em mulheres pr\u00e9 e p\u00f3s-menopausa atendidas em servi\u00e7o de nutri\u00e7\u00e3o\u00a0<a href=\"https:\/\/wp.ufpel.edu.br\/ppgna\/files\/2018\/10\/Disserta\u00e7\u00e3o-Mauren-Ritta.pdf\">[Download]<\/a><br \/>\nDiscente: MAUREN DE CASTRO RITTA<br \/>\nData defesa: 04\/08\/2017<\/p>\n<p>T\u00edtulo: Influ\u00eancia do perfil lip\u00eddico, gen\u00e9tico e do consumo alimentar no estado nutricional de mulheres hipertensas e n\u00e3o hipertensas das unidades de sa\u00fade da fam\u00edlia de Rio Grande \u2013 RS\u00a0<a href=\"https:\/\/wp.ufpel.edu.br\/ppgna\/files\/2018\/10\/Disserta\u00e7\u00e3o-Aline-Baldez.pdf\">[Download]<\/a><br \/>\nDiscente: ALINE MARQUES BALDEZ<br \/>\nData defesa: 04\/08\/2017<\/p>\n<p>T\u00edtulo: Associa\u00e7\u00e3o de fatores diet\u00e9ticos com fatores progn\u00f3sticos em pacientes com doen\u00e7a ateroscler\u00f3tica manifesta\u00a0<a href=\"https:\/\/wp.ufpel.edu.br\/ppgna\/files\/2018\/10\/Disserta\u00e7\u00e3o-Bruna-R.pdf\">[Download]<\/a><br \/>\nDiscente: BRUNA LUIZA PAULINA RIBAS<br \/>\nData defesa: 31\/07\/2017<\/p>\n<p>T\u00edtulo: Boas Pr\u00e1ticas em Servi\u00e7os de Alimenta\u00e7\u00e3o de escolas p\u00fablicas e condi\u00e7\u00f5es higienicossanit\u00e1rias das m\u00e3os dos manipuladores\u00a0<a href=\"https:\/\/wp.ufpel.edu.br\/ppgna\/files\/2018\/10\/Disserta\u00e7\u00e3o-Jessica.pdf\">[Download]<\/a><br \/>\nDiscente: JESSICA SILVEIRA VITORIA<br \/>\nData defesa: 31\/07\/2017<\/p>\n<p>T\u00edtulo: Avalia\u00e7\u00e3o do consumo diet\u00e9tico em indiv\u00edduos com Transtorno do Espectro Autista\u00a0<a href=\"https:\/\/wp.ufpel.edu.br\/ppgna\/files\/2018\/10\/Disserta\u00e7\u00e3o-Cristielle.pdf\">[Download]<\/a><br \/>\nDiscente: CRISTIELLE AGUZZI COUGO DE LEON<br \/>\nData defesa: 28\/07\/2017<\/p>\n<p>T\u00edtulo: Atividade Antimicrobiana de \u00d3leos Essenciais de Origanum vulgare (or\u00e9gano) e Ocimum basilicum (manjeric\u00e3o) e sua Aplica\u00e7\u00e3o em Massa para Embutido C\u00e1rneo\u00a0<a href=\"https:\/\/wp.ufpel.edu.br\/ppgna\/files\/2018\/10\/Disserta\u00e7\u00e3o-Patr\u00edcia-Vivian.pdf\">[Download]<\/a><br \/>\nDiscente: PATRICIA GOMES VIVIAN<br \/>\nData defesa: 20\/07\/2017<\/p>\n<p>T\u00edtulo: Efeito da forma\u00e7\u00e3o de biofilme por Staphylococcus coagulase positiva isolados de queijo mussarela elaborado com leite de b\u00fafala sobre a sensibilidade a sanitizantes\u00a0<a href=\"https:\/\/wp.ufpel.edu.br\/ppgna\/files\/2018\/10\/Disserta\u00e7\u00e3o-Anelise.pdf\">[Download]<\/a><br \/>\nDiscente: ANELISE BRAVO FRIEDRICZEWSKI<br \/>\nData defesa: 20\/07\/2017<\/p>\n<p>T\u00edtulo: Sustentabilidade Ambiental em Unidades de Alimenta\u00e7\u00e3o e Nutri\u00e7\u00e3o Hospitalares da Regi\u00e3o Sul do Rio Grande do Sul\u00a0<a href=\"https:\/\/wp.ufpel.edu.br\/ppgna\/files\/2018\/10\/Wagner-Halmenschlager.pdf\">[Download]<\/a><br \/>\nDiscente: WAGNER HALMENSCHLAGER<br \/>\nData defesa: 24\/02\/2017<\/p>\n<p>T\u00edtulo: \u00d3leo essencial de cravo-da-\u00edndia (Syzygium aromaticum, L.): extra\u00e7\u00e3o, encapsula\u00e7\u00e3o, potencial antimicrobiano e antioxidante\u00a0<a href=\"https:\/\/wp.ufpel.edu.br\/ppgna\/files\/2018\/10\/Disserta\u00e7\u00e3o-Marjana-Rad\u00fcnz.pdf\">[Download]<\/a><br \/>\nDiscente: MARJANA RADUNZ<br \/>\nData defesa: 21\/02\/2017<\/p>\n<p>T\u00edtulo: Influ\u00eancia do polimorfismo R577X da ACTN3 na resposta ao treinamento f\u00edsico intenso: desempenho, estresse oxidativo e perfil nutricional\u00a0<a href=\"https:\/\/wp.ufpel.edu.br\/ppgna\/files\/2018\/10\/Nelson-Iahnke.pdf\">[Download]<\/a><br \/>\nDiscente: NELSON LUIZ DE LIMA IAHNKE<br \/>\nData defesa: 20\/02\/2017<\/p>\n<p>T\u00edtulo: Preval\u00eancia de sobrepeso e obesidade e sua associa\u00e7\u00e3o com polimorfismos em escolares\u00a0<a href=\"https:\/\/wp.ufpel.edu.br\/ppgna\/files\/2018\/10\/Patricia-Costa.pdf\">[Download]<\/a><br \/>\nDiscente: PATRICIA DE BRITTO COSTA<br \/>\nData defesa: 20\/02\/2017<\/p>\n","protected":false},"excerpt":{"rendered":"<p>T\u00edtulo: Efeito do probi\u00f3tico Saccharomyces boulardii sobre par\u00e2metros imunol\u00f3gicos, bioqu\u00edmicos e de estresse oxidativo em um modelo de imunossupress\u00e3o induzida por quimioterapia com ciclofosfamida em camundongos swiss [Defesa Sigilosa] Discente: LISLEI SCHERWINSKE GRUTZMANN Data defesa: 06\/12\/2017 T\u00edtulo: Estado Nutricional nos Primeiros Anos de Vida: A import\u00e2ncia da Alimenta\u00e7\u00e3o Complementar\u00a0[Download] Discente: ALICE MAGAGNIN NEVES Data defesa: [&hellip;]<\/p>\n","protected":false},"author":209,"featured_media":0,"parent":4330,"menu_order":0,"comment_status":"closed","ping_status":"closed","template":"","meta":{"jetpack_post_was_ever_published":false,"footnotes":""},"class_list":["post-2445","page","type-page","status-publish","hentry"],"jetpack_sharing_enabled":true,"jetpack_shortlink":"https:\/\/wp.me\/P8FvYb-Dr","_links":{"self":[{"href":"https:\/\/wp.ufpel.edu.br\/ppgna\/wp-json\/wp\/v2\/pages\/2445","targetHints":{"allow":["GET"]}}],"collection":[{"href":"https:\/\/wp.ufpel.edu.br\/ppgna\/wp-json\/wp\/v2\/pages"}],"about":[{"href":"https:\/\/wp.ufpel.edu.br\/ppgna\/wp-json\/wp\/v2\/types\/page"}],"author":[{"embeddable":true,"href":"https:\/\/wp.ufpel.edu.br\/ppgna\/wp-json\/wp\/v2\/users\/209"}],"replies":[{"embeddable":true,"href":"https:\/\/wp.ufpel.edu.br\/ppgna\/wp-json\/wp\/v2\/comments?post=2445"}],"version-history":[{"count":9,"href":"https:\/\/wp.ufpel.edu.br\/ppgna\/wp-json\/wp\/v2\/pages\/2445\/revisions"}],"predecessor-version":[{"id":2472,"href":"https:\/\/wp.ufpel.edu.br\/ppgna\/wp-json\/wp\/v2\/pages\/2445\/revisions\/2472"}],"up":[{"embeddable":true,"href":"https:\/\/wp.ufpel.edu.br\/ppgna\/wp-json\/wp\/v2\/pages\/4330"}],"wp:attachment":[{"href":"https:\/\/wp.ufpel.edu.br\/ppgna\/wp-json\/wp\/v2\/media?parent=2445"}],"curies":[{"name":"wp","href":"https:\/\/api.w.org\/{rel}","templated":true}]}}