{"id":224,"date":"2012-09-26T09:35:26","date_gmt":"2012-09-26T12:35:26","guid":{"rendered":"https:\/\/wp.ufpel.edu.br\/ppgna\/?page_id=224"},"modified":"2025-04-24T08:59:44","modified_gmt":"2025-04-24T11:59:44","slug":"ensino","status":"publish","type":"page","link":"https:\/\/wp.ufpel.edu.br\/ppgna\/ensino-2\/ensino\/","title":{"rendered":"Disciplinas Mestrado"},"content":{"rendered":"<table class=\"aligncenter\" style=\"width: 621px; height: 1069px;\" border=\"2\" width=\"623\" cellspacing=\"0\" cellpadding=\"0\">\n<colgroup>\n<col width=\"536\" \/>\n<col width=\"87\" \/><\/colgroup>\n<tbody>\n<tr style=\"height: 24px;\">\n<td class=\"xl65\" style=\"height: 24px; width: 527.71875px;\" height=\"21\"><strong>Obrigat\u00f3rias<\/strong><\/td>\n<td class=\"xl65\" style=\"height: 24px; width: 85.296875px;\">Cr\u00e9ditos<\/td>\n<\/tr>\n<tr style=\"height: 24px;\">\n<td class=\"xl66\" style=\"height: 24px; width: 527.71875px;\" height=\"21\">Semin\u00e1rios em Nutri\u00e7\u00e3o e Alimentos<\/td>\n<td class=\"xl66\" style=\"height: 24px; width: 85.296875px;\" align=\"right\">1<\/td>\n<\/tr>\n<tr style=\"height: 24px;\">\n<td class=\"xl66\" style=\"height: 24px; width: 527.71875px;\" height=\"21\">Alimentos e\u00a0Nutri\u00e7\u00e3o<\/td>\n<td class=\"xl66\" style=\"height: 24px; width: 85.296875px;\" align=\"right\">3<\/td>\n<\/tr>\n<tr style=\"height: 24px;\">\n<td class=\"xl66\" style=\"height: 24px; width: 527.71875px;\" height=\"21\">Pol\u00edticas e Programas de Sa\u00fade e Nutri\u00e7\u00e3o<\/td>\n<td class=\"xl66\" style=\"height: 24px; width: 85.296875px;\" align=\"right\">2<\/td>\n<\/tr>\n<tr style=\"height: 24px;\">\n<td class=\"xl66\" style=\"height: 24px; width: 527.71875px;\" height=\"21\">Bioestat\u00edstica Aplicada a Nutri\u00e7\u00e3o e Alimentos<\/td>\n<td class=\"xl66\" style=\"height: 24px; width: 85.296875px;\" align=\"right\">4<\/td>\n<\/tr>\n<tr style=\"height: 24px;\">\n<td class=\"xl66\" style=\"height: 24px; width: 527.71875px;\" height=\"21\">Metodologia de Pesquisa<\/td>\n<td class=\"xl66\" style=\"height: 24px; width: 85.296875px;\" align=\"right\">2<\/td>\n<\/tr>\n<tr style=\"height: 24px;\">\n<td class=\"xl66\" style=\"height: 24px; width: 527.71875px;\" height=\"21\">Bio\u00e9tica<\/td>\n<td class=\"xl66\" style=\"height: 24px; width: 85.296875px;\" align=\"right\">1<\/td>\n<\/tr>\n<tr style=\"height: 24px;\">\n<td class=\"xl66\" style=\"height: 24px; width: 527.71875px;\" height=\"21\">Orienta\u00e7\u00e3o de Disserta\u00e7\u00e3o I<\/td>\n<td class=\"xl66\" style=\"height: 24px; width: 85.296875px;\" align=\"right\">1<\/td>\n<\/tr>\n<tr style=\"height: 24px;\">\n<td class=\"xl66\" style=\"height: 24px; width: 527.71875px;\" height=\"21\">Orienta\u00e7\u00e3o de Disserta\u00e7\u00e3o II<\/td>\n<td class=\"xl66\" style=\"height: 24px; width: 85.296875px;\" align=\"right\">1<\/td>\n<\/tr>\n<tr style=\"height: 24px;\">\n<td class=\"xl66\" style=\"height: 24px; width: 527.71875px;\" height=\"21\"><\/td>\n<td class=\"xl66\" style=\"height: 24px; width: 85.296875px;\"><\/td>\n<\/tr>\n<tr style=\"height: 24px;\">\n<td class=\"xl65\" style=\"height: 24px; width: 527.71875px;\" height=\"21\"><strong>Obrig\u00e1torias somente bolsistas<\/strong><\/td>\n<td class=\"xl66\" style=\"height: 24px; width: 85.296875px;\"><\/td>\n<\/tr>\n<tr style=\"height: 24px;\">\n<td class=\"xl66\" style=\"height: 24px; width: 527.71875px;\" height=\"21\">Doc\u00eancia Orientada em Nutri\u00e7\u00e3o e Alimentos<\/td>\n<td class=\"xl66\" style=\"height: 24px; width: 85.296875px;\" align=\"right\">1<\/td>\n<\/tr>\n<tr style=\"height: 24px;\">\n<td class=\"xl65\" style=\"height: 24px; width: 527.71875px;\" height=\"21\"><\/td>\n<td class=\"xl66\" style=\"height: 24px; width: 85.296875px;\"><\/td>\n<\/tr>\n<tr style=\"height: 24px;\">\n<td class=\"xl65\" style=\"height: 24px; width: 527.71875px;\" height=\"21\"><strong>Eletivas<span class=\"font5\">\u00a0<\/span><span class=\"font6\">Geral<\/span><\/strong><\/td>\n<td class=\"xl66\" style=\"height: 24px; width: 85.296875px;\"><\/td>\n<\/tr>\n<tr style=\"height: 24px;\">\n<td class=\"xl66\" style=\"height: 24px; width: 527.71875px;\" height=\"21\">Oficina de reda\u00e7\u00e3o de artigos<\/td>\n<td class=\"xl66\" style=\"height: 24px; width: 85.296875px;\" align=\"right\">2<\/td>\n<\/tr>\n<tr style=\"height: 24px;\">\n<td class=\"xl66\" style=\"height: 24px; width: 527.71875px;\" height=\"21\">Did\u00e1tica no ensino superior<\/td>\n<td class=\"xl66\" style=\"height: 24px; width: 85.296875px;\" align=\"right\">2<\/td>\n<\/tr>\n<tr style=\"height: 24px;\">\n<td class=\"xl65\" style=\"height: 24px; width: 527.71875px;\" height=\"21\"><\/td>\n<td class=\"xl66\" style=\"height: 24px; width: 85.296875px;\"><\/td>\n<\/tr>\n<tr style=\"height: 24px;\">\n<td class=\"xl65\" style=\"height: 24px; width: 527.71875px;\" height=\"21\"><strong>Eletivas Nutri\u00e7\u00e3o B\u00e1sica e Experimental<\/strong><\/td>\n<td class=\"xl66\" style=\"height: 24px; width: 85.296875px;\"><\/td>\n<\/tr>\n<tr style=\"height: 48px;\">\n<td class=\"xl66\" style=\"height: 48px; width: 527.71875px;\" height=\"21\">Bioquimica Avan\u00e7ada Aplicada a Nutri\u00e7\u00e3o: Correla\u00e7\u00f5es Clinicas e Experimentais<\/td>\n<td class=\"xl66\" style=\"height: 48px; width: 85.296875px;\" align=\"right\">2<\/td>\n<\/tr>\n<tr style=\"height: 24px;\">\n<td class=\"xl66\" style=\"height: 24px; width: 527.71875px;\" height=\"21\">Microbiota Intestinal e Probioticos<\/td>\n<td class=\"xl66\" style=\"height: 24px; width: 85.296875px;\" align=\"right\">3<\/td>\n<\/tr>\n<tr style=\"height: 24px;\">\n<td class=\"xl66\" style=\"height: 24px; width: 527.71875px;\" height=\"21\">Genomica Nutricional<\/td>\n<td class=\"xl66\" style=\"height: 24px; width: 85.296875px;\" align=\"right\">3<\/td>\n<\/tr>\n<tr style=\"height: 24px;\">\n<td class=\"xl66\" style=\"height: 24px; width: 527.71875px;\" height=\"21\">Bases Moleculares da Obesidade e Diabetes<\/td>\n<td class=\"xl66\" style=\"height: 24px; width: 85.296875px;\" align=\"right\">3<\/td>\n<\/tr>\n<tr style=\"height: 24px;\">\n<td class=\"xl66\" style=\"height: 24px; width: 527.71875px;\" height=\"21\">T\u00f3picos Avan\u00e7ados em Experimenta\u00e7\u00e3o Animal<\/td>\n<td class=\"xl66\" style=\"height: 24px; width: 85.296875px;\" align=\"right\">1<\/td>\n<\/tr>\n<tr style=\"height: 24px;\">\n<td class=\"xl65\" style=\"height: 24px; width: 527.71875px;\" height=\"21\"><\/td>\n<td class=\"xl66\" style=\"height: 24px; width: 85.296875px;\"><\/td>\n<\/tr>\n<tr style=\"height: 24px;\">\n<td class=\"xl65\" style=\"height: 24px; width: 527.71875px;\" height=\"21\"><strong>Eletivas Clinica e Epidemiologia Nutricional<\/strong><\/td>\n<td class=\"xl66\" style=\"height: 24px; width: 85.296875px;\"><\/td>\n<\/tr>\n<tr style=\"height: 24px;\">\n<td class=\"xl66\" style=\"height: 24px; width: 527.71875px;\" height=\"21\">Avalia\u00e7\u00e3o Nutricional e Composi\u00e7\u00e3o Corporal em Adultos na Pesquisa e Pr\u00e1tica Cl\u00ednica<\/td>\n<td class=\"xl66\" style=\"height: 24px; width: 85.296875px;\" align=\"right\">2<\/td>\n<\/tr>\n<tr style=\"height: 24px;\">\n<td class=\"xl66\" style=\"height: 24px; width: 527.71875px;\" height=\"21\">T\u00f3picos em Endocrinologia e Nutri\u00e7\u00e3o<\/td>\n<td class=\"xl66\" style=\"height: 24px; width: 85.296875px;\" align=\"right\">2<\/td>\n<\/tr>\n<tr style=\"height: 24px;\">\n<td class=\"xl66\" style=\"height: 24px; width: 527.71875px;\" height=\"21\">Bioestat\u00edstica Aplicada a Clinica e Epidemiologia<\/td>\n<td class=\"xl66\" style=\"height: 24px; width: 85.296875px;\" align=\"right\">2<\/td>\n<\/tr>\n<tr style=\"height: 24px;\">\n<td class=\"xl66\" style=\"height: 24px; width: 527.71875px;\" height=\"21\">Avan\u00e7os em Epidemiologia Nutricional<\/td>\n<td class=\"xl66\" style=\"height: 24px; width: 85.296875px;\" align=\"right\">2<\/td>\n<\/tr>\n<tr style=\"height: 24px;\">\n<td class=\"xl66\" style=\"height: 24px; width: 527.71875px;\" height=\"21\">Evid\u00eancias em Nutri\u00e7\u00e3o Cl\u00ednica e Experimental<\/td>\n<td class=\"xl66\" style=\"height: 24px; width: 85.296875px;\" align=\"right\">2<\/td>\n<\/tr>\n<tr style=\"height: 24px;\">\n<td class=\"xl65\" style=\"height: 24px; width: 527.71875px;\" height=\"21\">M\u00e9todos Avan\u00e7ados em Avalia\u00e7\u00e3o do Consumo Alimentar<\/td>\n<td class=\"xl66\" style=\"height: 24px; width: 85.296875px; text-align: right;\">2<\/td>\n<\/tr>\n<tr style=\"height: 24px;\">\n<td class=\"xl65\" style=\"height: 24px; width: 527.71875px;\" height=\"21\"><\/td>\n<td class=\"xl66\" style=\"height: 24px; width: 85.296875px;\"><\/td>\n<\/tr>\n<tr style=\"height: 24px;\">\n<td class=\"xl66\" style=\"height: 24px; width: 527.71875px;\" height=\"21\"><\/td>\n<td class=\"xl66\" style=\"height: 24px; width: 85.296875px;\" align=\"right\"><\/td>\n<\/tr>\n<tr style=\"height: 24px;\">\n<td class=\"xl66\" style=\"height: 24px; width: 527.71875px;\" height=\"21\"><strong>Eletivas An\u00e1lise e Controle de Qualidade de Alimentos<\/strong><\/td>\n<td class=\"xl66\" style=\"height: 24px; width: 85.296875px;\" align=\"right\"><\/td>\n<\/tr>\n<tr style=\"height: 24px;\">\n<td class=\"xl66\" style=\"height: 24px; width: 527.71875px;\" height=\"21\">Fundamentos da Ci\u00eancia Sensorial<\/td>\n<td class=\"xl66\" style=\"height: 24px; width: 85.296875px; text-align: right;\" align=\"right\">4<\/td>\n<\/tr>\n<tr style=\"height: 24px;\">\n<td class=\"xl66\" style=\"height: 24px; width: 527.71875px;\" height=\"21\">Ensaios Microbiol\u00f3gicos em Alimentos<\/td>\n<td class=\"xl66\" style=\"height: 24px; width: 85.296875px; text-align: right;\" align=\"right\">3<\/td>\n<\/tr>\n<tr style=\"height: 24px;\">\n<td class=\"xl66\" style=\"height: 24px; width: 527.71875px;\" height=\"21\">Atualidades em Microbiologia de Alimentos<\/td>\n<td class=\"xl66\" style=\"height: 24px; width: 85.296875px; text-align: right;\" align=\"right\">2<\/td>\n<\/tr>\n<tr style=\"height: 24px;\">\n<td class=\"xl66\" style=\"height: 29px; width: 527.71875px;\" height=\"21\">Metabolismo de Compostos Bioativos<\/td>\n<td class=\"xl66\" style=\"height: 29px; width: 85.296875px; text-align: right;\" align=\"right\">2<\/td>\n<\/tr>\n<tr style=\"height: 24px;\">\n<td style=\"height: 24px; width: 527.71875px;\">Quimica de carboidratos, l\u00edpidos e prot\u00e9inas avan\u00e7ada<\/td>\n<td style=\"height: 24px; width: 85.296875px; text-align: right;\">6<\/td>\n<\/tr>\n<\/tbody>\n<\/table>\n<p>&nbsp;<\/p>\n","protected":false},"excerpt":{"rendered":"<p>Obrigat\u00f3rias Cr\u00e9ditos Semin\u00e1rios em Nutri\u00e7\u00e3o e Alimentos 1 Alimentos e\u00a0Nutri\u00e7\u00e3o 3 Pol\u00edticas e Programas de Sa\u00fade e Nutri\u00e7\u00e3o 2 Bioestat\u00edstica Aplicada a Nutri\u00e7\u00e3o e Alimentos 4 Metodologia de Pesquisa 2 Bio\u00e9tica 1 Orienta\u00e7\u00e3o de Disserta\u00e7\u00e3o I 1 Orienta\u00e7\u00e3o de Disserta\u00e7\u00e3o II 1 Obrig\u00e1torias somente bolsistas Doc\u00eancia Orientada em Nutri\u00e7\u00e3o e Alimentos 1 Eletivas\u00a0Geral Oficina de [&hellip;]<\/p>\n","protected":false},"author":209,"featured_media":0,"parent":2157,"menu_order":0,"comment_status":"closed","ping_status":"closed","template":"","meta":{"jetpack_post_was_ever_published":false,"footnotes":""},"class_list":["post-224","page","type-page","status-publish","hentry"],"jetpack_sharing_enabled":true,"jetpack_shortlink":"https:\/\/wp.me\/P8FvYb-3C","_links":{"self":[{"href":"https:\/\/wp.ufpel.edu.br\/ppgna\/wp-json\/wp\/v2\/pages\/224","targetHints":{"allow":["GET"]}}],"collection":[{"href":"https:\/\/wp.ufpel.edu.br\/ppgna\/wp-json\/wp\/v2\/pages"}],"about":[{"href":"https:\/\/wp.ufpel.edu.br\/ppgna\/wp-json\/wp\/v2\/types\/page"}],"author":[{"embeddable":true,"href":"https:\/\/wp.ufpel.edu.br\/ppgna\/wp-json\/wp\/v2\/users\/209"}],"replies":[{"embeddable":true,"href":"https:\/\/wp.ufpel.edu.br\/ppgna\/wp-json\/wp\/v2\/comments?post=224"}],"version-history":[{"count":71,"href":"https:\/\/wp.ufpel.edu.br\/ppgna\/wp-json\/wp\/v2\/pages\/224\/revisions"}],"predecessor-version":[{"id":4090,"href":"https:\/\/wp.ufpel.edu.br\/ppgna\/wp-json\/wp\/v2\/pages\/224\/revisions\/4090"}],"up":[{"embeddable":true,"href":"https:\/\/wp.ufpel.edu.br\/ppgna\/wp-json\/wp\/v2\/pages\/2157"}],"wp:attachment":[{"href":"https:\/\/wp.ufpel.edu.br\/ppgna\/wp-json\/wp\/v2\/media?parent=224"}],"curies":[{"name":"wp","href":"https:\/\/api.w.org\/{rel}","templated":true}]}}