{"id":2130,"date":"2024-02-27T07:00:51","date_gmt":"2024-02-27T10:00:51","guid":{"rendered":"https:\/\/wp.ufpel.edu.br\/ppgna\/?page_id=2130"},"modified":"2026-03-01T14:25:29","modified_gmt":"2026-03-01T17:25:29","slug":"edital-de-selecao","status":"publish","type":"page","link":"https:\/\/wp.ufpel.edu.br\/ppgna\/edital-de-selecao\/","title":{"rendered":"Sele\u00e7\u00e3o"},"content":{"rendered":"<p>O ingresso no Programa de P\u00f3s-Gradua\u00e7\u00e3o em Nutri\u00e7\u00e3o e Alimentos ocorre anualmente para ingresso no primeiro semestre do ano letivo. Excepcionalmente, h\u00e1 a abertura de Edital para ingresso no segundo semestre. Todos os Editais s\u00e3o divulgados neste site, com difus\u00e3o em canais de m\u00eddias sociais da Universidade.<\/p>\n<p>&nbsp;<\/p>\n<p><strong>Edital 2026\/1 &#8211; Mestrado e Doutorado:<\/strong><\/p>\n<p>A sele\u00e7\u00e3o ser\u00e1 constitu\u00edda por:<\/p>\n<ul>\n<li>Prova escrita<\/li>\n<li>Apresenta\u00e7\u00e3o oral de memorial e pr\u00e9-projeto de pesquisa [etapa remota]<\/li>\n<li>Avalia\u00e7\u00e3o do curr\u00edculo<\/li>\n<\/ul>\n<p>Todos os formul\u00e1rios para a inscri\u00e7\u00e3o encontram-se dispon\u00edveis na aba \u201cDownloads\u201d deste site.<\/p>\n<p><strong><em>Datas importantes<\/em><\/strong>:<\/p>\n<p><strong>Inscri\u00e7\u00f5es<\/strong>: 27\/10 a 31\/10\/2025 pelo email: selecaoppgnutri@gmail.com<\/p>\n<p><strong>Primeira fase:<\/strong><\/p>\n<p>Prova escrita (Mestrado e Doutorado): 12\/11\/2025 1as 8h30<\/p>\n<p><strong>Segunda fase (Mestrado e Doutorado):<\/strong><\/p>\n<p>Defesas de projeto\/memorial: 24\/11 a 05\/12\/2025<\/p>\n<p><em>O resultado de cada etapa ser\u00e1 divulgado na sess\u00e3o \u201cPOSTs\u201d deste site.\u00a0<\/em><\/p>\n<p><strong>Leia na \u00edntegra o Edital: <a href=\"https:\/\/wp.ufpel.edu.br\/ppgna\/files\/2025\/10\/Edital_de_Selecao2026.pdf\">Edital_2026<\/a><\/strong><\/p>\n<p>&nbsp;<\/p>\n<p><strong>Edital 2025\/2 &#8211; Mestrado e Doutorado:<\/strong><\/p>\n<p>A sele\u00e7\u00e3o ser\u00e1 constitu\u00edda por:<\/p>\n<ul>\n<li>Prova escrita (Mestrado)<\/li>\n<li>An\u00e1lise do pr\u00e9-projeto escrito (Doutorado)<\/li>\n<li>Apresenta\u00e7\u00e3o oral de memorial e pr\u00e9-projeto de pesquisa [etapa remota]<\/li>\n<li>Avalia\u00e7\u00e3o do curr\u00edculo<\/li>\n<\/ul>\n<p>Todos os formul\u00e1rios para a inscri\u00e7\u00e3o encontram-se dispon\u00edveis na aba \u201cDownloads\u201d deste site.<\/p>\n<p><strong><em>Datas importantes<\/em><\/strong>:<\/p>\n<p><strong>Inscri\u00e7\u00f5es<\/strong>: 02 a 16\/06\/2025 pelo email: selecaoppgnutri@gmail.com<\/p>\n<p><strong>Primeira fase:<\/strong><\/p>\n<p>Prova escrita (Mestrado): 25\/06\/2025<\/p>\n<p>Resultado An\u00e1lise do projeto (Doutorado): 30\/06\/2025<\/p>\n<p><strong>Segunda fase (Mestrado e Doutorado):<\/strong><\/p>\n<p>Defesas de projeto\/memorial: 02 a 11\/07\/2025<\/p>\n<p><em>O resultado de cada etapa ser\u00e1 divulgado na sess\u00e3o \u201cPOSTs\u201d deste site.\u00a0<\/em><\/p>\n<p><span style=\"font-size: 14pt;\"><strong>Leia na \u00edntegra o Edital: <\/strong><a href=\"https:\/\/wp.ufpel.edu.br\/ppgna\/files\/2025\/05\/SEI_3091212_Edital_de_selecao_PRPPG_77.pdf\"><strong>2025\/2<\/strong><\/a><\/span><\/p>\n<p>&nbsp;<\/p>\n<p><strong>Edital 2025\/1 &#8211; Mestrado e Doutorado\u00a0<\/strong><\/p>\n<p>Divulga-se abaixo o edital de sele\u00e7\u00e3o para ingresso no mestrado e doutorado do PPGNA 2025.<\/p>\n<p>A sele\u00e7\u00e3o ser\u00e1 constitu\u00edda por:<\/p>\n<ul>\n<li>Apresenta\u00e7\u00e3o de memorial e projeto de pesquisa [etapa remota]<\/li>\n<li>Prova escrita<\/li>\n<li>Avalia\u00e7\u00e3o do curr\u00edculo<\/li>\n<\/ul>\n<p><em>Observa\u00e7\u00e3o<\/em>: Alunos n\u00e3o residentes no estado do RS, poder\u00e3o optar por realizar a prova em um institui\u00e7\u00e3o de ensino superior do seu estado (vejam as condi\u00e7\u00f5es desta modalidade no Edital anexo).<\/p>\n<p>Todos os formul\u00e1rios para a inscri\u00e7\u00e3o encontram-se dispon\u00edveis na aba \u201cDownloads\u201d deste site.<\/p>\n<p><strong><em>Datas importantes<\/em><\/strong>:<\/p>\n<p>Inscri\u00e7\u00f5es: 06 a 27\/01 pelo email: selecaoppgnutri@gmail.com<br \/>\nDefesas de projeto\/memorial: 05\/02 a 13\/02<br \/>\nProva escrita: 19\/02<\/p>\n<p>Publica\u00e7\u00e3o final dos resultados: 25\/02\/2025<\/p>\n<p>Inicio das aula em 10\/03\/2025<\/p>\n<p>&nbsp;<\/p>\n<p>LEIA O EDITAL 2025\/1 NA \u00cdNTEGRA:<\/p>\n<p>Em Portugu\u00eas: <a href=\"https:\/\/wp.ufpel.edu.br\/ppgna\/files\/2024\/12\/Minuta-Edital-2025-1-PT.pdf\">Edital Completo Ingresso 2025_PT<\/a><\/p>\n<p>Em Ingl\u00eas: <a href=\"https:\/\/wp.ufpel.edu.br\/ppgna\/files\/2024\/12\/Minuta-Edital-2025-1-EN.pdf\">Complete Notice Master and Doctoral 2025 in English<\/a><\/p>\n<p><a href=\"https:\/\/wp.ufpel.edu.br\/ppgna\/files\/2024\/12\/Retificacao-Edital-219.pdf\">Retifica\u00e7\u00e3o Edital 219<\/a><\/p>\n<p><a href=\"https:\/\/wp.ufpel.edu.br\/ppgna\/files\/2024\/12\/Retificacao-20-de-dezembro-de-2024.pdf\">Retifica\u00e7\u00e3o Edital_20 de dezembro de 2024<\/a><\/p>\n<p>&nbsp;<\/p>\n<p>Inscri\u00e7\u00f5es Homologadas: <a href=\"https:\/\/wp.ufpel.edu.br\/ppgna\/files\/2025\/01\/Inscricoes-homologadas_Applications-approved.docx\">Inscri\u00e7\u00f5es homologadas_Applications approved<\/a><\/p>\n<p>&nbsp;<\/p>\n<p>&nbsp;<\/p>\n<p><strong>Edital 2024\/1 &#8211; Mestrado e Doutorado\u00a0<\/strong><\/p>\n<p>Divulga-se abaixo o edital de sele\u00e7\u00e3o para ingresso no mestrado e doutorado do PPGNA 2024.<\/p>\n<div class=\"page\" title=\"Page 1\">\n<div class=\"section\">\n<div class=\"layoutArea\">\n<div class=\"column\">\n<p>As inscri\u00e7\u00f5es ao Exame de Sele\u00e7\u00e3o para o Programa de P\u00f3s-Gradua\u00e7\u00e3o em Nutri\u00e7\u00e3o e Alimentos da UFPel estar\u00e3o abertas no per\u00edodo de 15\u00a0a 28 de janeiro de 2024\u00a0exclusivamente por e-mail (selecaoppgnutri@gmail.com).<\/p>\n<div class=\"page\" title=\"Page 3\">\n<div class=\"section\">\n<div class=\"layoutArea\">\n<div class=\"column\">\n<p>A prova de sele\u00e7\u00e3o ocorrer\u00e1 presencialmente no dia 22 de fevereiro de 2024 a\u0300s 8:30 horas no Campus Anglo.<\/p>\n<\/div>\n<\/div>\n<\/div>\n<\/div>\n<\/div>\n<\/div>\n<\/div>\n<\/div>\n<p>A documenta\u00e7\u00e3o de apoio ao edital est\u00e1 dispon\u00edvel na se\u00e7\u00e3o de\u00a0<a href=\"https:\/\/wp.ufpel.edu.br\/ppgna\/downloads\/\">Downloads<\/a>.<\/p>\n<p><a href=\"https:\/\/wp.ufpel.edu.br\/ppgna\/files\/2023\/12\/EditalPPGNA.pdf\">07\/12\/2023 &#8211; Edital PPGNA 2024\/1 Mestrado e Doutorado<\/a><\/p>\n<p><a href=\"https:\/\/wp.ufpel.edu.br\/ppgna\/files\/2023\/12\/Edital.pdf\">29\/12\/2023 &#8211; Retifica\u00e7\u00e3o Edital (indica que a prova escrita tem car\u00e1ter eliminat\u00f3rio com m\u00e9dia 5,0 para mestrado e 6,0 para doutorado)<\/a><\/p>\n<p><a href=\"https:\/\/wp.ufpel.edu.br\/ppgna\/files\/2024\/01\/Lista-inscritos_publicada.pdf\">30\/01\/2024 &#8211; Inscri\u00e7\u00f5es homologadas<\/a><\/p>\n<p>05\/02\/2024 &#8211; <a href=\"https:\/\/wp.ufpel.edu.br\/ppgna\/files\/2024\/02\/Listagem-final-inscritos_pos_recursos.pdf\">Listagem final inscritos ap\u00f3s recursos<\/a><\/p>\n<p>08\/02\/2024 &#8211; <a href=\"https:\/\/wp.ufpel.edu.br\/ppgna\/files\/2024\/02\/Listagem-Defesa-memorial_2.pdf\">Defesa memorial<\/a><\/p>\n<p>09\/02\/2024 &#8211; <a href=\"https:\/\/wp.ufpel.edu.br\/ppgna\/files\/2024\/02\/Defesa-memorial-ajustado.pdf\">Defesa memorial ajustado (An\u00e1lise e Controle de Qualidade de Alimentos)<\/a><\/p>\n<p>16\/02\/2024 &#8211; <a href=\"https:\/\/wp.ufpel.edu.br\/ppgna\/files\/2024\/02\/Listagem-aprovados-1a-fase.pdf\">Listagem aprovados 1a fase<\/a><\/p>\n<p>26\/02\/2024 &#8211; <a href=\"https:\/\/wp.ufpel.edu.br\/ppgna\/files\/2024\/02\/Classificacao-final.pdf\">Classificacao final<\/a><\/p>\n<p>&nbsp;<\/p>\n<p>&nbsp;<\/p>\n<p>&nbsp;<\/p>\n","protected":false},"excerpt":{"rendered":"<p>O ingresso no Programa de P\u00f3s-Gradua\u00e7\u00e3o em Nutri\u00e7\u00e3o e Alimentos ocorre anualmente para ingresso no primeiro semestre do ano letivo. Excepcionalmente, h\u00e1 a abertura de Edital para ingresso no segundo semestre. Todos os Editais s\u00e3o divulgados neste site, com difus\u00e3o em canais de m\u00eddias sociais da Universidade. &nbsp; Edital 2026\/1 &#8211; Mestrado e Doutorado: A [&hellip;]<\/p>\n","protected":false},"author":209,"featured_media":0,"parent":0,"menu_order":0,"comment_status":"closed","ping_status":"closed","template":"","meta":{"jetpack_post_was_ever_published":false,"footnotes":""},"class_list":["post-2130","page","type-page","status-publish","hentry"],"jetpack_sharing_enabled":true,"jetpack_shortlink":"https:\/\/wp.me\/P8FvYb-ym","_links":{"self":[{"href":"https:\/\/wp.ufpel.edu.br\/ppgna\/wp-json\/wp\/v2\/pages\/2130","targetHints":{"allow":["GET"]}}],"collection":[{"href":"https:\/\/wp.ufpel.edu.br\/ppgna\/wp-json\/wp\/v2\/pages"}],"about":[{"href":"https:\/\/wp.ufpel.edu.br\/ppgna\/wp-json\/wp\/v2\/types\/page"}],"author":[{"embeddable":true,"href":"https:\/\/wp.ufpel.edu.br\/ppgna\/wp-json\/wp\/v2\/users\/209"}],"replies":[{"embeddable":true,"href":"https:\/\/wp.ufpel.edu.br\/ppgna\/wp-json\/wp\/v2\/comments?post=2130"}],"version-history":[{"count":4,"href":"https:\/\/wp.ufpel.edu.br\/ppgna\/wp-json\/wp\/v2\/pages\/2130\/revisions"}],"predecessor-version":[{"id":2898,"href":"https:\/\/wp.ufpel.edu.br\/ppgna\/wp-json\/wp\/v2\/pages\/2130\/revisions\/2898"}],"wp:attachment":[{"href":"https:\/\/wp.ufpel.edu.br\/ppgna\/wp-json\/wp\/v2\/media?parent=2130"}],"curies":[{"name":"wp","href":"https:\/\/api.w.org\/{rel}","templated":true}]}}