{"id":1982,"date":"2016-05-10T10:36:00","date_gmt":"2016-05-10T13:36:00","guid":{"rendered":"https:\/\/wp.ufpel.edu.br\/ppgna\/?page_id=1982"},"modified":"2026-03-01T14:05:55","modified_gmt":"2026-03-01T17:05:55","slug":"edital-de-selecao-para-professor-20162","status":"publish","type":"page","link":"https:\/\/wp.ufpel.edu.br\/ppgna\/docentes\/edital-de-selecao-para-professor-20162\/","title":{"rendered":"Edital Sele\u00e7\u00e3o"},"content":{"rendered":"<h1 class=\"corTexto\">Credenciamento e recredenciamento Docente<\/h1>\n<p class=\"Texto_Justificado_Recuo_Primeira_Linha\">A Coordena\u00e7\u00e3o deste Programa de P\u00f3s-gradua\u00e7\u00e3o torna p\u00fablico que estar\u00e3o\u00a0abertas durante todo o m\u00eas de outubro as inscri\u00e7\u00f5es para credenciamento\u00a0e recredenciamento de docentes, nas seguintes \u00e1rea de concentra\u00e7\u00e3o:<\/p>\n<p class=\"Texto_Justificado_Recuo_Primeira_Linha\">1. An\u00e1lise e Controle de Qualidade de Alimentos;<\/p>\n<p class=\"Texto_Justificado_Recuo_Primeira_Linha\">2. Cl\u00ednica e Epidemiologia Nutricional;<\/p>\n<p class=\"Texto_Justificado_Recuo_Primeira_Linha\">3. Nutri\u00e7\u00e3o B\u00e1sica e Experimental.<\/p>\n<p class=\"Texto_Justificado_Recuo_Primeira_Linha\">O processo ser\u00e1 realizado com base nos par\u00e2metros coletados no processo de autoavalia\u00e7\u00e3o, recomenda\u00e7\u00f5es e regula\u00e7\u00f5es da CAPES, e o Regimento Geral dos Cursos de P\u00f3s-gradua\u00e7\u00e3o <em>Stricto Sensu<\/em> da UFPel.<\/p>\n<p>Os principais <strong>objetivos do PPGNA para o quadri\u00eanio 2025-2028<\/strong>, s\u00e3o:<\/p>\n<p>(i) Padronizar o fluxo anual de oferta de disciplinas obrigat\u00f3rias e eletivas por docentes permanentes e colaboradores;<\/p>\n<p>(ii) expandir as atividades de internacionaliza\u00e7\u00e3o, como a oferta de cursos e disciplinas em ingl\u00eas e a amplia\u00e7\u00e3o de vagas para alunos estrangeiros;<\/p>\n<p>(iii) ampliar o n\u00famero de docentes com projetos de pesquisa financiados;<\/p>\n<p>(iv) promover a participa\u00e7\u00e3o de discente em est\u00e1gios de pesquisa no exterior;<\/p>\n<p>(v) ampliar e fortalecer colabora\u00e7\u00f5es nacionais e internacionais; e<\/p>\n<p>(vi) aumentar o n\u00famero de publica\u00e7\u00f5es de discentes em revistas de alto impacto.<\/p>\n<p>&nbsp;<\/p>\n<p>Entre as metas do PPGNA para o pr\u00f3ximo quadri\u00eanio est\u00e1 a obten\u00e7\u00e3o do <b>Conceito 5.<\/b><\/p>\n<p>&nbsp;<\/p>\n<p>O Credenciamento e recredenciamento busca um <strong>corpo docente<\/strong> comprometido com os <strong>objetivos<\/strong>e <strong>metas<\/strong> do Programa, <strong>participativo<\/strong> e dispon\u00edvel\u00a0para as atividades cotidianas do Colegiado.<\/p>\n<p class=\"Texto_Justificado_Recuo_Primeira_Linha\">Os candidatos dever\u00e3o se inscrever mediante <strong>preenchimento da planilha<\/strong> elaborada e dispon\u00edvel para download no link: <a href=\"https:\/\/wp.ufpel.edu.br\/ppgna\/files\/2024\/09\/Credencimento-Docente-2024-PPGNA.xlsx\">Credenciamento Docente 2024 PPGNA<\/a><\/p>\n<p class=\"Texto_Justificado_Recuo_Primeira_Linha\">As inscri\u00e7\u00f5es ser\u00e3o recebidas pelo\u00a0e-mail: ppgnutri@gmail.com at\u00e9 o dia 31\/10\/2024.<\/p>\n<p class=\"Texto_Justificado_Recuo_Primeira_Linha\">A divulga\u00e7\u00e3o dos resultados ocorrer\u00e1 at\u00e9 30 de novembro de 2024.<\/p>\n<p>&nbsp;<\/p>\n<p>Resultado:<\/p>\n<blockquote class=\"wp-embedded-content\" data-secret=\"zICGC3mliM\"><p><a href=\"https:\/\/wp.ufpel.edu.br\/ppgna\/2024\/11\/19\/resultado-recredenciamento-docente-2025-2028\/\">Resultado Recredenciamento Docente 2025-2028<\/a><\/p><\/blockquote>\n<p><iframe class=\"wp-embedded-content\" sandbox=\"allow-scripts\" security=\"restricted\" style=\"position: absolute; visibility: hidden;\" title=\"&#8220;Resultado Recredenciamento Docente 2025-2028&#8221; &#8212; P\u00f3s-Gradua\u00e7\u00e3o em Nutri\u00e7\u00e3o e Alimentos\" src=\"https:\/\/wp.ufpel.edu.br\/ppgna\/2024\/11\/19\/resultado-recredenciamento-docente-2025-2028\/embed\/#?secret=w8PoWH6CWK#?secret=zICGC3mliM\" data-secret=\"zICGC3mliM\" width=\"500\" height=\"282\" frameborder=\"0\" marginwidth=\"0\" marginheight=\"0\" scrolling=\"no\"><\/iframe><\/p>\n<p>&nbsp;<\/p>\n","protected":false},"excerpt":{"rendered":"<p>Credenciamento e recredenciamento Docente A Coordena\u00e7\u00e3o deste Programa de P\u00f3s-gradua\u00e7\u00e3o torna p\u00fablico que estar\u00e3o\u00a0abertas durante todo o m\u00eas de outubro as inscri\u00e7\u00f5es para credenciamento\u00a0e recredenciamento de docentes, nas seguintes \u00e1rea de concentra\u00e7\u00e3o: 1. An\u00e1lise e Controle de Qualidade de Alimentos; 2. Cl\u00ednica e Epidemiologia Nutricional; 3. Nutri\u00e7\u00e3o B\u00e1sica e Experimental. O processo ser\u00e1 realizado com [&hellip;]<\/p>\n","protected":false},"author":209,"featured_media":0,"parent":1325,"menu_order":5,"comment_status":"closed","ping_status":"closed","template":"","meta":{"jetpack_post_was_ever_published":false,"footnotes":""},"class_list":["post-1982","page","type-page","status-publish","hentry"],"jetpack_sharing_enabled":true,"jetpack_shortlink":"https:\/\/wp.me\/P8FvYb-vY","_links":{"self":[{"href":"https:\/\/wp.ufpel.edu.br\/ppgna\/wp-json\/wp\/v2\/pages\/1982","targetHints":{"allow":["GET"]}}],"collection":[{"href":"https:\/\/wp.ufpel.edu.br\/ppgna\/wp-json\/wp\/v2\/pages"}],"about":[{"href":"https:\/\/wp.ufpel.edu.br\/ppgna\/wp-json\/wp\/v2\/types\/page"}],"author":[{"embeddable":true,"href":"https:\/\/wp.ufpel.edu.br\/ppgna\/wp-json\/wp\/v2\/users\/209"}],"replies":[{"embeddable":true,"href":"https:\/\/wp.ufpel.edu.br\/ppgna\/wp-json\/wp\/v2\/comments?post=1982"}],"version-history":[{"count":7,"href":"https:\/\/wp.ufpel.edu.br\/ppgna\/wp-json\/wp\/v2\/pages\/1982\/revisions"}],"predecessor-version":[{"id":4032,"href":"https:\/\/wp.ufpel.edu.br\/ppgna\/wp-json\/wp\/v2\/pages\/1982\/revisions\/4032"}],"up":[{"embeddable":true,"href":"https:\/\/wp.ufpel.edu.br\/ppgna\/wp-json\/wp\/v2\/pages\/1325"}],"wp:attachment":[{"href":"https:\/\/wp.ufpel.edu.br\/ppgna\/wp-json\/wp\/v2\/media?parent=1982"}],"curies":[{"name":"wp","href":"https:\/\/api.w.org\/{rel}","templated":true}]}}