{"id":1954,"date":"2016-02-29T12:20:56","date_gmt":"2016-02-29T15:20:56","guid":{"rendered":"https:\/\/wp.ufpel.edu.br\/ppgna\/?page_id=1954"},"modified":"2025-10-23T11:16:16","modified_gmt":"2025-10-23T14:16:16","slug":"2016-2","status":"publish","type":"page","link":"https:\/\/wp.ufpel.edu.br\/ppgna\/ingresso\/defesas\/2016-2\/","title":{"rendered":"2016"},"content":{"rendered":"<p>Aluno:\u00a0Tatiana Dandolini Saccon<br \/>\nTitulo: O papel do horm\u00f4nio do crescimento na reserva ovariana em camundongos modelo de restri\u00e7\u00e3o cal\u00f3rica <a href=\"https:\/\/wp.ufpel.edu.br\/ppgna\/files\/2016\/02\/Tatiana-Dandolini-Saccon.pdf\">[Download]<\/a><br \/>\nOrientador: Augusto Schneider<\/p>\n<p>Aluno:\u00a0Ediana Volz Neitzke Karnopp<br \/>\nTitulo: Consumo de alimentos ultraprocessados e sua rela\u00e7\u00e3o com o estado nutricional e perfil lip\u00eddico aos 18 anos de idade: Coorte de nascimentos de 1993, Pelotas, RS, Brazil <a href=\"https:\/\/wp.ufpel.edu.br\/ppgna\/files\/2016\/02\/Ediana-Karnopp.pdf\">[Download]<\/a><br \/>\nOrientador: Maria Cec\u00edlia Formoso Assun\u00e7\u00e3o.<\/p>\n<p>Aluno: \u00c2ngela Galvan de Lima<br \/>\nTitulo:\u00a0Arroz preto: Caracteriza\u00e7\u00e3o nutricional, atividade antioxidante e aceitabilidade de prepara\u00e7\u00f5es <a href=\"https:\/\/wp.ufpel.edu.br\/ppgna\/files\/2016\/02\/\u00c2ngela-Galvan-de-Lima.pdf\">[Download]<\/a><br \/>\nOrientador:\u00a0Kelly Lameiro Rodrigues<\/p>\n<p>Aluno: Lu\u00edsa Borges Tortelli<br \/>\nOrientador: Samanta Madruga<br \/>\nT\u00edtulo: Frutas, Verduras e Legumes no contexto rural <a href=\"https:\/\/wp.ufpel.edu.br\/ppgna\/files\/2016\/02\/Luisa-Tortelli.pdf\">[Download]<\/a><\/p>\n<p>Aluno: Nathalia Brand\u00e3o Peter<br \/>\nOrientador: Samanta Madruga<br \/>\nT\u00edtulo: Disponibilidade de alimentos no domic\u00edlio entre escolares da zona rural de Pelotas <a href=\"https:\/\/wp.ufpel.edu.br\/ppgna\/files\/2016\/02\/Nathalia-Peter.pdf\">[Download]<\/a><\/p>\n<p>Aluno: Marina Soares Valen\u00e7a<br \/>\nOrientador: Samanta Madruga<br \/>\nT\u00edtulo: Alimentos ultraprocessados sob o olhar de crian\u00e7as da zona rural <a href=\"https:\/\/wp.ufpel.edu.br\/ppgna\/files\/2016\/02\/Marina-Soares-Valen\u00e7a.pdf\">[Download]<\/a><\/p>\n<p>Aluno: Francine Silva dos Santos<br \/>\nOrientador: Denise Gigante<br \/>\nT\u00edtulo: O Agente comunit\u00e1rio de sa\u00fade como interlocutor da alimenta\u00e7\u00e3o complementar <a href=\"https:\/\/wp.ufpel.edu.br\/ppgna\/files\/2016\/02\/Francine-Santos.pdf\">[Download]<\/a><\/p>\n<p>Aluno: Aline Longo<br \/>\nOrientador: Renata Abib<br \/>\nT\u00edtulo: Fatores progn\u00f3sticos de doen\u00e7a cardiovascular em pacientes aterosclerose manifesta no munic\u00edpio de Pelotas\/RS <a href=\"https:\/\/wp.ufpel.edu.br\/ppgna\/files\/2016\/02\/Aline-Longo.pdf\">[Download]<\/a><\/p>\n<p>Aluno: Gabriela Kurz da Cunha<br \/>\nOrientador: Giovana D. Gamarro<br \/>\nT\u00edtulo: A influ\u00eancia da exposi\u00e7\u00e3o e retirada de uma dieta de cafeteira sobre os par\u00e2metros comportamentais, metab\u00f3licos e neuroqu\u00edmicos de ratos Wistar <a href=\"https:\/\/wp.ufpel.edu.br\/ppgna\/files\/2016\/02\/Gabriela-Cunha.pdf\">[Download]<\/a><\/p>\n<p>Aluno: J\u00e9ssica H\u00e4rter<br \/>\nOrientador: Maria C. Gonzalez<br \/>\nT\u00edtulo: Avalia\u00e7\u00e3o do uso do \u00e2ngulo de fase e da for\u00e7a do aperto de m\u00e3o como fatores progn\u00f3sticos para pacientes cir\u00fargicos oncol\u00f3gicos <a href=\"https:\/\/wp.ufpel.edu.br\/ppgna\/files\/2016\/02\/J\u00e9ssica-H\u00e4rter.pdf\">[Download]<\/a><\/p>\n<p>Aluno: Renata Zanella<br \/>\nOrientador: Carlos C. Barros<br \/>\nT\u00edtulo: Influ\u00eancia do receptor B1 de cininas na fisiopatologia da obesidade e do diabetes mellitus tipo 2 <a href=\"https:\/\/wp.ufpel.edu.br\/ppgna\/files\/2016\/02\/Renata-Zanella.pdf\">[Download]<\/a><\/p>\n<p>Aluno: Micaela Gon\u00e7alves Vivan<br \/>\nOrientador: Marcia D. Buchweitz<br \/>\nT\u00edtulo: Efeito do consumo de kefir sobre doen\u00e7as cr\u00f4nicas inflamat\u00f3rias: obesidade e suas desordens Metab\u00f3licas\u00a0 <a href=\"https:\/\/wp.ufpel.edu.br\/ppgna\/files\/2016\/02\/Micaela-Vivan.pdf\">[Download]<\/a><\/p>\n<p>Aluno: Cristina Soares Gettens<br \/>\nOrientador: Marcia A. Gularte<br \/>\nT\u00edtulo: Propriedades funcionais, nutricionais, atividade antif\u00fangica e antimicrobiana de subprodutos agroindustriais de p\u00eassego e aplica\u00e7\u00e3o em cookies <a href=\"https:\/\/wp.ufpel.edu.br\/ppgna\/files\/2016\/02\/Cristina-Gettens.pdf\">[Download]<\/a><\/p>\n<p>Aluno: Vanessa Klug de Oliveira<br \/>\nOrientador: Marcia A. Gularte<br \/>\nT\u00edtulo: Propriedades funcionais, nutricionais e antimicrobianas de chia em gr\u00e3o, farinha e mucilagem e aplica\u00e7\u00e3o em biscoitos <a href=\"https:\/\/wp.ufpel.edu.br\/ppgna\/files\/2016\/02\/Vanessa-Klug.pdf\">[Download]<\/a><\/p>\n<p>Aluno: Caroline Rodrigues Bitencourt<br \/>\nOrientador: Paulo C. Schenckel<br \/>\nT\u00edtulo: Potencial cardioprotetor da restri\u00e7\u00e3o cal\u00f3rica: influ\u00eancia sobre o estresse oxidativo e a sinaliza\u00e7\u00e3o para inflama\u00e7\u00e3o <a href=\"https:\/\/wp.ufpel.edu.br\/ppgna\/files\/2016\/02\/Caroline-Bitencourt-Pedrotti.pdf\">[Download]<\/a><\/p>\n<p>Aluno: Carla Daiane L\u00fcbke \u00dccker<br \/>\nOrientador: Eliezer A. Gandra<br \/>\nT\u00edtulo: \u00d3leo essencial de sementes e folhas de Syzygium cumini e \u00f3leo de Melaleuca alternifolia desodorizado como agentes antimicrobianos e antioxidantes <a href=\"https:\/\/wp.ufpel.edu.br\/ppgna\/files\/2016\/02\/Carla-Ucker.pdf\">[Download]<\/a><\/p>\n<p>Aluno: Let\u00edcia Rodrigues da Cunha<br \/>\nOrientador: Angela Nunes Moreira<br \/>\nT\u00edtulo: Efeito da levedura Pichia pastoris sobre o sistema imune e par\u00e2metros de estresse oxidativo em camundongos swiss submetidos \u00e0 quimioterapia com ciclofosfamida <a href=\"https:\/\/wp.ufpel.edu.br\/ppgna\/files\/2016\/02\/Leticia-Cunha.pdf\">[Download]<\/a><\/p>\n<p>&nbsp;<\/p>\n","protected":false},"excerpt":{"rendered":"<p>Aluno:\u00a0Tatiana Dandolini Saccon Titulo: O papel do horm\u00f4nio do crescimento na reserva ovariana em camundongos modelo de restri\u00e7\u00e3o cal\u00f3rica [Download] Orientador: Augusto Schneider Aluno:\u00a0Ediana Volz Neitzke Karnopp Titulo: Consumo de alimentos ultraprocessados e sua rela\u00e7\u00e3o com o estado nutricional e perfil lip\u00eddico aos 18 anos de idade: Coorte de nascimentos de 1993, Pelotas, RS, Brazil [&hellip;]<\/p>\n","protected":false},"author":209,"featured_media":0,"parent":4330,"menu_order":0,"comment_status":"closed","ping_status":"closed","template":"","meta":{"jetpack_post_was_ever_published":false,"footnotes":""},"class_list":["post-1954","page","type-page","status-publish","hentry"],"jetpack_sharing_enabled":true,"jetpack_shortlink":"https:\/\/wp.me\/P8FvYb-vw","_links":{"self":[{"href":"https:\/\/wp.ufpel.edu.br\/ppgna\/wp-json\/wp\/v2\/pages\/1954","targetHints":{"allow":["GET"]}}],"collection":[{"href":"https:\/\/wp.ufpel.edu.br\/ppgna\/wp-json\/wp\/v2\/pages"}],"about":[{"href":"https:\/\/wp.ufpel.edu.br\/ppgna\/wp-json\/wp\/v2\/types\/page"}],"author":[{"embeddable":true,"href":"https:\/\/wp.ufpel.edu.br\/ppgna\/wp-json\/wp\/v2\/users\/209"}],"replies":[{"embeddable":true,"href":"https:\/\/wp.ufpel.edu.br\/ppgna\/wp-json\/wp\/v2\/comments?post=1954"}],"version-history":[{"count":12,"href":"https:\/\/wp.ufpel.edu.br\/ppgna\/wp-json\/wp\/v2\/pages\/1954\/revisions"}],"predecessor-version":[{"id":2298,"href":"https:\/\/wp.ufpel.edu.br\/ppgna\/wp-json\/wp\/v2\/pages\/1954\/revisions\/2298"}],"up":[{"embeddable":true,"href":"https:\/\/wp.ufpel.edu.br\/ppgna\/wp-json\/wp\/v2\/pages\/4330"}],"wp:attachment":[{"href":"https:\/\/wp.ufpel.edu.br\/ppgna\/wp-json\/wp\/v2\/media?parent=1954"}],"curies":[{"name":"wp","href":"https:\/\/api.w.org\/{rel}","templated":true}]}}