{"id":1769,"date":"2015-05-01T17:36:30","date_gmt":"2015-05-01T20:36:30","guid":{"rendered":"https:\/\/wp.ufpel.edu.br\/ppgna\/?page_id=1769"},"modified":"2015-05-01T17:36:30","modified_gmt":"2015-05-01T20:36:30","slug":"2014-2","status":"publish","type":"page","link":"https:\/\/wp.ufpel.edu.br\/ppgna\/ingresso\/discentes-2\/2014-2\/","title":{"rendered":"2014"},"content":{"rendered":"<table>\n<tbody>\n<tr>\n<td style=\"text-align: center\"><strong>ANO\/SEMESTRE<\/strong><\/td>\n<td style=\"text-align: center\"><strong>MESTRANDO<\/strong><\/td>\n<td style=\"text-align: center\"><strong>ORIENTADOR<\/strong><\/td>\n<\/tr>\n<tr>\n<td style=\"text-align: center\">2014\/2<\/td>\n<td style=\"text-align: center\">Aline Longo<\/td>\n<td style=\"text-align: center\">Renata Torres Abib<\/td>\n<\/tr>\n<tr>\n<td style=\"text-align: center\">2014\/2<\/td>\n<td style=\"text-align: center\">\u00c2ngela Galvan de Lima<\/td>\n<td style=\"text-align: center\">Kelly Lameiro Rodrigues<\/td>\n<\/tr>\n<tr>\n<td style=\"text-align: center\">2014\/2<\/td>\n<td style=\"text-align: center\">Carla Daiane L\u00fcbke \u00dccker<\/td>\n<td style=\"text-align: center\">Eliezer Avila Gandra<\/td>\n<\/tr>\n<tr>\n<td style=\"text-align: center\">2014\/2<\/td>\n<td style=\"text-align: center\">Caroline Rodrigues Bitencourt<\/td>\n<td style=\"text-align: center\">Paulo Cavalheiro Schenkel<\/td>\n<\/tr>\n<tr>\n<td style=\"text-align: center\">2014\/2<\/td>\n<td style=\"text-align: center\">Cristina Soares Gettens<\/td>\n<td>M\u00e1rcia Arocha Gularte<\/td>\n<\/tr>\n<tr>\n<td style=\"text-align: center\">2014\/2<\/td>\n<td style=\"text-align: center\">Ediana V\u00f6lz Neitzke Karnopp<\/td>\n<td style=\"text-align: center\">Maria Cec\u00edlia Formoso Assun\u00e7\u00e3o<\/td>\n<\/tr>\n<tr>\n<td style=\"text-align: center\">2014\/2<\/td>\n<td style=\"text-align: center\">\u00c9velyn de Sousa Ara\u00fajo<\/td>\n<td style=\"text-align: center\">Renata Torres Abib<\/td>\n<\/tr>\n<tr>\n<td style=\"text-align: center\">2014\/2<\/td>\n<td style=\"text-align: center\">Francine Silva dos Santos<\/td>\n<td style=\"text-align: center\">Denise Petrucci Gigante<\/td>\n<\/tr>\n<tr>\n<td style=\"text-align: center\">2014\/2<\/td>\n<td style=\"text-align: center\">Gabriela Kurz da Cunha<\/td>\n<td style=\"text-align: center\">Giovana Duzzo Gamaro<\/td>\n<\/tr>\n<tr>\n<td style=\"text-align: center\">2014\/2<\/td>\n<td style=\"text-align: center\">J\u00e9ssica H\u00e4rter<\/td>\n<td style=\"text-align: center\">Maria Cristina Gonzalez<\/td>\n<\/tr>\n<tr>\n<td style=\"text-align: center\">2014\/2<\/td>\n<td style=\"text-align: center\">Let\u00edcia Rodrigues da Cunha<\/td>\n<td style=\"text-align: center\">\u00c2ngela Nunes Moreira<\/td>\n<\/tr>\n<tr>\n<td style=\"text-align: center\">2014\/2<\/td>\n<td style=\"text-align: center\">Lu\u00edsa Borges Tortelli<\/td>\n<td style=\"text-align: center\">Samanta Winck Madruga<\/td>\n<\/tr>\n<tr>\n<td style=\"text-align: center\">2014\/2<\/td>\n<td style=\"text-align: center\">Marina Soares Valen\u00e7a<\/td>\n<td style=\"text-align: center\">Samanta Winck Madruga<\/td>\n<\/tr>\n<tr>\n<td style=\"text-align: center\">2014\/2<\/td>\n<td style=\"text-align: center\">Micaela Gon\u00e7alves Vivan<\/td>\n<td style=\"text-align: center\">M\u00e1rcia R\u00fabia Duarte Buchweitz<\/td>\n<\/tr>\n<tr>\n<td style=\"text-align: center\">2014\/2<\/td>\n<td style=\"text-align: center\">Nathalia Brand\u00e3o Peter<\/td>\n<td style=\"text-align: center\">Samanta Winck Madruga<\/td>\n<\/tr>\n<tr>\n<td style=\"text-align: center\">2014\/2<\/td>\n<td style=\"text-align: center\">Nelson Luiz de Lima Iahnke<\/td>\n<td style=\"text-align: center\">Carlos Castilho de Barros<\/td>\n<\/tr>\n<tr>\n<td style=\"text-align: center\">2014\/2<\/td>\n<td style=\"text-align: center\">Patr\u00edcia de Britto Costa Barros<\/td>\n<td style=\"text-align: center\">Carlos Castilho de Barros<\/td>\n<\/tr>\n<tr>\n<td style=\"text-align: center\">2014\/2<\/td>\n<td style=\"text-align: center\">Priscila Bueno Ferreira<\/td>\n<td style=\"text-align: center\">Rui Carlos Zambiazi<\/td>\n<\/tr>\n<tr>\n<td style=\"text-align: center\">2014\/2<\/td>\n<td style=\"text-align: center\">Renata Zanella<\/td>\n<td style=\"text-align: center\">Carlos Castilho de Barros<\/td>\n<\/tr>\n<tr>\n<td style=\"text-align: center\">2014\/2<\/td>\n<td style=\"text-align: center\">Rosane Scussel Garcia<\/td>\n<td style=\"text-align: center\">Renata Torres Abib<\/td>\n<\/tr>\n<tr>\n<td style=\"text-align: center\">2014\/2<\/td>\n<td style=\"text-align: center\">Tatiana Dandolini Saccon<\/td>\n<td style=\"text-align: center\">Augusto Schneider<\/td>\n<\/tr>\n<tr>\n<td style=\"text-align: center\">2014\/2<\/td>\n<td style=\"text-align: center\">Vanessa Klug de Oliveira<\/td>\n<td style=\"text-align: center\">M\u00e1rcia Arocha Gularte<\/td>\n<\/tr>\n<tr>\n<td style=\"text-align: center\">2014\/2<\/td>\n<td style=\"text-align: center\">Wagner Halmenschlager<\/td>\n<td style=\"text-align: center\">Elizabete Helbig<\/td>\n<\/tr>\n<\/tbody>\n<\/table>\n<p>&nbsp;<\/p>\n","protected":false},"excerpt":{"rendered":"<p>ANO\/SEMESTRE MESTRANDO ORIENTADOR 2014\/2 Aline Longo Renata Torres Abib 2014\/2 \u00c2ngela Galvan de Lima Kelly Lameiro Rodrigues 2014\/2 Carla Daiane L\u00fcbke \u00dccker Eliezer Avila Gandra 2014\/2 Caroline Rodrigues Bitencourt Paulo Cavalheiro Schenkel 2014\/2 Cristina Soares Gettens M\u00e1rcia Arocha Gularte 2014\/2 Ediana V\u00f6lz Neitzke Karnopp Maria Cec\u00edlia Formoso Assun\u00e7\u00e3o 2014\/2 \u00c9velyn de Sousa Ara\u00fajo Renata Torres [&hellip;]<\/p>\n","protected":false},"author":209,"featured_media":0,"parent":1760,"menu_order":0,"comment_status":"closed","ping_status":"closed","template":"","meta":{"jetpack_post_was_ever_published":false,"footnotes":""},"class_list":["post-1769","page","type-page","status-publish","hentry"],"jetpack_sharing_enabled":true,"jetpack_shortlink":"https:\/\/wp.me\/P8FvYb-sx","_links":{"self":[{"href":"https:\/\/wp.ufpel.edu.br\/ppgna\/wp-json\/wp\/v2\/pages\/1769","targetHints":{"allow":["GET"]}}],"collection":[{"href":"https:\/\/wp.ufpel.edu.br\/ppgna\/wp-json\/wp\/v2\/pages"}],"about":[{"href":"https:\/\/wp.ufpel.edu.br\/ppgna\/wp-json\/wp\/v2\/types\/page"}],"author":[{"embeddable":true,"href":"https:\/\/wp.ufpel.edu.br\/ppgna\/wp-json\/wp\/v2\/users\/209"}],"replies":[{"embeddable":true,"href":"https:\/\/wp.ufpel.edu.br\/ppgna\/wp-json\/wp\/v2\/comments?post=1769"}],"version-history":[{"count":1,"href":"https:\/\/wp.ufpel.edu.br\/ppgna\/wp-json\/wp\/v2\/pages\/1769\/revisions"}],"predecessor-version":[{"id":1770,"href":"https:\/\/wp.ufpel.edu.br\/ppgna\/wp-json\/wp\/v2\/pages\/1769\/revisions\/1770"}],"up":[{"embeddable":true,"href":"https:\/\/wp.ufpel.edu.br\/ppgna\/wp-json\/wp\/v2\/pages\/1760"}],"wp:attachment":[{"href":"https:\/\/wp.ufpel.edu.br\/ppgna\/wp-json\/wp\/v2\/media?parent=1769"}],"curies":[{"name":"wp","href":"https:\/\/api.w.org\/{rel}","templated":true}]}}