{"id":275,"date":"2019-10-15T14:48:32","date_gmt":"2019-10-15T17:48:32","guid":{"rendered":"https:\/\/wp.ufpel.edu.br\/ppgmpar\/?page_id=275"},"modified":"2024-11-06T15:41:49","modified_gmt":"2024-11-06T18:41:49","slug":"programa","status":"publish","type":"page","link":"https:\/\/wp.ufpel.edu.br\/ppgmpar\/programa\/","title":{"rendered":"Programa"},"content":{"rendered":"<p>Um pouco da hist\u00f3ria do Programa de P\u00f3s Gradua\u00e7\u00e3o em Microbiologia e Parasitologia<\/p>\n<p>O PPG-Parasitologia foi criado em 2004, e iniciou com conceito tr\u00eas (3) na Capes, e na sua primeira avalia\u00e7\u00e3o (tri\u00eanio 2004-2006) passou para o conceito quatro (4), com recomenda\u00e7\u00e3o de aumentar o n\u00famero de ingressos, que eram em m\u00e9dia sete alunos por ano. Neste in\u00edcio, o programa apresentava forte enfoque veterin\u00e1rio, em virtude da experi\u00eancia e forma\u00e7\u00e3o do corpo docente que na \u00e9poca eram, em sua totalidade, profissionais da \u00e1rea M\u00e9dico Veterin\u00e1ria. A cria\u00e7\u00e3o do n\u00edvel doutorado, aprovado pela CAPES em 2009, e que iniciou em mar\u00e7o de 2010 com conceito quatro (4), foi de grande import\u00e2ncia e manteve o perfil de forma\u00e7\u00e3o de profissionais na \u00e1rea de Parasitologia. Todavia, ao longo dos anos as atividades foram sendo ampliadas e as linhas de pesquisa e projetos sendo adequados \u00e0 nova realidade e demanda de produ\u00e7\u00e3o acad\u00eamico-cient\u00edfica em nosso pa\u00eds, contemplando assim, os demais aspectos da rela\u00e7\u00e3o parasito-hospedeiro dentro da sa\u00fade humana e animal.<\/p>\n<p>Em 2010, com o in\u00edcio do doutorado, o n\u00famero de ingressos elevou-se consideravelmente. Atualmente o curso conta em m\u00e9dia com 60 discentes, entre mestrandos e doutorandos, e j\u00e1 teve em torno de 95 defesas de mestrado e 30 defesas de doutorado. Em sua \u00faltima avalia\u00e7\u00e3o pela CAPES (quadri\u00eanio 2013-2016) manteve-se com conceito quatro (4), recebendo duras cr\u00edticas e sugest\u00f5es de que importantes interven\u00e7\u00f5es devem ser realizadas no PPG-Parasitologia.<\/p>\n<p>Com base nas considera\u00e7\u00f5es desta \u00faltima quadrienal, no ano de 2017, a coordena\u00e7\u00e3o e o colegiado do PPG-Parasitologia elaboraram uma proposta de reestrutura\u00e7\u00e3o do Programa, com manuten\u00e7\u00e3o da \u00e1rea de concentra\u00e7\u00e3o em Parasitologia, forte e consolidada, e inclus\u00e3o da \u00e1rea de concentra\u00e7\u00e3o em Microbiologia, ambas com duas linhas de pesquisa robustas. Altera\u00e7\u00f5es no quadro docente tamb\u00e9m foram feitas, com a inclus\u00e3o de novos docentes permanentes, colaboradores e tamb\u00e9m alguns desligamentos, baseados na Portaria 81 da CAPES de 3 de junho de 2016. O corpo docente do PPG \u00e9 composto por docentes com diferentes forma\u00e7\u00f5es: m\u00e9dicos veterin\u00e1rios, bi\u00f3logos e farmac\u00eauticos, todos com doutorado em diversas \u00e1reas do conhecimento, como: Ci\u00eancias Veterin\u00e1rias, Biotecnologia, Parasitologia, Doen\u00e7as infecciosas e parasit\u00e1rias, Doen\u00e7as parasit\u00e1rias animais, Pneumologia, Entomologia e malacologia de parasitos e vetores, Biologia animal e Zoologia. Evidencia-se tamb\u00e9m uma diversidade na forma\u00e7\u00e3o dos discentes que inclui: bi\u00f3logos, m\u00e9dicos veterin\u00e1rios, bioqu\u00edmicos e farmac\u00eauticos, biom\u00e9dicos e enfermeiros.<\/p>\n<p>A inclus\u00e3o da \u00e1rea de concentra\u00e7\u00e3o em Microbiologia no Programa foi motivada pois este est\u00e1 ligado ao Departamento de Microbiologia e Parasitologia (DMP), do Instituto de Biologia (IB), da Universidade Federal de Pelotas (UFPel) e, nos \u00faltimos anos, a partir de novas contrata\u00e7\u00f5es docentes, o DMP teve um n\u00famero maior e mais diversificado de profissionais altamente capacitados e qualificados, incluindo bolsistas de produtividade em pesquisa (PQ) ou em desenvolvimento tecnol\u00f3gico (DT) junto ao CNPq e com projetos de pesquisa aprovados em \u00f3rg\u00e3os de fomento. Contudo, muitos destes docentes desenvolvem pesquisas essencialmente na \u00e1rea de Microbiologia, incluindo linhas como: patogenicidade e propriedades funcionais de fungos e bact\u00e9rias, suscetibilidade antimicrobiana de fungos e bact\u00e9rias, epidemiologia molecular, produ\u00e7\u00e3o de prote\u00ednas recombinantes para desenvolvimento de insumos para diagn\u00f3stico e vacinas, entre outras. Aos poucos, alguns destes docentes foram sendo absorvidos pelo PPG-Parasitologia, o que acabou mudando a ess\u00eancia do Programa, que pode ser comprovado pela inclus\u00e3o da linha de pesquisa em fungos patog\u00eanicos de import\u00e2ncia m\u00e9dica e veterin\u00e1ria em 2013. No entanto, outros docentes ainda n\u00e3o se encaixam dentro das linhas de pesquisas atuais do PPG e isto faz com que estes profissionais migrem para outros programas.<\/p>\n<p>Dentro deste contexto, denota-se a necessidade da inclus\u00e3o da Microbiologia como \u00e1rea de concentra\u00e7\u00e3o do Programa. Entende-se que a interdisciplinaridade e o fortalecimento de um Programa j\u00e1 consolidado s\u00e3o mais vantajosos do que a cria\u00e7\u00e3o de um novo PPG dentro do mesmo departamento. Adicionalmente, de acordo com o documento de \u00e1rea CBIII da CAPES a interdisciplinaridade \u00e9 essencial e altamente desej\u00e1vel aos PPGs que comp\u00f5e esta \u00e1rea e considera que este tem sido um aspecto cada vez mais presente nas avalia\u00e7\u00f5es. Se a inclus\u00e3o da \u00e1rea de concentra\u00e7\u00e3o em Microbiologia que est\u00e1 sendo proposta de fato ocorrer, o novo \u201cPrograma de P\u00f3s-gradua\u00e7\u00e3o em Microbiologia e Parasitologia (PPGMPAR)\u201d, ser\u00e1 beneficiado no sentido de tornar-se um PPG diversificado e interdisciplinar com a inclus\u00e3o de docentes altamente capacitados e produtivos cientificamente. Ademais, consultando o documento de \u00e1rea CBIII identifica-se que no centro e norte do Pa\u00eds, os PPGs s\u00e3o em Microbiologia e Parasitologia. No entanto, no sul do Brasil, h\u00e1 uma car\u00eancia da forma\u00e7\u00e3o de profissionais capacitados em Microbiologia. Al\u00e9m disso, considerando-se que as doen\u00e7as infecciosas causadas por micro-organismos (bact\u00e9rias, fungos e v\u00edrus) s\u00e3o frequentes em pa\u00edses em desenvolvimento, sobretudo em virtude das car\u00eancias socioecon\u00f4micas, esta \u00e1rea de concentra\u00e7\u00e3o objetiva avaliar, nos mais diferentes aspectos, as doen\u00e7as infecciosas que se fazem presentes na sa\u00fade p\u00fablica do Brasil, com \u00eanfase no Rio Grande do Sul. No que tange a \u00e1rea animal, o curso est\u00e1 inserido em uma importante regi\u00e3o de produ\u00e7\u00e3o, sendo assim pertinente o desenvolvimento de pesquisas sobre agentes patog\u00eanicos que acometem os animais. Em ambos os contextos, busca-se ampliar o conhecimento sobre as intera\u00e7\u00f5es micro-organismo\/hospedeiro, visando o desenvolvimento e aperfei\u00e7oamento de t\u00e9cnicas imunol\u00f3gicas e moleculares, dirigidas a produ\u00e7\u00e3o de insumos empregados no diagn\u00f3stico e tratamento de agentes infecciosos que acometem humanos e animais. Adicionalmente, estudos que versam sobre a epidemiologia tradicional e molecular s\u00e3o levados a cabo no intuito de melhor entender as rela\u00e7\u00f5es dos pat\u00f3genos, seus hospedeiros e o meio ambiente, com a finalidade de promover a sa\u00fade humana e a animal.<\/p>\n<p>O maior reconhecimento e fortalecimento do grupo de pesquisa \u00e9 outro objetivo do programa, para isto, conv\u00eanios de coopera\u00e7\u00e3o foram firmados com diversas institui\u00e7\u00f5es de ensino e pesquisa do Brasil (EMBRAPA, FIOCRUZ, FURG, RFPR, UFBA, UFGRS, UFMS, UFMT, UFPB, UFSM, UNISINOS, USP, UDESC, UNIPAMPA, UFN, IPVDF, IFFARR, UCS, UFT) e algumas tamb\u00e9m do exterior (Universidade do Montevid\u00e9u \u2014 Uruguai, Universidade de Alcal\u00e1 de Henares \u2014 Espanha, Universidade de Surray \u2014 Gr\u00e3-Bretanha, Universidade de Wisconsin \u2014 EUA, Universidade de Pullman \u2014 EUA), Universidade de Turim (Faculdade de Veterin\u00e1ria) \u2013 It\u00e1lia, Universidade do Porto (UPorto- Faculdade de Ci\u00eancias) e Instituto Nacional de Sa\u00fade Doutor Ricardo Jorge \u2013 Portugal , Universidade de La Plata \u2013 Argentina). Os docentes permanentes e colaboradores s\u00e3o estimulados a oferecerem e desenvolverem disciplinas com bases conceituais atuais, com intensa pesquisa bibliogr\u00e1fica, inova\u00e7\u00e3o e cunho pr\u00e1tico das disciplinas.<\/p>\n<p>Neste caso, a consulta \u00e0 base de peri\u00f3dicos CAPES \u00e9 incentivada e exigida em todo o contexto acad\u00eamico, procedimento tamb\u00e9m adotado na forma\u00e7\u00e3o dos discentes da gradua\u00e7\u00e3o, com destaque para os alunos de inicia\u00e7\u00e3o cient\u00edfica, bolsistas e estagi\u00e1rios. Nos \u00faltimos anos cresceu o n\u00famero de cursos em que o estudo da Parasitologia est\u00e1 inserido na nossa regi\u00e3o, resultando em aumento de profissionais em busca do aprimoramento de sua forma\u00e7\u00e3o na \u00e1rea, o que culminou em excelente perspectiva de crescimento das pesquisas do grupo, vista a conscientiza\u00e7\u00e3o e o direcionamento dos pesquisadores em estudos relevantes, o que possibilitar\u00e1 elevar o n\u00famero de profissionais treinados no programa, inserindo assim, no mercado de trabalho recursos humanos qualificados na \u00e1rea, n\u00e3o somente para as institui\u00e7\u00f5es de ensino, pesquisa e extens\u00e3o, como tamb\u00e9m para entender as necessidades de incremento da produ\u00e7\u00e3o animal e melhorias na sa\u00fade p\u00fablica da regi\u00e3o.<\/p>\n<p>Desde 2022 o programa conta com conceito 5 tanto para o Mestrado quanto para o Doutorado, buscando criar um ambiente de inova\u00e7\u00e3o e construindo bases s\u00f3lidas na investiga\u00e7\u00e3o em diferentes \u00e1reas de Microbiologia e Parasitologia, com uma comunidade acad\u00eamica participante, interdisciplinar e de diversas origens acad\u00eamicas e pessoais, fortalecendo o compromisso com a ci\u00eancia.<\/p>\n","protected":false},"excerpt":{"rendered":"<p>Um pouco da hist\u00f3ria do Programa de P\u00f3s Gradua\u00e7\u00e3o em Microbiologia e Parasitologia O PPG-Parasitologia foi criado em 2004, e iniciou com conceito tr\u00eas (3) na Capes, e na sua primeira avalia\u00e7\u00e3o (tri\u00eanio 2004-2006) passou para o conceito quatro (4), com recomenda\u00e7\u00e3o de aumentar o n\u00famero de ingressos, que eram em m\u00e9dia sete alunos por [&hellip;]<\/p>\n","protected":false},"author":951,"featured_media":0,"parent":0,"menu_order":0,"comment_status":"closed","ping_status":"closed","template":"","meta":{"footnotes":""},"class_list":["post-275","page","type-page","status-publish","hentry"],"jetpack_sharing_enabled":true,"_links":{"self":[{"href":"https:\/\/wp.ufpel.edu.br\/ppgmpar\/wp-json\/wp\/v2\/pages\/275","targetHints":{"allow":["GET"]}}],"collection":[{"href":"https:\/\/wp.ufpel.edu.br\/ppgmpar\/wp-json\/wp\/v2\/pages"}],"about":[{"href":"https:\/\/wp.ufpel.edu.br\/ppgmpar\/wp-json\/wp\/v2\/types\/page"}],"author":[{"embeddable":true,"href":"https:\/\/wp.ufpel.edu.br\/ppgmpar\/wp-json\/wp\/v2\/users\/951"}],"replies":[{"embeddable":true,"href":"https:\/\/wp.ufpel.edu.br\/ppgmpar\/wp-json\/wp\/v2\/comments?post=275"}],"version-history":[{"count":3,"href":"https:\/\/wp.ufpel.edu.br\/ppgmpar\/wp-json\/wp\/v2\/pages\/275\/revisions"}],"predecessor-version":[{"id":1152,"href":"https:\/\/wp.ufpel.edu.br\/ppgmpar\/wp-json\/wp\/v2\/pages\/275\/revisions\/1152"}],"wp:attachment":[{"href":"https:\/\/wp.ufpel.edu.br\/ppgmpar\/wp-json\/wp\/v2\/media?parent=275"}],"curies":[{"name":"wp","href":"https:\/\/api.w.org\/{rel}","templated":true}]}}