{"id":228,"date":"2019-10-10T11:40:54","date_gmt":"2019-10-10T14:40:54","guid":{"rendered":"https:\/\/wp.ufpel.edu.br\/ppgmpar\/?page_id=228"},"modified":"2024-02-15T13:17:39","modified_gmt":"2024-02-15T16:17:39","slug":"disciplinas-2o-semestre","status":"publish","type":"page","link":"https:\/\/wp.ufpel.edu.br\/ppgmpar\/disciplinas-2\/disciplinas-2o-semestre\/","title":{"rendered":"Disciplinas 2\u00ba Semestre"},"content":{"rendered":"<p><a href=\"https:\/\/institucional.ufpel.edu.br\/disciplinas\/cod\/0038004\">Acarologia (2 cr\u00e9ditos) &#8211; Optativa <\/a><\/p>\n<p><a href=\"https:\/\/institucional.ufpel.edu.br\/disciplinas\/cod\/0038081\">Antiparasit\u00e1rios de uso humano e animal(2 cr\u00e9ditos) &#8211; Optativa <\/a><\/p>\n<p><a href=\"https:\/\/institucional.ufpel.edu.br\/disciplinas\/cod\/0038080\">Aplicabilidade de fungos no controle biol\u00f3gico de artr\u00f3podes e endoparasitos (2 cr\u00e9ditos) &#8211; Optativa <\/a><\/p>\n<p><a href=\"https:\/\/institucional.ufpel.edu.br\/disciplinas\/cod\/0030073\">Diagn\u00f3stico de doen\u00e7as f\u00fangicas (3 cr\u00e9ditos) &#8211; Optativa<\/a><\/p>\n<p><a href=\"https:\/\/institucional.ufpel.edu.br\/disciplinas\/id\/38726\">Diagn\u00f3stico Molecular de Doen\u00e7as Infecciosas (3 cr\u00e9ditos) &#8211; Optativa<\/a><\/p>\n<p><a href=\"https:\/\/institucional.ufpel.edu.br\/disciplinas\/cod\/0030094\">Diagn\u00f3stico molecular de protozo\u00e1rios (4 cr\u00e9ditos) &#8211; Optativa <\/a><\/p>\n<p><a href=\"https:\/\/institucional.ufpel.edu.br\/disciplinas\/cod\/0038005\">Diagn\u00f3stico Parasitol\u00f3gico (3 cr\u00e9ditos) &#8211; Optativa <\/a><\/p>\n<p><a href=\"https:\/\/institucional.ufpel.edu.br\/disciplinas\/cod\/0038103\">Ecologia de parasitos e vetores (3 cr\u00e9ditos) &#8211; Optativa <\/a><\/p>\n<p><a href=\"https:\/\/institucional.ufpel.edu.br\/disciplinas\/id\/9513\">Entomologia m\u00e9dica e veterin\u00e1ria (4 cr\u00e9ditos) &#8211; Optativa<\/a><\/p>\n<p><a href=\"https:\/\/institucional.ufpel.edu.br\/disciplinas\/cod\/D000412\">Fundamentos de micologia (3 cr\u00e9ditos) &#8211; Optativa <\/a><\/p>\n<p><a href=\"https:\/\/institucional.ufpel.edu.br\/disciplinas\/cod\/0038099\">Parasitologia Molecular (3 cr\u00e9ditos) &#8211; Optativa <\/a><\/p>\n<p><a href=\"https:\/\/institucional.ufpel.edu.br\/disciplinas\/cod\/0038007\">Protozo\u00e1rios de import\u00e2ncia m\u00e9dica e veterin\u00e1ria (4 cr\u00e9ditos) &#8211; Optativa <\/a><\/p>\n<p><a href=\"https:\/\/institucional.ufpel.edu.br\/disciplinas\/cod\/D000413\">T\u00e9cnicas de cultivo celular (3 cr\u00e9ditos) &#8211; Optativa <\/a><\/p>\n<p><a href=\"https:\/\/institucional.ufpel.edu.br\/disciplinas\/cod\/0030086\">T\u00f3picos em reda\u00e7\u00e3o de artigos cient\u00edficos (1 cr\u00e9dito) &#8211; Optativa <\/a><\/p>\n<p><a href=\"https:\/\/institucional.ufpel.edu.br\/disciplinas\/cod\/0038072\">Triatom\u00edneos e aspectos gerais da Doen\u00e7a de Chagas (2 cr\u00e9ditos) &#8211; Optativa <\/a><\/p>\n","protected":false},"excerpt":{"rendered":"<p>Acarologia (2 cr\u00e9ditos) &#8211; Optativa Antiparasit\u00e1rios de uso humano e animal(2 cr\u00e9ditos) &#8211; Optativa Aplicabilidade de fungos no controle biol\u00f3gico de artr\u00f3podes e endoparasitos (2 cr\u00e9ditos) &#8211; Optativa Diagn\u00f3stico de doen\u00e7as f\u00fangicas (3 cr\u00e9ditos) &#8211; Optativa Diagn\u00f3stico Molecular de Doen\u00e7as Infecciosas (3 cr\u00e9ditos) &#8211; Optativa Diagn\u00f3stico molecular de protozo\u00e1rios (4 cr\u00e9ditos) &#8211; Optativa Diagn\u00f3stico Parasitol\u00f3gico [&hellip;]<\/p>\n","protected":false},"author":951,"featured_media":0,"parent":254,"menu_order":0,"comment_status":"closed","ping_status":"closed","template":"","meta":{"footnotes":""},"class_list":["post-228","page","type-page","status-publish","hentry"],"jetpack_sharing_enabled":true,"_links":{"self":[{"href":"https:\/\/wp.ufpel.edu.br\/ppgmpar\/wp-json\/wp\/v2\/pages\/228","targetHints":{"allow":["GET"]}}],"collection":[{"href":"https:\/\/wp.ufpel.edu.br\/ppgmpar\/wp-json\/wp\/v2\/pages"}],"about":[{"href":"https:\/\/wp.ufpel.edu.br\/ppgmpar\/wp-json\/wp\/v2\/types\/page"}],"author":[{"embeddable":true,"href":"https:\/\/wp.ufpel.edu.br\/ppgmpar\/wp-json\/wp\/v2\/users\/951"}],"replies":[{"embeddable":true,"href":"https:\/\/wp.ufpel.edu.br\/ppgmpar\/wp-json\/wp\/v2\/comments?post=228"}],"version-history":[{"count":6,"href":"https:\/\/wp.ufpel.edu.br\/ppgmpar\/wp-json\/wp\/v2\/pages\/228\/revisions"}],"predecessor-version":[{"id":940,"href":"https:\/\/wp.ufpel.edu.br\/ppgmpar\/wp-json\/wp\/v2\/pages\/228\/revisions\/940"}],"up":[{"embeddable":true,"href":"https:\/\/wp.ufpel.edu.br\/ppgmpar\/wp-json\/wp\/v2\/pages\/254"}],"wp:attachment":[{"href":"https:\/\/wp.ufpel.edu.br\/ppgmpar\/wp-json\/wp\/v2\/media?parent=228"}],"curies":[{"name":"wp","href":"https:\/\/api.w.org\/{rel}","templated":true}]}}