{"id":16,"date":"2019-07-12T11:07:25","date_gmt":"2019-07-12T14:07:25","guid":{"rendered":"https:\/\/wp.ufpel.edu.br\/ppgmpar\/?page_id=16"},"modified":"2026-03-16T18:53:26","modified_gmt":"2026-03-16T21:53:26","slug":"colegiado","status":"publish","type":"page","link":"https:\/\/wp.ufpel.edu.br\/ppgmpar\/colegiado\/","title":{"rendered":"Colegiado"},"content":{"rendered":"<p><strong>Coordenador:<\/strong><\/p>\n<ul>\n<li>Prof. Rodrigo de Almeida Vaucher<\/li>\n<\/ul>\n<p>Contato: rodvaucher@hotmail.com<\/p>\n<p><strong>Coordenador Adjunto:<\/strong><\/p>\n<ul>\n<li>Profa. Nathieli Bianchin Bottari<\/li>\n<\/ul>\n<p>Contato: nathieli_bb@hotmail.com<\/p>\n<p><strong>Professores Membros do Colegiado:<\/strong><\/p>\n<ul>\n<strong>Microbiologia:<\/strong><\/p>\n<ul>\n<li>Profa. Daiane Drawanz Hartwig<\/li>\n<li>Profa. Daniela Isabel Brayer Pereira<\/li>\n<li>Prof. S\u00e9rgio Jorge (Suplente)<\/li>\n<li>Profa. Patr\u00edcia da Silva Nascente (Suplente)<\/li>\n<\/ul>\n<p><strong>Parasitologia:<\/strong><\/p>\n<ul>\n<li>Profa. Nat\u00e1lia Berne Pinheiro<\/li>\n<li>Profa. Leda Margarita Casta\u00f1o Barrios<\/li>\n<li>Profa. Maria Elisabeth Aires Berne (Suplente)<\/li>\n<li>Prof. F\u00e1bio Pereira Leivas Leite (Suplente)<\/li>\n<\/ul>\n<p><strong>Representantes Discentes:<\/strong><\/p>\n<ul>\n<li>Italo Ferreira de Leon (Doutorado) <\/li>\n<li>Airan de Quevedo Fernandes (Mestrado) <\/li>\n<li>Nilseia Feijo da Silva (Suplente)<\/li>\n<li>Ronyssa dos Santos Ribeiro (Suplente)<\/li>\n<\/ul>\n<p><strong>Secret\u00e1rio:\u00a0<\/strong><\/p>\n<ul>\n<li>Mauro Buss Filho<\/li>\n<\/ul>\n","protected":false},"excerpt":{"rendered":"<p>Coordenador: Prof. Rodrigo de Almeida Vaucher Contato: rodvaucher@hotmail.com Coordenador Adjunto: Profa. Nathieli Bianchin Bottari Contato: nathieli_bb@hotmail.com Professores Membros do Colegiado: Microbiologia: Profa. Daiane Drawanz Hartwig Profa. Daniela Isabel Brayer Pereira Prof. S\u00e9rgio Jorge (Suplente) Profa. Patr\u00edcia da Silva Nascente (Suplente) Parasitologia: Profa. Nat\u00e1lia Berne Pinheiro Profa. Leda Margarita Casta\u00f1o Barrios Profa. Maria Elisabeth Aires Berne [&hellip;]<\/p>\n","protected":false},"author":20,"featured_media":0,"parent":0,"menu_order":0,"comment_status":"closed","ping_status":"closed","template":"","meta":{"footnotes":""},"class_list":["post-16","page","type-page","status-publish","hentry"],"jetpack_sharing_enabled":true,"_links":{"self":[{"href":"https:\/\/wp.ufpel.edu.br\/ppgmpar\/wp-json\/wp\/v2\/pages\/16","targetHints":{"allow":["GET"]}}],"collection":[{"href":"https:\/\/wp.ufpel.edu.br\/ppgmpar\/wp-json\/wp\/v2\/pages"}],"about":[{"href":"https:\/\/wp.ufpel.edu.br\/ppgmpar\/wp-json\/wp\/v2\/types\/page"}],"author":[{"embeddable":true,"href":"https:\/\/wp.ufpel.edu.br\/ppgmpar\/wp-json\/wp\/v2\/users\/20"}],"replies":[{"embeddable":true,"href":"https:\/\/wp.ufpel.edu.br\/ppgmpar\/wp-json\/wp\/v2\/comments?post=16"}],"version-history":[{"count":4,"href":"https:\/\/wp.ufpel.edu.br\/ppgmpar\/wp-json\/wp\/v2\/pages\/16\/revisions"}],"predecessor-version":[{"id":1793,"href":"https:\/\/wp.ufpel.edu.br\/ppgmpar\/wp-json\/wp\/v2\/pages\/16\/revisions\/1793"}],"wp:attachment":[{"href":"https:\/\/wp.ufpel.edu.br\/ppgmpar\/wp-json\/wp\/v2\/media?parent=16"}],"curies":[{"name":"wp","href":"https:\/\/api.w.org\/{rel}","templated":true}]}}