{"id":99,"date":"2016-11-29T14:53:45","date_gmt":"2016-11-29T16:53:45","guid":{"rendered":"https:\/\/wp.ufpel.edu.br\/ppgmp\/?page_id=99"},"modified":"2021-03-05T10:31:16","modified_gmt":"2021-03-05T13:31:16","slug":"convenios","status":"publish","type":"page","link":"https:\/\/wp.ufpel.edu.br\/ppgmp\/capes-print\/convenios\/","title":{"rendered":"Conv\u00eanios"},"content":{"rendered":"<p><strong>Conv\u00eanio CAFP-CAPES Universidade de Buenos Aires<\/strong><\/p>\n<p style=\"text-align: justify\">Em 2009 o curso aprovou projeto de coopera\u00e7\u00e3o internacional com a Universidade\u00a0 de Buenos Aires atrav\u00e9s do Edital CAFP (Centros Associados de Fortalecimento da P\u00f3s-Gradua\u00e7\u00e3o) da CAPES. Por esse conv\u00eanio o Mestrado em Mem\u00f3ria Social e Patrim\u00f4nio Cultural associou-se com o programa de p\u00f3s-gradua\u00e7\u00e3o em\u00a0 <em>Economia Pol\u00edtica<\/em><em> da Cultura \u2013 Estudos sobre Produ\u00e7\u00f5es Culturais e Patrim\u00f4nio<\/em> (ICA\/FFyL), da Universidade de Buenos Aires (UBA), num projeto cujo eixo s\u00e3o estudos sobre pol\u00edticas de representa\u00e7\u00e3o e gest\u00e3o do patrim\u00f4nio material e imaterial, com \u00eanfase nos processos de patrimonializa\u00e7\u00e3o, na legisla\u00e7\u00e3o e dispositivos p\u00fablicos de gest\u00e3o do patrim\u00f4nio e mem\u00f3ria.<\/p>\n<p style=\"text-align: justify\">O conv\u00eanio se realiza atrav\u00e9s de miss\u00f5es de estudo, nas quais os alunos do Mestrado v\u00e3o realizar parte de sua pesquisa na Universidade de Buenos Aires, permanecendo nessa cidade por um per\u00edodo entre dois a tr\u00eas meses e pelas miss\u00f5es de trabalho, efetivadas pela vinda \u00e0 Pelotas de docentes do programa conveniado na Argentina, e aqui ministram semin\u00e1rios, participam de eventos e realizam a co-orienta\u00e7\u00e3o dos alunos envolvidos no projeto.<\/p>\n<p style=\"text-align: justify\">Com renova\u00e7\u00f5es anuais, o Conv\u00eanio est\u00e1 previsto at\u00e9 2012 e em sua segunda edi\u00e7\u00e3o, de 2010, se esta mantendo um n\u00famero de seis miss\u00f5es de estudos\u00a0 a serem realizadas.\u00b4<\/p>\n<p style=\"text-align: justify\"><strong>Conv\u00eanio com Universit\u00e9 Nice Sophia Antipolis,Fran\u00e7a<\/strong><\/p>\n<p style=\"text-align: justify\">Conv\u00eanio com o Laboratoire d\u00b4Anthropologie,Sociologie, m\u00e9moire, identit\u00e9 et cognition, Universit\u00e9 Nice-Sophia Antipolis, com coordena\u00e7\u00e3o do\u00a0antrop\u00f3logo Joel Candau pelo lado franc\u00eas e da professora Maria Leticia Mazzucchi Ferreira pelo lado brasileiro<\/p>\n<p style=\"text-align: justify\"><strong>Conv\u00eanio com o Centro Polit\u00e9cnico de Leiria, Portugal<\/strong><\/p>\n<p style=\"text-align: justify\">Conv\u00eanio com o Centro Polit\u00e9cnico de Leiria, Portugal, referente a acessibilidade em aparelhos culturais, sob coordena\u00e7\u00e3o da professora Francisca Ferreira Michelon.<\/p>\n<p style=\"text-align: justify\"><strong>Conv\u00eanio com SEDA,Porto Alegre<\/strong><\/p>\n<p style=\"text-align: justify\">-Conv\u00eanio com a Secretaria de Cultura do Estado (SEDAC) e Sociedade de Gin\u00e1stica de Porto Alegre (SOGIPA) visando a organiza\u00e7\u00e3o e<br \/>\ntratamento do acervo fotogr\u00e1fico.<\/p>\n","protected":false},"excerpt":{"rendered":"<p>Conv\u00eanio CAFP-CAPES Universidade de Buenos Aires Em 2009 o curso aprovou projeto de coopera\u00e7\u00e3o internacional com a Universidade\u00a0 de Buenos Aires atrav\u00e9s do Edital CAFP (Centros Associados de Fortalecimento da P\u00f3s-Gradua\u00e7\u00e3o) da CAPES. Por esse conv\u00eanio o Mestrado em Mem\u00f3ria Social e Patrim\u00f4nio Cultural associou-se com o programa de p\u00f3s-gradua\u00e7\u00e3o em\u00a0 Economia Pol\u00edtica da Cultura [&hellip;]<\/p>\n","protected":false},"author":700,"featured_media":0,"parent":1838,"menu_order":4,"comment_status":"closed","ping_status":"closed","template":"","meta":{"footnotes":""},"class_list":["post-99","page","type-page","status-publish","hentry"],"_links":{"self":[{"href":"https:\/\/wp.ufpel.edu.br\/ppgmp\/wp-json\/wp\/v2\/pages\/99","targetHints":{"allow":["GET"]}}],"collection":[{"href":"https:\/\/wp.ufpel.edu.br\/ppgmp\/wp-json\/wp\/v2\/pages"}],"about":[{"href":"https:\/\/wp.ufpel.edu.br\/ppgmp\/wp-json\/wp\/v2\/types\/page"}],"author":[{"embeddable":true,"href":"https:\/\/wp.ufpel.edu.br\/ppgmp\/wp-json\/wp\/v2\/users\/700"}],"replies":[{"embeddable":true,"href":"https:\/\/wp.ufpel.edu.br\/ppgmp\/wp-json\/wp\/v2\/comments?post=99"}],"version-history":[{"count":3,"href":"https:\/\/wp.ufpel.edu.br\/ppgmp\/wp-json\/wp\/v2\/pages\/99\/revisions"}],"predecessor-version":[{"id":1084,"href":"https:\/\/wp.ufpel.edu.br\/ppgmp\/wp-json\/wp\/v2\/pages\/99\/revisions\/1084"}],"up":[{"embeddable":true,"href":"https:\/\/wp.ufpel.edu.br\/ppgmp\/wp-json\/wp\/v2\/pages\/1838"}],"wp:attachment":[{"href":"https:\/\/wp.ufpel.edu.br\/ppgmp\/wp-json\/wp\/v2\/media?parent=99"}],"curies":[{"name":"wp","href":"https:\/\/api.w.org\/{rel}","templated":true}]}}