{"id":1899,"date":"2021-03-04T19:23:27","date_gmt":"2021-03-04T22:23:27","guid":{"rendered":"https:\/\/wp.ufpel.edu.br\/ppgmp\/?page_id=1899"},"modified":"2022-02-15T15:01:28","modified_gmt":"2022-02-15T18:01:28","slug":"posdoc","status":"publish","type":"page","link":"https:\/\/wp.ufpel.edu.br\/ppgmp\/pessoas\/posdoc\/","title":{"rendered":"Posdoc"},"content":{"rendered":"<p class=\"nome\"><a href=\"http:\/\/lattes.cnpq.br\/4278326282520461\"><strong>Luciana de Castro Neves Costa<\/strong>\u00a0<\/a><\/p>\n<p><img class=\"alignnone wp-image-1681\" src=\"https:\/\/wp.ufpel.edu.br\/ppgmp\/files\/2020\/10\/IMG-20201003-WA0032-e1602010088465-200x200.jpg\" alt=\"\" width=\"162\" height=\"162\" \/><\/p>\n<p>\u00c1reas de interesse: Gest\u00e3o do patrim\u00f4nio cultural; turismo; paisagem cultural; processos de patrimonializa\u00e7\u00e3o e valoriza\u00e7\u00e3o de referentes culturais alimentares.<\/p>\n<p>&nbsp;<\/p>\n<p><a href=\"http:\/\/lattes.cnpq.br\/3730601375284122\"><b>Olivia Silva Nery<\/b><\/a><\/p>\n<p><img class=\"alignnone wp-image-2062 size-thumbnail\" src=\"https:\/\/wp.ufpel.edu.br\/ppgmp\/files\/2021\/04\/Foto-Olivia-200x200.jpg\" alt=\"\" width=\"200\" height=\"200\" srcset=\"https:\/\/wp.ufpel.edu.br\/ppgmp\/files\/2021\/04\/Foto-Olivia-200x200.jpg 200w, https:\/\/wp.ufpel.edu.br\/ppgmp\/files\/2021\/04\/Foto-Olivia-400x400.jpg 400w, https:\/\/wp.ufpel.edu.br\/ppgmp\/files\/2021\/04\/Foto-Olivia.jpg 640w\" sizes=\"(max-width: 200px) 100vw, 200px\" \/><\/p>\n<p>\u00c1rea de interesse: Patrim\u00f4nio industrial, Museus, Objetos, Acervos e Patrim\u00f4nio Cultural.<\/p>\n<p>&nbsp;<\/p>\n<p><a href=\"http:\/\/lattes.cnpq.br\/4880820875937135\"><strong>Marcio Tascheto<\/strong><\/a><\/p>\n<p><img class=\"alignnone wp-image-2063 size-thumbnail\" src=\"https:\/\/wp.ufpel.edu.br\/ppgmp\/files\/2021\/04\/Foto-Marcio-200x200.jpg\" alt=\"\" width=\"200\" height=\"200\" \/><\/p>\n<p>\u00c1reas de Interesse: processos educativos em espa\u00e7os n\u00e3o formais; Cidade, mem\u00f3ria e educa\u00e7\u00e3o; Pedagogias urbanas; Territ\u00f3rios educativos e patrim\u00f4nio hist\u00f3rico; Po\u00e9ticas urbanas e educa\u00e7\u00e3o;<\/p>\n<p>&nbsp;<\/p>\n<p><strong>Aloir Pacini<\/strong><\/p>\n<p><img class=\"alignnone wp-image-2075 size-thumbnail\" src=\"https:\/\/wp.ufpel.edu.br\/ppgmp\/files\/2021\/04\/IMG_0077-Aloir-200x200.jpg\" alt=\"\" width=\"200\" height=\"200\" \/><\/p>\n<p style=\"text-align: justify\">Aloir Pacini \u00e9 antrop\u00f3logo<b>\u00a0<\/b>jesu\u00edta e professor da Universidade Federal de Mato Grosso \u2013 UFMT em est\u00e1gio p\u00f3s-doutoral com pesquisa sobre o territ\u00f3rio transnacional dos Guaranis. Desde 2000 est\u00e1 pr\u00f3ximo dos Chiquitanos, mas sua pesquisa aprofundou-se no doutorado pela UFRGS (2008-2012) quando mostrou por diversos meios que o Brasil negociou com a Bol\u00edvia e avan\u00e7ou para dentro do territ\u00f3rio tradicional Chiquitano suas fronteiras e que as acusa\u00e7\u00f5es de que os Chiquitanos s\u00e3o estrangeiros s\u00e3o falsas. Trata-se de uma popula\u00e7\u00e3o majorit\u00e1ria que ocupa toda a fronteira, desde antes de estabelecerem os limites atuais dos Estados. At\u00e9 os dias de hoje n\u00e3o s\u00e3o reconhecidos como cidad\u00e3os plenos no Brasil. Um dos sinais \u00e9 que o governo tem legalizado grande parte dessa fronteira para os colonos e n\u00e3o demarca o territ\u00f3rio tradicional para seus leg\u00edtimos donos que a utilizam segundo seus usos e costumes. Outro dado est\u00e1 no Cadernos IHU-ideias n\u00ba 292: A<i>s identidades Chiquitanas em perigo nas Fronteiras<\/i>\u00a0(2019). E o terceiro sinal est\u00e1 sendo trazido em diversas publica\u00e7\u00f5es desde a\u00a0<i>chacinagem<\/i>\u00a0acontecida em 11\/08\/2020.<\/p>\n<p>&nbsp;<\/p>\n<p><a href=\"http:\/\/lattes.cnpq.br\/7198255018790426\"><strong>Jossana Peil Coelho<\/strong><\/a><\/p>\n<p><img class=\"alignnone size-full wp-image-2351\" src=\"https:\/\/wp.ufpel.edu.br\/ppgmp\/files\/2022\/02\/Jossana-2.jpg\" alt=\"\" width=\"180\" height=\"240\" \/><\/p>\n<p>\u00c1reas de interesse: Patrim\u00f4nio industrial, musealiza\u00e7\u00e3o, desenvolvimento territorial e mem\u00f3ria social.<\/p>\n","protected":false},"excerpt":{"rendered":"<p>Luciana de Castro Neves Costa\u00a0 \u00c1reas de interesse: Gest\u00e3o do patrim\u00f4nio cultural; turismo; paisagem cultural; processos de patrimonializa\u00e7\u00e3o e valoriza\u00e7\u00e3o de referentes culturais alimentares. &nbsp; Olivia Silva Nery \u00c1rea de interesse: Patrim\u00f4nio industrial, Museus, Objetos, Acervos e Patrim\u00f4nio Cultural. &nbsp; Marcio Tascheto \u00c1reas de Interesse: processos educativos em espa\u00e7os n\u00e3o formais; Cidade, mem\u00f3ria e educa\u00e7\u00e3o; [&hellip;]<\/p>\n","protected":false},"author":700,"featured_media":0,"parent":1893,"menu_order":2,"comment_status":"closed","ping_status":"closed","template":"","meta":{"footnotes":""},"class_list":["post-1899","page","type-page","status-publish","hentry"],"_links":{"self":[{"href":"https:\/\/wp.ufpel.edu.br\/ppgmp\/wp-json\/wp\/v2\/pages\/1899","targetHints":{"allow":["GET"]}}],"collection":[{"href":"https:\/\/wp.ufpel.edu.br\/ppgmp\/wp-json\/wp\/v2\/pages"}],"about":[{"href":"https:\/\/wp.ufpel.edu.br\/ppgmp\/wp-json\/wp\/v2\/types\/page"}],"author":[{"embeddable":true,"href":"https:\/\/wp.ufpel.edu.br\/ppgmp\/wp-json\/wp\/v2\/users\/700"}],"replies":[{"embeddable":true,"href":"https:\/\/wp.ufpel.edu.br\/ppgmp\/wp-json\/wp\/v2\/comments?post=1899"}],"version-history":[{"count":7,"href":"https:\/\/wp.ufpel.edu.br\/ppgmp\/wp-json\/wp\/v2\/pages\/1899\/revisions"}],"predecessor-version":[{"id":2352,"href":"https:\/\/wp.ufpel.edu.br\/ppgmp\/wp-json\/wp\/v2\/pages\/1899\/revisions\/2352"}],"up":[{"embeddable":true,"href":"https:\/\/wp.ufpel.edu.br\/ppgmp\/wp-json\/wp\/v2\/pages\/1893"}],"wp:attachment":[{"href":"https:\/\/wp.ufpel.edu.br\/ppgmp\/wp-json\/wp\/v2\/media?parent=1899"}],"curies":[{"name":"wp","href":"https:\/\/api.w.org\/{rel}","templated":true}]}}