{"id":1102,"date":"2018-12-14T22:25:01","date_gmt":"2018-12-15T00:25:01","guid":{"rendered":"https:\/\/wp.ufpel.edu.br\/ppgmp\/?page_id=1102"},"modified":"2021-03-05T18:23:20","modified_gmt":"2021-03-05T21:23:20","slug":"registro-de-atividades","status":"publish","type":"page","link":"https:\/\/wp.ufpel.edu.br\/ppgmp\/eventos\/registro-de-atividades\/","title":{"rendered":"Registro Fotogr\u00e1fico de Eventos e Atividades"},"content":{"rendered":"<p>&nbsp;<\/p>\n<p class=\"corTexto\"><strong>I Forum Nacional dos Coordenadores de Programas de P\u00f3s-Gradua\u00e7\u00e3o Interdisciplinares em Mem\u00f3ria e Patrim\u00f4nio, realizado em novembro de 2019<\/strong><\/p>\n<p>&nbsp;<\/p>\n<p><img class=\"alignnone size-full wp-image-1981\" src=\"https:\/\/wp.ufpel.edu.br\/ppgmp\/files\/2021\/03\/IMG_8247-400x267-1.jpg\" alt=\"\" width=\"400\" height=\"267\" \/><img class=\"alignnone size-full wp-image-1982\" src=\"https:\/\/wp.ufpel.edu.br\/ppgmp\/files\/2021\/03\/IMG_8251-400x266-1.jpg\" alt=\"\" width=\"400\" height=\"266\" \/><\/p>\n<p>&nbsp;<\/p>\n<p><strong>Apresenta\u00e7\u00e3o junto a\u00a0comunidade\u00a0do Projeto do Centro Cultural da Esta\u00e7\u00e3o Ferrovi\u00e1ria &#8211; 18 de agosto de 2019<\/strong><\/p>\n<p><strong><img class=\"alignnone size-full wp-image-1989\" src=\"https:\/\/wp.ufpel.edu.br\/ppgmp\/files\/2021\/03\/pp-400x225-1.jpg\" alt=\"\" width=\"400\" height=\"225\" \/><\/strong><\/p>\n<p>&nbsp;<\/p>\n<p><img class=\"alignnone size-full wp-image-1988\" src=\"https:\/\/wp.ufpel.edu.br\/ppgmp\/files\/2021\/03\/Guillermo-Gomez_18_08_19-27-400x267-2.jpg\" alt=\"\" width=\"400\" height=\"267\" \/><\/p>\n<p><strong>9\u00ba Semin\u00e1rio Internacional Mem\u00f3ria e Patrim\u00f4nio, que ocorreu entre os dias 15 e 17 de Maio de 2019<\/strong><\/p>\n<p><img class=\"alignnone size-medium wp-image-1319\" src=\"https:\/\/wp.ufpel.edu.br\/ppgmp\/files\/2019\/05\/DSC_0577-400x266.jpg\" alt=\"\" width=\"400\" height=\"266\" srcset=\"https:\/\/wp.ufpel.edu.br\/ppgmp\/files\/2019\/05\/DSC_0577-400x266.jpg 400w, https:\/\/wp.ufpel.edu.br\/ppgmp\/files\/2019\/05\/DSC_0577-768x510.jpg 768w, https:\/\/wp.ufpel.edu.br\/ppgmp\/files\/2019\/05\/DSC_0577-1024x680.jpg 1024w\" sizes=\"(max-width: 400px) 100vw, 400px\" \/><img class=\"alignnone size-medium wp-image-1320\" src=\"https:\/\/wp.ufpel.edu.br\/ppgmp\/files\/2019\/05\/DSC_0678-400x266.jpg\" alt=\"\" width=\"400\" height=\"266\" srcset=\"https:\/\/wp.ufpel.edu.br\/ppgmp\/files\/2019\/05\/DSC_0678-400x266.jpg 400w, https:\/\/wp.ufpel.edu.br\/ppgmp\/files\/2019\/05\/DSC_0678-768x510.jpg 768w, https:\/\/wp.ufpel.edu.br\/ppgmp\/files\/2019\/05\/DSC_0678-1024x680.jpg 1024w\" sizes=\"(max-width: 400px) 100vw, 400px\" \/><\/p>\n<p><img class=\"alignnone size-medium wp-image-1321\" src=\"https:\/\/wp.ufpel.edu.br\/ppgmp\/files\/2019\/05\/fe-400x300.jpg\" alt=\"\" width=\"400\" height=\"300\" srcset=\"https:\/\/wp.ufpel.edu.br\/ppgmp\/files\/2019\/05\/fe-400x300.jpg 400w, https:\/\/wp.ufpel.edu.br\/ppgmp\/files\/2019\/05\/fe-768x576.jpg 768w, https:\/\/wp.ufpel.edu.br\/ppgmp\/files\/2019\/05\/fe-1024x768.jpg 1024w\" sizes=\"(max-width: 400px) 100vw, 400px\" \/><img class=\"alignnone size-medium wp-image-1322\" src=\"https:\/\/wp.ufpel.edu.br\/ppgmp\/files\/2019\/05\/fDSC_0772-400x266.jpg\" alt=\"\" width=\"400\" height=\"266\" srcset=\"https:\/\/wp.ufpel.edu.br\/ppgmp\/files\/2019\/05\/fDSC_0772-400x266.jpg 400w, https:\/\/wp.ufpel.edu.br\/ppgmp\/files\/2019\/05\/fDSC_0772-768x510.jpg 768w, https:\/\/wp.ufpel.edu.br\/ppgmp\/files\/2019\/05\/fDSC_0772-1024x680.jpg 1024w\" sizes=\"(max-width: 400px) 100vw, 400px\" \/><\/p>\n<p><strong>Confer\u00eancia &#8220;Alimenta\u00e7\u00e3o, territ\u00f3rio e patrim\u00f4nio&#8221;, com o Dr. Ignacio L\u00f3pez Moreno&#8221;, que ocorreu no dia 20\/03\/2019<\/strong><\/p>\n<p><img class=\"alignnone size-medium wp-image-1260\" src=\"https:\/\/wp.ufpel.edu.br\/ppgmp\/files\/2019\/03\/Alimenta\u00e7\u00e3o-territ\u00f3rio-2-1-400x254.jpg\" alt=\"\" width=\"400\" height=\"254\" srcset=\"https:\/\/wp.ufpel.edu.br\/ppgmp\/files\/2019\/03\/Alimenta\u00e7\u00e3o-territ\u00f3rio-2-1-400x254.jpg 400w, https:\/\/wp.ufpel.edu.br\/ppgmp\/files\/2019\/03\/Alimenta\u00e7\u00e3o-territ\u00f3rio-2-1-768x488.jpg 768w, https:\/\/wp.ufpel.edu.br\/ppgmp\/files\/2019\/03\/Alimenta\u00e7\u00e3o-territ\u00f3rio-2-1-1024x650.jpg 1024w\" sizes=\"(max-width: 400px) 100vw, 400px\" \/><img class=\"alignnone size-medium wp-image-1273\" src=\"https:\/\/wp.ufpel.edu.br\/ppgmp\/files\/2019\/03\/F20190320_193709-400x225.jpg\" alt=\"\" width=\"400\" height=\"225\" srcset=\"https:\/\/wp.ufpel.edu.br\/ppgmp\/files\/2019\/03\/F20190320_193709-400x225.jpg 400w, https:\/\/wp.ufpel.edu.br\/ppgmp\/files\/2019\/03\/F20190320_193709-768x431.jpg 768w, https:\/\/wp.ufpel.edu.br\/ppgmp\/files\/2019\/03\/F20190320_193709-1024x575.jpg 1024w\" sizes=\"(max-width: 400px) 100vw, 400px\" \/><\/p>\n<p>&nbsp;<\/p>\n<p><strong>Apresenta\u00e7\u00e3o do PPGMP para os mestrandos e doutorandos de 2019<\/strong><\/p>\n<p><img class=\"alignnone size-medium wp-image-1268\" src=\"https:\/\/wp.ufpel.edu.br\/ppgmp\/files\/2019\/03\/F20190319_141043-400x225.jpg\" alt=\"\" width=\"400\" height=\"225\" srcset=\"https:\/\/wp.ufpel.edu.br\/ppgmp\/files\/2019\/03\/F20190319_141043-400x225.jpg 400w, https:\/\/wp.ufpel.edu.br\/ppgmp\/files\/2019\/03\/F20190319_141043-768x431.jpg 768w, https:\/\/wp.ufpel.edu.br\/ppgmp\/files\/2019\/03\/F20190319_141043-1024x575.jpg 1024w\" sizes=\"(max-width: 400px) 100vw, 400px\" \/> <img class=\"alignnone size-medium wp-image-1270\" src=\"https:\/\/wp.ufpel.edu.br\/ppgmp\/files\/2019\/03\/F20190319_141030-400x225.jpg\" alt=\"\" width=\"400\" height=\"225\" srcset=\"https:\/\/wp.ufpel.edu.br\/ppgmp\/files\/2019\/03\/F20190319_141030-400x225.jpg 400w, https:\/\/wp.ufpel.edu.br\/ppgmp\/files\/2019\/03\/F20190319_141030-768x431.jpg 768w, https:\/\/wp.ufpel.edu.br\/ppgmp\/files\/2019\/03\/F20190319_141030-1024x575.jpg 1024w\" sizes=\"(max-width: 400px) 100vw, 400px\" \/><\/p>\n<p>&nbsp;<\/p>\n<p><strong>&#8220;Curso de Ver\u00e3o: teorias da mem\u00f3ria&#8221;<\/strong><\/p>\n<p><img class=\"alignnone wp-image-1240 size-medium\" src=\"https:\/\/wp.ufpel.edu.br\/ppgmp\/files\/2019\/02\/Curso-de-ver\u00e3o-1-400x300.jpg\" alt=\"\" width=\"400\" height=\"300\" srcset=\"https:\/\/wp.ufpel.edu.br\/ppgmp\/files\/2019\/02\/Curso-de-ver\u00e3o-1-400x300.jpg 400w, https:\/\/wp.ufpel.edu.br\/ppgmp\/files\/2019\/02\/Curso-de-ver\u00e3o-1-768x576.jpg 768w, https:\/\/wp.ufpel.edu.br\/ppgmp\/files\/2019\/02\/Curso-de-ver\u00e3o-1-1024x768.jpg 1024w, https:\/\/wp.ufpel.edu.br\/ppgmp\/files\/2019\/02\/Curso-de-ver\u00e3o-1.jpg 2000w\" sizes=\"(max-width: 400px) 100vw, 400px\" \/>\u00a0 <img class=\"alignnone wp-image-1264 size-medium\" src=\"https:\/\/wp.ufpel.edu.br\/ppgmp\/files\/2019\/03\/53766482_485015348697123_8864978864502210560_n-400x225.jpg\" alt=\"\" width=\"400\" height=\"225\" srcset=\"https:\/\/wp.ufpel.edu.br\/ppgmp\/files\/2019\/03\/53766482_485015348697123_8864978864502210560_n-400x225.jpg 400w, https:\/\/wp.ufpel.edu.br\/ppgmp\/files\/2019\/03\/53766482_485015348697123_8864978864502210560_n-768x431.jpg 768w, https:\/\/wp.ufpel.edu.br\/ppgmp\/files\/2019\/03\/53766482_485015348697123_8864978864502210560_n.jpg 960w\" sizes=\"(max-width: 400px) 100vw, 400px\" \/><\/p>\n<p><img class=\"alignnone size-medium wp-image-1265\" src=\"https:\/\/wp.ufpel.edu.br\/ppgmp\/files\/2019\/03\/1-400x225.jpg\" alt=\"\" width=\"400\" height=\"225\" srcset=\"https:\/\/wp.ufpel.edu.br\/ppgmp\/files\/2019\/03\/1-400x225.jpg 400w, https:\/\/wp.ufpel.edu.br\/ppgmp\/files\/2019\/03\/1-768x431.jpg 768w, https:\/\/wp.ufpel.edu.br\/ppgmp\/files\/2019\/03\/1.jpg 960w\" sizes=\"(max-width: 400px) 100vw, 400px\" \/>\u00a0 <img class=\"alignnone size-medium wp-image-1266\" src=\"https:\/\/wp.ufpel.edu.br\/ppgmp\/files\/2019\/03\/2-400x225.jpg\" alt=\"\" width=\"400\" height=\"225\" srcset=\"https:\/\/wp.ufpel.edu.br\/ppgmp\/files\/2019\/03\/2-400x225.jpg 400w, https:\/\/wp.ufpel.edu.br\/ppgmp\/files\/2019\/03\/2-768x431.jpg 768w, https:\/\/wp.ufpel.edu.br\/ppgmp\/files\/2019\/03\/2.jpg 960w\" sizes=\"(max-width: 400px) 100vw, 400px\" \/><\/p>\n<p>&nbsp;<\/p>\n<p><strong>Visita t\u00e9cnica do PPGMP na Esta\u00e7\u00e3o Ferrovi\u00e1ria e no Castelo Sim\u00f5es Lopes, em Pelotas:<\/strong><\/p>\n<p><img class=\"alignnone size-medium wp-image-1161\" src=\"https:\/\/wp.ufpel.edu.br\/ppgmp\/files\/2019\/01\/1-400x225.jpg\" alt=\"\" width=\"400\" height=\"225\" srcset=\"https:\/\/wp.ufpel.edu.br\/ppgmp\/files\/2019\/01\/1-400x225.jpg 400w, https:\/\/wp.ufpel.edu.br\/ppgmp\/files\/2019\/01\/1-768x431.jpg 768w, https:\/\/wp.ufpel.edu.br\/ppgmp\/files\/2019\/01\/1-1024x575.jpg 1024w\" sizes=\"(max-width: 400px) 100vw, 400px\" \/><img class=\"alignnone size-medium wp-image-1162\" src=\"https:\/\/wp.ufpel.edu.br\/ppgmp\/files\/2019\/01\/4-400x225.jpg\" alt=\"\" width=\"400\" height=\"225\" srcset=\"https:\/\/wp.ufpel.edu.br\/ppgmp\/files\/2019\/01\/4-400x225.jpg 400w, https:\/\/wp.ufpel.edu.br\/ppgmp\/files\/2019\/01\/4-768x431.jpg 768w, https:\/\/wp.ufpel.edu.br\/ppgmp\/files\/2019\/01\/4-1024x575.jpg 1024w\" sizes=\"(max-width: 400px) 100vw, 400px\" \/><\/p>\n<p><img class=\"alignnone size-medium wp-image-1163\" src=\"https:\/\/wp.ufpel.edu.br\/ppgmp\/files\/2019\/01\/20190125_101502-400x225.jpg\" alt=\"\" width=\"400\" height=\"225\" srcset=\"https:\/\/wp.ufpel.edu.br\/ppgmp\/files\/2019\/01\/20190125_101502-400x225.jpg 400w, https:\/\/wp.ufpel.edu.br\/ppgmp\/files\/2019\/01\/20190125_101502-768x431.jpg 768w, https:\/\/wp.ufpel.edu.br\/ppgmp\/files\/2019\/01\/20190125_101502-1024x575.jpg 1024w\" sizes=\"(max-width: 400px) 100vw, 400px\" \/><img class=\"alignnone size-medium wp-image-1164\" src=\"https:\/\/wp.ufpel.edu.br\/ppgmp\/files\/2019\/01\/10-400x300.jpg\" alt=\"\" width=\"400\" height=\"300\" srcset=\"https:\/\/wp.ufpel.edu.br\/ppgmp\/files\/2019\/01\/10-400x300.jpg 400w, https:\/\/wp.ufpel.edu.br\/ppgmp\/files\/2019\/01\/10-768x576.jpg 768w, https:\/\/wp.ufpel.edu.br\/ppgmp\/files\/2019\/01\/10-1024x768.jpg 1024w, https:\/\/wp.ufpel.edu.br\/ppgmp\/files\/2019\/01\/10.jpg 1280w\" sizes=\"(max-width: 400px) 100vw, 400px\" \/><\/p>\n<p>&nbsp;<\/p>\n<p><strong>Encontro &#8220;Pol\u00edticas de mem\u00f3ria: o que se estuda? Como se estuda?&#8221;, com o Prof. Dr. Carlos Artur Gallo:<\/strong><\/p>\n<p><img class=\"alignnone size-medium wp-image-1099\" src=\"https:\/\/wp.ufpel.edu.br\/ppgmp\/files\/2018\/12\/Flyer-carlos-gallo-283x400.jpg\" alt=\"\" width=\"283\" height=\"400\" srcset=\"https:\/\/wp.ufpel.edu.br\/ppgmp\/files\/2018\/12\/Flyer-carlos-gallo-283x400.jpg 283w, https:\/\/wp.ufpel.edu.br\/ppgmp\/files\/2018\/12\/Flyer-carlos-gallo-768x1086.jpg 768w, https:\/\/wp.ufpel.edu.br\/ppgmp\/files\/2018\/12\/Flyer-carlos-gallo-724x1024.jpg 724w, https:\/\/wp.ufpel.edu.br\/ppgmp\/files\/2018\/12\/Flyer-carlos-gallo.jpg 794w\" sizes=\"(max-width: 283px) 100vw, 283px\" \/><\/p>\n<p><img class=\"alignnone wp-image-1104 size-medium\" src=\"https:\/\/wp.ufpel.edu.br\/ppgmp\/files\/2018\/12\/F20181212_171541-400x225.jpg\" alt=\"\" width=\"400\" height=\"225\" srcset=\"https:\/\/wp.ufpel.edu.br\/ppgmp\/files\/2018\/12\/F20181212_171541-400x225.jpg 400w, https:\/\/wp.ufpel.edu.br\/ppgmp\/files\/2018\/12\/F20181212_171541-768x431.jpg 768w, https:\/\/wp.ufpel.edu.br\/ppgmp\/files\/2018\/12\/F20181212_171541-1024x575.jpg 1024w\" sizes=\"(max-width: 400px) 100vw, 400px\" \/><\/p>\n<p><img class=\"alignnone wp-image-1105 size-medium\" src=\"https:\/\/wp.ufpel.edu.br\/ppgmp\/files\/2018\/12\/F20181212_172615-400x225.jpg\" alt=\"\" width=\"400\" height=\"225\" srcset=\"https:\/\/wp.ufpel.edu.br\/ppgmp\/files\/2018\/12\/F20181212_172615-400x225.jpg 400w, https:\/\/wp.ufpel.edu.br\/ppgmp\/files\/2018\/12\/F20181212_172615-768x431.jpg 768w, https:\/\/wp.ufpel.edu.br\/ppgmp\/files\/2018\/12\/F20181212_172615-1024x575.jpg 1024w\" sizes=\"(max-width: 400px) 100vw, 400px\" \/><\/p>\n","protected":false},"excerpt":{"rendered":"<p>&nbsp; I Forum Nacional dos Coordenadores de Programas de P\u00f3s-Gradua\u00e7\u00e3o Interdisciplinares em Mem\u00f3ria e Patrim\u00f4nio, realizado em novembro de 2019 &nbsp; &nbsp; Apresenta\u00e7\u00e3o junto a\u00a0comunidade\u00a0do Projeto do Centro Cultural da Esta\u00e7\u00e3o Ferrovi\u00e1ria &#8211; 18 de agosto de 2019 &nbsp; 9\u00ba Semin\u00e1rio Internacional Mem\u00f3ria e Patrim\u00f4nio, que ocorreu entre os dias 15 e 17 de Maio [&hellip;]<\/p>\n","protected":false},"author":700,"featured_media":0,"parent":460,"menu_order":3,"comment_status":"closed","ping_status":"closed","template":"","meta":{"footnotes":""},"class_list":["post-1102","page","type-page","status-publish","hentry"],"_links":{"self":[{"href":"https:\/\/wp.ufpel.edu.br\/ppgmp\/wp-json\/wp\/v2\/pages\/1102","targetHints":{"allow":["GET"]}}],"collection":[{"href":"https:\/\/wp.ufpel.edu.br\/ppgmp\/wp-json\/wp\/v2\/pages"}],"about":[{"href":"https:\/\/wp.ufpel.edu.br\/ppgmp\/wp-json\/wp\/v2\/types\/page"}],"author":[{"embeddable":true,"href":"https:\/\/wp.ufpel.edu.br\/ppgmp\/wp-json\/wp\/v2\/users\/700"}],"replies":[{"embeddable":true,"href":"https:\/\/wp.ufpel.edu.br\/ppgmp\/wp-json\/wp\/v2\/comments?post=1102"}],"version-history":[{"count":27,"href":"https:\/\/wp.ufpel.edu.br\/ppgmp\/wp-json\/wp\/v2\/pages\/1102\/revisions"}],"predecessor-version":[{"id":1990,"href":"https:\/\/wp.ufpel.edu.br\/ppgmp\/wp-json\/wp\/v2\/pages\/1102\/revisions\/1990"}],"up":[{"embeddable":true,"href":"https:\/\/wp.ufpel.edu.br\/ppgmp\/wp-json\/wp\/v2\/pages\/460"}],"wp:attachment":[{"href":"https:\/\/wp.ufpel.edu.br\/ppgmp\/wp-json\/wp\/v2\/media?parent=1102"}],"curies":[{"name":"wp","href":"https:\/\/api.w.org\/{rel}","templated":true}]}}