{"id":102,"date":"2016-11-29T14:54:00","date_gmt":"2016-11-29T16:54:00","guid":{"rendered":"https:\/\/wp.ufpel.edu.br\/ppgmp\/?page_id=102"},"modified":"2023-03-30T16:31:30","modified_gmt":"2023-03-30T19:31:30","slug":"historico","status":"publish","type":"page","link":"https:\/\/wp.ufpel.edu.br\/ppgmp\/apresentacao\/historico\/","title":{"rendered":"Hist\u00f3rico"},"content":{"rendered":"<p style=\"text-align: justify;\">O Programa de P\u00f3s-Gradua\u00e7\u00e3o em Mem\u00f3ria Social e Patrim\u00f4nio Cultural da Universidade Federal de Pelotas, surge em 2006 com o n\u00edvel de Mestrado, caudat\u00e1rio de duas experi\u00eancias anteriores, o Curso de Especializa\u00e7\u00e3o em Patrim\u00f4nio Cultural e Conserva\u00e7\u00e3o de Artefatos, fundado em 1991, no ent\u00e3o Instituto de Letras e Artes e da experi\u00eancia coletiva plasmada no Curso de Especializa\u00e7\u00e3o em Mem\u00f3ria, Identidade e Cultura Material, que funcionou dos anos 2003 at\u00e9 2005. Em 2013, inaugurou-se o curso de Doutorado, depois de j\u00e1 terem sido diplomados dezenas de Mestres.<\/p>\n<p style=\"text-align: justify;\">A expans\u00e3o do conceito de patrim\u00f4nio, os novos usos do passado e um movimento cont\u00ednuo de pol\u00edticas de mem\u00f3ria e patrim\u00f4nio, trouxeram novos objetos e novos desafios epistemol\u00f3gicos frente aos quais o PPGMP vem se posicionando constantemente.<\/p>\n<p style=\"text-align: justify;\">No contexto local a cidade de Pelotas e a regi\u00e3o na qual se encontra, constituem um circuito geogr\u00e1fico fortemente marcado por uma Hist\u00f3ria militar e pol\u00edtica de relev\u00e2ncia no sul do Brasil. Palco de in\u00fameros epis\u00f3dios pol\u00edticos e econ\u00f4micos emblem\u00e1ticos do s\u00e9culo XIX, como a Revolu\u00e7\u00e3o Farroupilha e o ciclo econ\u00f4mico do charque, essa regi\u00e3o foi afetada nas primeiras d\u00e9cadas do s\u00e9culo XX, por um progressivo processo de recess\u00e3o econ\u00f4mica, o que ficou refletido no modelo urbano local que, ao contr\u00e1rio de acompanhar o ritmo de moderniza\u00e7\u00e3o de outras regi\u00f5es brasileiras, manteve elementos da paisagem edificada remanescente do s\u00e9culo XIX e in\u00edcios do s\u00e9culo XX. Se foi o patrim\u00f4nio edificado respons\u00e1vel por colocar a cidade em destaque pelas iniciativas\u00a0 no campo da preserva\u00e7\u00e3o e legisla\u00e7\u00e3o, por sua vez o patrim\u00f4nio imaterial constitu\u00eddo em torno da tradi\u00e7\u00e3o doceira, vem sendo um elemento de articula\u00e7\u00e3o da identidade local. Neste contexto o PPGMP surgiu e vem sendo uma referencia importante pelas pesquisas e trabalhos de interven\u00e7\u00e3o que realiza de forma direta e indireta, atrav\u00e9s de egressos, no \u00e2mbito local e regional.<\/p>\n<p style=\"text-align: justify;\">Ao mesmo tempo a proximidade com a fronteira platina foi um est\u00edmulo para incentivar estudos no campo das pol\u00edticas de mem\u00f3ria e patrim\u00f4nio no espa\u00e7o do MERCOSUL,tendo sido criada uma linha de pesquisa com esta denomina\u00e7\u00e3o e dentro da qual v\u00e1rias pesquisas, interc\u00e2mbios cient\u00edfico e mobilidade acad\u00eamica est\u00e3o sendo realizadas.<\/p>\n<p style=\"text-align: justify;\">A internacionaliza\u00e7\u00e3o do Programa vem sendo estimulada por essa dimens\u00e3o MERCOSUL mas igualmente por v\u00e1rias redes de pesquisa e mobilidade que v\u00eam sendo constru\u00eddas ao longo destes dez anos em v\u00e1rios pa\u00edses do continente americano e tamb\u00e9m europeu, o que possibilita a participa\u00e7\u00e3o cont\u00ednua de professores estrangeiros junto ao PPGMP. Esta internacionaliza\u00e7\u00e3o pode igualmente ser aferida pela procura que o Programa vem tendo por parte de estudantes estrangeiros, oriundos de diferentes pa\u00edses e continente.<\/p>\n","protected":false},"excerpt":{"rendered":"<p>O Programa de P\u00f3s-Gradua\u00e7\u00e3o em Mem\u00f3ria Social e Patrim\u00f4nio Cultural da Universidade Federal de Pelotas, surge em 2006 com o n\u00edvel de Mestrado, caudat\u00e1rio de duas experi\u00eancias anteriores, o Curso de Especializa\u00e7\u00e3o em Patrim\u00f4nio Cultural e Conserva\u00e7\u00e3o de Artefatos, fundado em 1991, no ent\u00e3o Instituto de Letras e Artes e da experi\u00eancia coletiva plasmada no [&hellip;]<\/p>\n","protected":false},"author":700,"featured_media":0,"parent":4,"menu_order":0,"comment_status":"closed","ping_status":"closed","template":"","meta":{"footnotes":""},"class_list":["post-102","page","type-page","status-publish","hentry"],"_links":{"self":[{"href":"https:\/\/wp.ufpel.edu.br\/ppgmp\/wp-json\/wp\/v2\/pages\/102","targetHints":{"allow":["GET"]}}],"collection":[{"href":"https:\/\/wp.ufpel.edu.br\/ppgmp\/wp-json\/wp\/v2\/pages"}],"about":[{"href":"https:\/\/wp.ufpel.edu.br\/ppgmp\/wp-json\/wp\/v2\/types\/page"}],"author":[{"embeddable":true,"href":"https:\/\/wp.ufpel.edu.br\/ppgmp\/wp-json\/wp\/v2\/users\/700"}],"replies":[{"embeddable":true,"href":"https:\/\/wp.ufpel.edu.br\/ppgmp\/wp-json\/wp\/v2\/comments?post=102"}],"version-history":[{"count":6,"href":"https:\/\/wp.ufpel.edu.br\/ppgmp\/wp-json\/wp\/v2\/pages\/102\/revisions"}],"predecessor-version":[{"id":2633,"href":"https:\/\/wp.ufpel.edu.br\/ppgmp\/wp-json\/wp\/v2\/pages\/102\/revisions\/2633"}],"up":[{"embeddable":true,"href":"https:\/\/wp.ufpel.edu.br\/ppgmp\/wp-json\/wp\/v2\/pages\/4"}],"wp:attachment":[{"href":"https:\/\/wp.ufpel.edu.br\/ppgmp\/wp-json\/wp\/v2\/media?parent=102"}],"curies":[{"name":"wp","href":"https:\/\/api.w.org\/{rel}","templated":true}]}}