{"id":3797,"date":"2023-03-13T10:53:43","date_gmt":"2023-03-13T13:53:43","guid":{"rendered":"https:\/\/wp.ufpel.edu.br\/ppgmmat\/?page_id=3797"},"modified":"2024-03-03T20:36:56","modified_gmt":"2024-03-03T23:36:56","slug":"2023-2","status":"publish","type":"page","link":"https:\/\/wp.ufpel.edu.br\/ppgmmat\/2023-2\/","title":{"rendered":"DISSERTA\u00c7\u00d5ES APRESENTADAS EM 2023"},"content":{"rendered":"<p>Neste link voc\u00ea poder\u00e1 encontrar a rela\u00e7\u00e3o de todas as disserta\u00e7\u00f5es apresentadas ao Programa de P\u00f3s-Gradua\u00e7\u00e3o em Modelagem Matem\u00e1tica da UFPel no ano de 2023.<\/p>\n<p>49) <strong>Letiane Ludwig Mielke<\/strong>: Um modelo epidemiol\u00f3gico para o estudo da dengue considerando o controle do mosquito. Defesa: 06\/06\/2023. <a href=\"https:\/\/wp.ufpel.edu.br\/ppgmmat\/files\/2024\/03\/Dissertacao-Letiane-Mielke.pdf\">Letiane Mielke<\/a><\/p>\n<p>50)<strong> Tamires Bojjis da Costa<\/strong>: Modelagem da condu\u00e7\u00e3o do calor em intrus\u00e3o magm\u00e1tica na forma\u00e7\u00e3o Irati. Defesa: 01\/09\/2023. <a href=\"https:\/\/wp.ufpel.edu.br\/ppgmmat\/files\/2024\/03\/TAMIRESCOSTA-Dissertacao.pdf\">Tamires Bojjis da Costa<\/a><\/p>\n<p>51)<strong> Felipe Copceski Rossato<\/strong>: Redes Neurais Convolucionais Recorrentes Aplicadas a Previs\u00e3o Meteorol\u00f3gica de Curto Prazo Atrav\u00e9s de Imagens de Radar.\u00a0 Defesa: 04\/09\/2023. <a href=\"https:\/\/wp.ufpel.edu.br\/ppgmmat\/files\/2023\/12\/6-Dissertacao-Versao-Final_compressed.pdf\">Felipe Rossato<\/a><\/p>\n<p>52) <strong>Ant\u00f4nio Marcos de Oliveira dos Santos<\/strong>: Um modelo matem\u00e1tico para o estudo da Monkeypox. Defesa: 06\/09\/2023. <a href=\"https:\/\/wp.ufpel.edu.br\/ppgmmat\/files\/2023\/12\/Dissertacao-versao-final.pdf\">Antonio Santos<\/a><\/p>\n<p>53) <strong>Lusianny Pereira Herzog<\/strong>: Simula\u00e7\u00e3o com m\u00e9todo Monte Carlo: Uma ferramenta para an\u00e1lise de risco no gerenciamento de projetos industriais. Defesa: 22\/12\/2023. <a href=\"https:\/\/wp.ufpel.edu.br\/ppgmmat\/files\/2024\/03\/Dissertacao-Final-Lusianny.pdf\">Lusianny Pereira Herzog<\/a><\/p>\n<p>&nbsp;<\/p>\n<p style=\"text-align: center;\"><span style=\"font-family: 'times new roman', times, serif;\"><span style=\"font-size: 18pt;\"><a href=\"https:\/\/wp.ufpel.edu.br\/ppgmmat\/dissertacoes\">Voltar a p\u00e1gina inicial<\/a>\u00a0<\/span><\/span><\/p>\n","protected":false},"excerpt":{"rendered":"<p>Neste link voc\u00ea poder\u00e1 encontrar a rela\u00e7\u00e3o de todas as disserta\u00e7\u00f5es apresentadas ao Programa de P\u00f3s-Gradua\u00e7\u00e3o em Modelagem Matem\u00e1tica da UFPel no ano de 2023. 49) Letiane Ludwig Mielke: Um modelo epidemiol\u00f3gico para o estudo da dengue considerando o controle do mosquito. Defesa: 06\/06\/2023. Letiane Mielke 50) Tamires Bojjis da Costa: Modelagem da condu\u00e7\u00e3o do [&hellip;]<\/p>\n","protected":false},"author":458,"featured_media":0,"parent":0,"menu_order":0,"comment_status":"closed","ping_status":"closed","template":"","meta":{"jetpack_post_was_ever_published":false,"footnotes":""},"class_list":["post-3797","page","type-page","status-publish","hentry"],"jetpack_sharing_enabled":true,"jetpack_shortlink":"https:\/\/wp.me\/ParAg0-Zf","_links":{"self":[{"href":"https:\/\/wp.ufpel.edu.br\/ppgmmat\/wp-json\/wp\/v2\/pages\/3797","targetHints":{"allow":["GET"]}}],"collection":[{"href":"https:\/\/wp.ufpel.edu.br\/ppgmmat\/wp-json\/wp\/v2\/pages"}],"about":[{"href":"https:\/\/wp.ufpel.edu.br\/ppgmmat\/wp-json\/wp\/v2\/types\/page"}],"author":[{"embeddable":true,"href":"https:\/\/wp.ufpel.edu.br\/ppgmmat\/wp-json\/wp\/v2\/users\/458"}],"replies":[{"embeddable":true,"href":"https:\/\/wp.ufpel.edu.br\/ppgmmat\/wp-json\/wp\/v2\/comments?post=3797"}],"version-history":[{"count":11,"href":"https:\/\/wp.ufpel.edu.br\/ppgmmat\/wp-json\/wp\/v2\/pages\/3797\/revisions"}],"predecessor-version":[{"id":4344,"href":"https:\/\/wp.ufpel.edu.br\/ppgmmat\/wp-json\/wp\/v2\/pages\/3797\/revisions\/4344"}],"wp:attachment":[{"href":"https:\/\/wp.ufpel.edu.br\/ppgmmat\/wp-json\/wp\/v2\/media?parent=3797"}],"curies":[{"name":"wp","href":"https:\/\/api.w.org\/{rel}","templated":true}]}}