{"id":3149,"date":"2021-05-06T09:39:27","date_gmt":"2021-05-06T12:39:27","guid":{"rendered":"https:\/\/wp.ufpel.edu.br\/ppgmmat\/?page_id=3149"},"modified":"2022-07-01T20:21:49","modified_gmt":"2022-07-01T23:21:49","slug":"2021-2","status":"publish","type":"page","link":"https:\/\/wp.ufpel.edu.br\/ppgmmat\/2021-2\/","title":{"rendered":"DISSERTA\u00c7\u00d5ES APRESENTADAS EM 2021"},"content":{"rendered":"<p>Neste link voc\u00ea poder\u00e1 encontrar a rela\u00e7\u00e3o de todas as disserta\u00e7\u00f5es apresentadas ao Programa de P\u00f3s-Gradua\u00e7\u00e3o em Modelagem Matem\u00e1tica da UFPel.<\/p>\n<p>&nbsp;<\/p>\n<p>34) <strong>Nat\u00e1lia Barros Schaun: <\/strong>Solu\u00e7\u00e3o das equa\u00e7\u00f5es da cin\u00e9tica pontual de neutrons com efeitos de temperatura e venenos: um estudo de caso do acidente de Chernobyl. Defesa: 06\/05\/2021. <a href=\"https:\/\/wp.ufpel.edu.br\/ppgmmat\/files\/2021\/07\/Dissertacao-Natalia.pdf\">Natalia Schaun<\/a><\/p>\n<p>35)<strong> Jo\u00e3o In\u00e1cio Bezerra: <\/strong>Um novo algoritmo de criptografia de alto desempenho baseado em modelos ca\u00f3ticos. Defesa: 24\/11\/2021. \u00a0 \u00a0<a href=\"https:\/\/wp.ufpel.edu.br\/ppgmmat\/files\/2022\/05\/Dissertacao-Final-Joao-Inacio.pdf\">Jo\u00e3o In\u00e1cio<\/a><\/p>\n<p>36) <strong>Lucas Tadeo:<\/strong> Simula\u00e7\u00e3o transiente unidimensional da dispers\u00e3o de poluentes na atmosfera considerando o fechamento n\u00e3o local da turbul\u00eancia. Defesa: 13\/12\/2021. \u00a0 \u00a0<a href=\"https:\/\/wp.ufpel.edu.br\/ppgmmat\/files\/2022\/05\/Dissertacao-Lucas-Tadeo-1.pdf\">Lucas Tadeo<\/a><\/p>\n<p>37) <strong>Dominiki Ribas:<\/strong> Simula\u00e7\u00e3o da Equa\u00e7\u00e3o de Advec\u00e7\u00e3o-Difus\u00e3o Estoc\u00e1stica para Simular a Concentra\u00e7\u00e3o e Deposi\u00e7\u00e3o de Am\u00f4nia em Confinamento Bovino. Defesa: 14\/12\/2021.\u00a0 <a href=\"https:\/\/wp.ufpel.edu.br\/ppgmmat\/files\/2022\/07\/DominikiRibas.pdf\">Dominiki Ribas<\/a><\/p>\n<p>38) <strong>Rafael Zanovelo Perin: <\/strong>Simula\u00e7\u00e3o num\u00e9rica e controle \u00f3timo em sistemas de \u00e1guas rasas. Defesa: 16\/12\/2021. <a href=\"https:\/\/wp.ufpel.edu.br\/ppgmmat\/files\/2022\/02\/Dissert_Rafael.pdf\">Rafael Perin<\/a><\/p>\n<p>39) <strong>Leonardo Alves de Leon:<\/strong> Impacto da Assimila\u00e7\u00e3o de Dados de Sondagens e Radi\u00e2ncias em Eventos de Ciclog\u00eanese. Defesa: 17\/12\/2021. <a href=\"https:\/\/wp.ufpel.edu.br\/ppgmmat\/files\/2022\/05\/Leonardo-Leon.pdf\">Leonardo Leon<\/a><\/p>\n<p style=\"text-align: center;\"><span style=\"font-family: 'times new roman', times, serif;\"><span style=\"font-size: 18pt;\"> <a href=\"https:\/\/wp.ufpel.edu.br\/ppgmmat\/dissertacoes\">Voltar a p\u00e1gina inicial<\/a>\u00a0<\/span><\/span><\/p>\n","protected":false},"excerpt":{"rendered":"<p>Neste link voc\u00ea poder\u00e1 encontrar a rela\u00e7\u00e3o de todas as disserta\u00e7\u00f5es apresentadas ao Programa de P\u00f3s-Gradua\u00e7\u00e3o em Modelagem Matem\u00e1tica da UFPel. &nbsp; 34) Nat\u00e1lia Barros Schaun: Solu\u00e7\u00e3o das equa\u00e7\u00f5es da cin\u00e9tica pontual de neutrons com efeitos de temperatura e venenos: um estudo de caso do acidente de Chernobyl. Defesa: 06\/05\/2021. Natalia Schaun 35) Jo\u00e3o In\u00e1cio [&hellip;]<\/p>\n","protected":false},"author":458,"featured_media":0,"parent":0,"menu_order":0,"comment_status":"closed","ping_status":"closed","template":"","meta":{"jetpack_post_was_ever_published":false,"footnotes":""},"class_list":["post-3149","page","type-page","status-publish","hentry"],"jetpack_sharing_enabled":true,"jetpack_shortlink":"https:\/\/wp.me\/ParAg0-ON","_links":{"self":[{"href":"https:\/\/wp.ufpel.edu.br\/ppgmmat\/wp-json\/wp\/v2\/pages\/3149","targetHints":{"allow":["GET"]}}],"collection":[{"href":"https:\/\/wp.ufpel.edu.br\/ppgmmat\/wp-json\/wp\/v2\/pages"}],"about":[{"href":"https:\/\/wp.ufpel.edu.br\/ppgmmat\/wp-json\/wp\/v2\/types\/page"}],"author":[{"embeddable":true,"href":"https:\/\/wp.ufpel.edu.br\/ppgmmat\/wp-json\/wp\/v2\/users\/458"}],"replies":[{"embeddable":true,"href":"https:\/\/wp.ufpel.edu.br\/ppgmmat\/wp-json\/wp\/v2\/comments?post=3149"}],"version-history":[{"count":15,"href":"https:\/\/wp.ufpel.edu.br\/ppgmmat\/wp-json\/wp\/v2\/pages\/3149\/revisions"}],"predecessor-version":[{"id":3635,"href":"https:\/\/wp.ufpel.edu.br\/ppgmmat\/wp-json\/wp\/v2\/pages\/3149\/revisions\/3635"}],"wp:attachment":[{"href":"https:\/\/wp.ufpel.edu.br\/ppgmmat\/wp-json\/wp\/v2\/media?parent=3149"}],"curies":[{"name":"wp","href":"https:\/\/api.w.org\/{rel}","templated":true}]}}