{"id":31,"date":"2012-02-05T19:09:08","date_gmt":"2012-02-05T19:09:08","guid":{"rendered":"http:\/\/localhost\/wordpress\/?page_id=31"},"modified":"2026-01-26T10:53:27","modified_gmt":"2026-01-26T13:53:27","slug":"dme-departamento-de-matematica-e-estatistica","status":"publish","type":"page","link":"https:\/\/wp.ufpel.edu.br\/ppgmmat\/dme-departamento-de-matematica-e-estatistica\/","title":{"rendered":"Sobre"},"content":{"rendered":"<p><span style=\"font-size: 8pt;\"><em>*use the \u201ctranslate\u201d button in the top right tab of the page for other languages.<\/em><\/span><\/p>\n<p>&nbsp;<\/p>\n<p>O Programa de P\u00f3s-Gradua\u00e7\u00e3o em Modelagem Matem\u00e1tica (PPGMMat) da Universidade Federal de Pelotas (UFPel), com sede no Instituto de F\u00edsica e Matem\u00e1tica, oferece o Curso de <strong>Mestrado e Doutorado em Modelagem Matem\u00e1tica<\/strong>.<\/p>\n<p><strong>Coordena\u00e7\u00e3o (maio 2024 &#8211; atual): <\/strong>Daniela Buske e Gl\u00eanio Aguiar Gon\u00e7alves<\/p>\n<p>&nbsp;<\/p>\n<p><strong>\u00c1rea de Concentra\u00e7\u00e3o: Modelagem Matem\u00e1tica<\/strong><\/p>\n<p>A \u00e1rea de Modelagem Matem\u00e1tica visa o desenvolvimento e a aplica\u00e7\u00e3o de m\u00e9todos na modelagem matem\u00e1tica e a simula\u00e7\u00e3o computacional de fen\u00f4menos naturais e tecnol\u00f3gicos das mais variadas naturezas e que ocorrem em diversas \u00e1reas da ci\u00eancia. A \u00e1rea \u00e9 voltada ao tratamento de problemas onde se destacam abordagem \u00e0 problemas diretos e inversos, problemas multidimensionais, lineares e n\u00e3o lineares, estacion\u00e1rios e dependentes do tempo, determin\u00edsticos e aleat\u00f3rios.<br \/>\nPortanto, a \u00e1rea de Modelagem Matem\u00e1tica atua com t\u00e9cnicas matem\u00e1ticas (modelagem e implementa\u00e7\u00e3o de m\u00e9todos de solu\u00e7\u00e3o) em diferentes processos f\u00edsicos visando aplic\u00e1-las em problemas reais.<br \/>\nAs duas linhas de pesquisa do Programa s\u00e3o interdisciplinares tendo em ambas o emprego de m\u00e9todos matem\u00e1ticos como tem\u00e1tica comum. A linha de M\u00e9todos de Matem\u00e1tica Aplicada visa desenvolver e aplicar m\u00e9todos e modelos matem\u00e1ticos em problemas do mundo real; j\u00e1 a linha de Fen\u00f4menos de Transporte \u00e9 caracterizada pela pesquisa por modelos f\u00edsicos aplicados a problemas ambientais de dispers\u00e3o de poluentes, transfer\u00eancia de calor, cin\u00e9tica qu\u00edmica, eventos extremos, dentre outros.<\/p>\n<p>&nbsp;<\/p>\n<p><strong>Linhas de Pesquisa:<\/strong><\/p>\n<p><strong>1) Fen\u00f4menos de Transporte:<\/strong><\/p>\n<p style=\"text-align: justify;\">A linha de pesquisa de Fen\u00f4menos de Transporte \u00e9 voltada ao tratamento de problemas de transporte e difus\u00e3o, onde se destacam a abordagem a problemas diretos e inversos, problemas multidimensionais, lineares e n\u00e3o lineares, estacion\u00e1rios e dependentes do tempo. Nesta linha temos a consolida\u00e7\u00e3o e constru\u00e7\u00e3o de ferramentas de simula\u00e7\u00e3o computacional baseadas em metodologias h\u00edbridas num\u00e9rico-anal\u00edticas para problemas aplicados \u00e0s ci\u00eancias exatas e da terra e engenharias. Modelos determin\u00edsticos e\/ou estoc\u00e1sticos s\u00e3o utilizados.<br \/>\nEsta linha de pesquisa tamb\u00e9m tem por objetivo promover avan\u00e7os na compreens\u00e3o, modelagem e previs\u00e3o de fen\u00f4menos extremos de tempo e clima de alto impacto na sociedade. S\u00e3o utilizados diversos tipos de dados meteorol\u00f3gicos e ambientais tais como dados de esta\u00e7\u00f5es de superf\u00edcie e altitude, dados de sensoriamento remoto com sat\u00e9lites e radares, dados coletados em experimentos espec\u00edficos para pesquisa e ainda dados de rean\u00e1lises num\u00e9ricas.<\/p>\n<p style=\"text-align: justify;\"><strong>Docentes permanentes envolvidos na linha de Fen\u00f4menos de Transporte:<\/strong><\/p>\n<p style=\"text-align: justify;\">Daniela Buske, Gl\u00eanio Aguiar Gon\u00e7alves, R\u00e9gis Sperotto de Quadros, Douglas da Silva Lindemann, Leonardo Calvetti, Marcelo F\u00e9lix Alonso, Fabr\u00edcio Pereira H\u00e4rter<\/p>\n<p>&nbsp;<\/p>\n<p><strong>2) M\u00e9todos da Matem\u00e1tica Aplicada:<\/strong><\/p>\n<p style=\"text-align: justify;\">A linha de pesquisa de M\u00e9todos da Matem\u00e1tica Aplicada tem como objetivo formular rigorosamente modelos matem\u00e1ticos de fen\u00f4menos que ocorrem em diversas \u00e1reas da ci\u00eancia, na natureza e no desenvolvimento de novas tecnologias. Tamb\u00e9m objetiva-se desenvolver e aplicar metodologias integradoras de t\u00e9cnicas anal\u00edticas e computacionais para a resolu\u00e7\u00e3o de problemas inerentes a tais modelos,e para isto, empregam-se m\u00e9todos oriundos de diversas \u00e1reas da matem\u00e1tica com o intuito de abranger o maior n\u00famero poss\u00edvel de fen\u00f4menos f\u00edsicos e naturais. De particular interesse s\u00e3o os m\u00e9todos das an\u00e1lises matem\u00e1tica, funcional e convexa, das equa\u00e7\u00f5es diferenciais e dos sistemas din\u00e2micos, dos c\u00e1lculos variacional e num\u00e9rico, da homogeneiza\u00e7\u00e3o matem\u00e1tica, da otimiza\u00e7\u00e3o e do controle.<\/p>\n<p style=\"text-align: justify;\">Ainda, objetiva-se a abordagem num\u00e9rica e anal\u00edtica de problemas de engenharia relacionados \u00e0 mec\u00e2nica dos fluidos, transfer\u00eancia de calor e mec\u00e2nica dos s\u00f3lidos, visando obter recomenda\u00e7\u00f5es para problemas de engenharia, como o dimensionamento de dispositivos empregados para aproveitamento de fontes renov\u00e1veis de energia, an\u00e1lise estrutural, simula\u00e7\u00e3o de equipamentos e dispositivos como trocadores de calor. A investiga\u00e7\u00e3o e otimiza\u00e7\u00e3o geom\u00e9trica dos diversos sistemas de engenharia mencionados e o estudo de fenomenologias complexas tamb\u00e9m s\u00e3o estudados numericamente e analiticamente.<\/p>\n<p style=\"text-align: justify;\"><strong>Docentes permanentes envolvidos na linha de M\u00e9todos da Matem\u00e1tica Aplicada:<\/strong><\/p>\n<p style=\"text-align: justify;\">Alexandre Molter, Claudio Zen Petersen, Jairo Val\u00f5es de Alencar Ramalho, Leslie Darien P\u00e9rez Fern\u00e1ndez, Ruth da Silva Brum, Willian Silva Barros<\/p>\n<p>&nbsp;<\/p>\n<p><strong>Hist\u00f3rico dos coordenadores do PPG:<\/strong><\/p>\n<p>Coordena\u00e7\u00e3o pro-tempore (outubro 2023 &#8211; maio 2024): Daniela Buske e Gl\u00eanio Aguiar Gon\u00e7alves<\/p>\n<p>Coordena\u00e7\u00e3o (maio 2022 &#8211; outubro 2023): Ruth da Silva Brum\u00a0 e\u00a0 Daniela Buske<\/p>\n<p>Coordena\u00e7\u00e3o (maio 2018 &#8211; maio 2022): R\u00e9gis Sperotto de Quadros\u00a0 e\u00a0 Guilherme Jahnecke Weymar<\/p>\n<p>Coordena\u00e7\u00e3o (2015 &#8211; 2018): Daniela Buske e Claudio Zen Petersen<\/p>\n<p>Coordena\u00e7\u00e3o (2013 &#8211; 2015): Daniela Buske e Gl\u00eanio Aguiar Gon\u00e7alves<\/p>\n<p>Coordena\u00e7\u00e3o pro-tempore (2012 &#8211; 2013): Daniela Buske e Gl\u00eanio Aguiar Gon\u00e7alves<\/p>\n<p>&nbsp;<\/p>\n<p><strong>Em caso de d\u00favidas envie Email para:<\/strong> <a href=\"mailto:pgmat.ufpel@gmail.com\">pgmat.ufpel@gmail.com<\/a><\/p>\n<p>O Curso de P\u00f3s-Gradua\u00e7\u00e3o em Modelagem Matem\u00e1tica est\u00e1 localizado no pr\u00e9dio 16 do Campus Universit\u00e1rio Cap\u00e3o do Le\u00e3o.<\/p>\n<div class=\"mceTemp\"><\/div>\n<div id=\"attachment_2285\" style=\"width: 410px\" class=\"wp-caption aligncenter\"><a href=\"https:\/\/wp.ufpel.edu.br\/ppgmmat\/files\/2018\/11\/mapa_campus.png\"><img aria-describedby=\"caption-attachment-2285\" data-attachment-id=\"2285\" data-permalink=\"https:\/\/wp.ufpel.edu.br\/ppgmmat\/dme-departamento-de-matematica-e-estatistica\/mapa_campus\/\" data-orig-file=\"https:\/\/wp.ufpel.edu.br\/ppgmmat\/files\/2018\/11\/mapa_campus.png\" data-orig-size=\"1144,800\" data-comments-opened=\"0\" data-image-meta=\"{&quot;aperture&quot;:&quot;0&quot;,&quot;credit&quot;:&quot;&quot;,&quot;camera&quot;:&quot;&quot;,&quot;caption&quot;:&quot;&quot;,&quot;created_timestamp&quot;:&quot;0&quot;,&quot;copyright&quot;:&quot;&quot;,&quot;focal_length&quot;:&quot;0&quot;,&quot;iso&quot;:&quot;0&quot;,&quot;shutter_speed&quot;:&quot;0&quot;,&quot;title&quot;:&quot;&quot;,&quot;orientation&quot;:&quot;0&quot;}\" data-image-title=\"Mapa Campus Cap\u00e3o do Le\u00e3o\" data-image-description=\"\" data-image-caption=\"&lt;p&gt;Mapa Campus Cap\u00e3o do Le\u00e3o&lt;\/p&gt;\n\" data-medium-file=\"https:\/\/wp.ufpel.edu.br\/ppgmmat\/files\/2018\/11\/mapa_campus-400x280.png\" data-large-file=\"https:\/\/wp.ufpel.edu.br\/ppgmmat\/files\/2018\/11\/mapa_campus-1024x716.png\" class=\"size-medium wp-image-2285\" src=\"https:\/\/wp.ufpel.edu.br\/ppgmmat\/files\/2018\/11\/mapa_campus-400x280.png\" alt=\"\" width=\"400\" height=\"280\" srcset=\"https:\/\/wp.ufpel.edu.br\/ppgmmat\/files\/2018\/11\/mapa_campus-400x280.png 400w, https:\/\/wp.ufpel.edu.br\/ppgmmat\/files\/2018\/11\/mapa_campus-768x537.png 768w, https:\/\/wp.ufpel.edu.br\/ppgmmat\/files\/2018\/11\/mapa_campus-1024x716.png 1024w, https:\/\/wp.ufpel.edu.br\/ppgmmat\/files\/2018\/11\/mapa_campus.png 1144w\" sizes=\"(max-width: 400px) 100vw, 400px\" \/><\/a><p id=\"caption-attachment-2285\" class=\"wp-caption-text\">Mapa Campus Cap\u00e3o do Le\u00e3o<\/p><\/div>\n<p>&nbsp;<\/p>\n<p>&nbsp;<\/p>\n","protected":false},"excerpt":{"rendered":"<p>*use the \u201ctranslate\u201d button in the top right tab of the page for other languages. &nbsp; O Programa de P\u00f3s-Gradua\u00e7\u00e3o em Modelagem Matem\u00e1tica (PPGMMat) da Universidade Federal de Pelotas (UFPel), com sede no Instituto de F\u00edsica e Matem\u00e1tica, oferece o Curso de Mestrado e Doutorado em Modelagem Matem\u00e1tica. Coordena\u00e7\u00e3o (maio 2024 &#8211; atual): Daniela Buske [&hellip;]<\/p>\n","protected":false},"author":458,"featured_media":0,"parent":0,"menu_order":0,"comment_status":"closed","ping_status":"closed","template":"","meta":{"jetpack_post_was_ever_published":false,"footnotes":""},"class_list":["post-31","page","type-page","status-publish","hentry"],"jetpack_sharing_enabled":true,"jetpack_shortlink":"https:\/\/wp.me\/ParAg0-v","_links":{"self":[{"href":"https:\/\/wp.ufpel.edu.br\/ppgmmat\/wp-json\/wp\/v2\/pages\/31","targetHints":{"allow":["GET"]}}],"collection":[{"href":"https:\/\/wp.ufpel.edu.br\/ppgmmat\/wp-json\/wp\/v2\/pages"}],"about":[{"href":"https:\/\/wp.ufpel.edu.br\/ppgmmat\/wp-json\/wp\/v2\/types\/page"}],"author":[{"embeddable":true,"href":"https:\/\/wp.ufpel.edu.br\/ppgmmat\/wp-json\/wp\/v2\/users\/458"}],"replies":[{"embeddable":true,"href":"https:\/\/wp.ufpel.edu.br\/ppgmmat\/wp-json\/wp\/v2\/comments?post=31"}],"version-history":[{"count":3,"href":"https:\/\/wp.ufpel.edu.br\/ppgmmat\/wp-json\/wp\/v2\/pages\/31\/revisions"}],"predecessor-version":[{"id":4504,"href":"https:\/\/wp.ufpel.edu.br\/ppgmmat\/wp-json\/wp\/v2\/pages\/31\/revisions\/4504"}],"wp:attachment":[{"href":"https:\/\/wp.ufpel.edu.br\/ppgmmat\/wp-json\/wp\/v2\/media?parent=31"}],"curies":[{"name":"wp","href":"https:\/\/api.w.org\/{rel}","templated":true}]}}