{"id":3035,"date":"2020-11-10T11:31:04","date_gmt":"2020-11-10T14:31:04","guid":{"rendered":"https:\/\/wp.ufpel.edu.br\/ppgmmat\/?page_id=3035"},"modified":"2025-08-26T21:33:29","modified_gmt":"2025-08-27T00:33:29","slug":"videos","status":"publish","type":"page","link":"https:\/\/wp.ufpel.edu.br\/ppgmmat\/videos\/","title":{"rendered":"V\u00eddeos e A\u00e7\u00f5es"},"content":{"rendered":"<div class=\"entry-content clearfix\">\n<h1>A\u00e7\u00f5es<\/h1>\n<p>Nessa p\u00e1gina ser\u00e3o disponibilizadas algumas das a\u00e7\u00f5es recentes do PPGMMAT que impactam na sociedade.<\/p>\n<p>&nbsp;<\/p>\n<ul>\n<li><strong>Atua\u00e7\u00e3o na sala de situa\u00e7\u00e3o &#8211; inunda\u00e7\u00f5es 2024:<\/strong><\/li>\n<\/ul>\n<p><b>INUNDA\u00c7\u00d5ES:<\/b><span style=\"font-weight: 400;\"> Com a chegada das cheias na regi\u00e3o sul do RS, desde o in\u00edcio de maio de 2024, professores e t\u00e9cnicos da Universidade Federal de Pelotas (UFPel) se dedicaram de forma volunt\u00e1ria a assessorar cientificamente o poder p\u00fablico e a Defesa Civil de Pelotas, visando<\/span><b> incentivar a gest\u00e3o p\u00fablica no desenvolvimento de solu\u00e7\u00f5es eficazes para avalia\u00e7\u00e3o de risco ao evento de inunda\u00e7\u00e3o<\/b><span style=\"font-weight: 400;\">, ampliando assim a capacidade de resposta a esse evento extremo. Gra\u00e7as \u00e0 contribui\u00e7\u00e3o desses especialistas, foi poss\u00edvel acompanhar o comportamento dos ventos e a eleva\u00e7\u00e3o das \u00e1guas com mais precis\u00e3o, auxiliando a tomada de decis\u00f5es, o desenho das \u00e1reas de risco e a necessidade de evacua\u00e7\u00e3o.\u00a0<\/span><\/p>\n<p><span style=\"font-weight: 400;\">As a\u00e7\u00f5es de extens\u00e3o do Programa de P\u00f3s-Gradua\u00e7\u00e3o em Modelagem Matem\u00e1tica (PPGMMat) da Universidade Federal de Pelotas ganharam destaque nacional em 2024 ao desempenharem um papel central na resposta aos eventos extremos de inunda\u00e7\u00e3o que impactaram a Zona Sul do Rio Grande do Sul. A atua\u00e7\u00e3o conjunta de docentes e pesquisadores dos Programas de P\u00f3s-Gradua\u00e7\u00e3o em Recursos H\u00eddricos, Meteorologia, Ci\u00eancias Ambientais e Modelagem Matem\u00e1tica, consolidou uma resposta cient\u00edfica e t\u00e9cnica altamente qualificada frente \u00e0 maior cheia registrada em d\u00e9cadas no munic\u00edpio de Pelotas.\u00a0<\/span><\/p>\n<p><span style=\"font-weight: 400;\">Um dos principais destaques dessa atua\u00e7\u00e3o foi a produ\u00e7\u00e3o de mapas de risco e delimita\u00e7\u00e3o das \u00e1reas mais cr\u00edticas, com base em modelagem hidrodin\u00e2mica avan\u00e7ada e dados geoespaciais de alta resolu\u00e7\u00e3o, atrelados ao monitoramento hidrol\u00f3gico cont\u00ednuo. As simula\u00e7\u00f5es realizadas possibilitaram prever com elevada precis\u00e3o o deslocamento da massa de \u00e1gua na regi\u00e3o da Lagoa dos Patos e do Canal S\u00e3o Gon\u00e7alo, estimando a extens\u00e3o e profundidade das \u00e1reas inundadas. Essas informa\u00e7\u00f5es foram fundamentais para orientar a\u00e7\u00f5es preventivas e evitar perdas humanas.<\/span><\/p>\n<p><span style=\"font-weight: 400;\">A partir dos dados gerados, apresentados em reuni\u00f5es t\u00e9cnicas \u00e0 prefeita Paula Mascarenhas, ao Corpo de Bombeiros, \u00e0 Defesa Civil, ao SANEP e a outros \u00f3rg\u00e3os estrat\u00e9gicos,<\/span><b> foi poss\u00edvel adotar decis\u00f5es cruciais, como a evacua\u00e7\u00e3o preventiva de mais de 100 mil pessoas antes que suas resid\u00eancias fossem atingidas<\/b><span style=\"font-weight: 400;\">. A decis\u00e3o foi tomada com base cient\u00edfica, em articula\u00e7\u00e3o direta com o coronel do Corpo de Bombeiros, especialista em desastres, e veiculada por diversos meios de comunica\u00e7\u00e3o nacionais e regionais (Folha de S.Paulo, Di\u00e1rio Popular, O Sul, Jornal Tradi\u00e7\u00e3o, entre outros).<\/span><\/p>\n<p><span style=\"font-weight: 400;\">A robustez t\u00e9cnica das an\u00e1lises acelerou a cria\u00e7\u00e3o da Sala de Situa\u00e7\u00e3o Municipal, composta por representantes de diversas institui\u00e7\u00f5es p\u00fablicas, como o Minist\u00e9rio P\u00fablico, Brigada Militar, Pol\u00edcia Civil, Ex\u00e9rcito Brasileiro, servi\u00e7os de sa\u00fade, assist\u00eancia social e universidades. Durante 28 dias consecutivos, o grupo t\u00e9cnico da UFPel, com participa\u00e7\u00e3o ativa do PPGMMat, permaneceu dentro da Sala, fornecendo informa\u00e7\u00f5es em tempo real e contribuindo diretamente para a tomada de decis\u00f5es estrat\u00e9gicas.<\/span><\/p>\n<p><span style=\"font-weight: 400;\">Al\u00e9m da resposta imediata, os mapas de risco produzidos subsidiaram o planejamento estrat\u00e9gico de m\u00e9dio e longo prazo, apoiando:<\/span><\/p>\n<ul>\n<li><span style=\"font-weight: 400;\">A evacua\u00e7\u00e3o coordenada de \u00e1reas vulner\u00e1veis;<\/span><\/li>\n<li><span style=\"font-weight: 400;\">A defini\u00e7\u00e3o de rotas log\u00edsticas e de socorro;<\/span><\/li>\n<li><span style=\"font-weight: 400;\">A organiza\u00e7\u00e3o das for\u00e7as de emerg\u00eancia com base em evid\u00eancias;<\/span><\/li>\n<li><span style=\"font-weight: 400;\">A formula\u00e7\u00e3o de pol\u00edticas p\u00fablicas de mitiga\u00e7\u00e3o e preven\u00e7\u00e3o de desastres, com foco na constru\u00e7\u00e3o de cidades resilientes.<\/span><\/li>\n<\/ul>\n<p><span style=\"font-weight: 400;\">Como desdobramento institucional, a AZONASUL criou sua primeira C\u00e2mara T\u00e9cnica de Desenvolvimento e Resili\u00eancia, inspirada na experi\u00eancia da Sala de Situa\u00e7\u00e3o. Os professores do PPGMMat Daniela Buske, R\u00e9gis Sperotto de Quadros, Marcelo F\u00e9lix Alonso e Douglas da Silva Lindemann foram convidados a integrar permanentemente essa inst\u00e2ncia t\u00e9cnica, consolidando a presen\u00e7a da UFPel na governan\u00e7a regional.<\/span><\/p>\n<p><span style=\"font-weight: 400;\">A atua\u00e7\u00e3o dos PPGs da UFPel evidenciou a interdepend\u00eancia entre bacias hidrogr\u00e1ficas \u2013 como a do Rio Taquari, cujas \u00e1guas impactaram a Lagoa dos Patos e, posteriormente, Pelotas \u2013 refor\u00e7ando a import\u00e2ncia de uma abordagem multiescalar, cont\u00ednua e integrada para a gest\u00e3o de riscos clim\u00e1ticos.<\/span><\/p>\n<p><span style=\"font-weight: 400;\">Por fim, a experi\u00eancia consolidou o munic\u00edpio de Pelotas como refer\u00eancia nacional em gest\u00e3o de desastres urbanos, e o PPGMMat como um n\u00facleo de excel\u00eancia na produ\u00e7\u00e3o de ci\u00eancia ambiental aplicada \u00e0 resili\u00eancia socioambiental. A combina\u00e7\u00e3o entre tecnologia, dados cient\u00edficos, hist\u00f3ria local, comunica\u00e7\u00e3o visual e articula\u00e7\u00e3o interinstitucional demonstrou o potencial transformador da extens\u00e3o universit\u00e1ria diante de desafios complexos, com impactos reais na prote\u00e7\u00e3o da vida, na organiza\u00e7\u00e3o do territ\u00f3rio e na prepara\u00e7\u00e3o para futuros eventos extremos.<\/span><\/p>\n<p>Inunda\u00e7\u00f5es &#8211; Pelotas: <a href=\"https:\/\/wp.ufpel.edu.br\/fentransporte\/na-midia-inundacoes-pelotas-2024\/\">https:\/\/wp.ufpel.edu.br\/fentransporte\/na-midia-inundacoes-pelotas-2024\/<\/a><\/p>\n<p><a href=\"https:\/\/wp.ufpel.edu.br\/ppgmmat\/files\/2025\/04\/WhatsApp-Image-2025-03-18-at-15.31.05.jpeg\"><img data-attachment-id=\"4805\" data-permalink=\"https:\/\/wp.ufpel.edu.br\/ppgmmat\/videos\/whatsapp-image-2025-03-18-at-15-31-05\/\" data-orig-file=\"https:\/\/wp.ufpel.edu.br\/ppgmmat\/files\/2025\/04\/WhatsApp-Image-2025-03-18-at-15.31.05.jpeg\" data-orig-size=\"993,979\" data-comments-opened=\"0\" data-image-meta=\"{&quot;aperture&quot;:&quot;0&quot;,&quot;credit&quot;:&quot;&quot;,&quot;camera&quot;:&quot;&quot;,&quot;caption&quot;:&quot;&quot;,&quot;created_timestamp&quot;:&quot;0&quot;,&quot;copyright&quot;:&quot;&quot;,&quot;focal_length&quot;:&quot;0&quot;,&quot;iso&quot;:&quot;0&quot;,&quot;shutter_speed&quot;:&quot;0&quot;,&quot;title&quot;:&quot;&quot;,&quot;orientation&quot;:&quot;0&quot;}\" data-image-title=\"WhatsApp Image 2025-03-18 at 15.31.05\" data-image-description=\"\" data-image-caption=\"\" data-medium-file=\"https:\/\/wp.ufpel.edu.br\/ppgmmat\/files\/2025\/04\/WhatsApp-Image-2025-03-18-at-15.31.05-400x394.jpeg\" data-large-file=\"https:\/\/wp.ufpel.edu.br\/ppgmmat\/files\/2025\/04\/WhatsApp-Image-2025-03-18-at-15.31.05.jpeg\" class=\"alignnone size-full wp-image-4805\" src=\"https:\/\/wp.ufpel.edu.br\/ppgmmat\/files\/2025\/04\/WhatsApp-Image-2025-03-18-at-15.31.05.jpeg\" alt=\"\" width=\"993\" height=\"979\" srcset=\"https:\/\/wp.ufpel.edu.br\/ppgmmat\/files\/2025\/04\/WhatsApp-Image-2025-03-18-at-15.31.05.jpeg 993w, https:\/\/wp.ufpel.edu.br\/ppgmmat\/files\/2025\/04\/WhatsApp-Image-2025-03-18-at-15.31.05-400x394.jpeg 400w, https:\/\/wp.ufpel.edu.br\/ppgmmat\/files\/2025\/04\/WhatsApp-Image-2025-03-18-at-15.31.05-768x757.jpeg 768w\" sizes=\"(max-width: 993px) 100vw, 993px\" \/><\/a><\/p>\n<ul>\n<li><strong>\u00a0Atua\u00e7\u00e3o na pandemia de COVID-19 (2020-2023):<\/strong><\/li>\n<\/ul>\n<p><b>COVID:<\/b><span style=\"font-weight: 400;\"> Os pesquisadores do laborat\u00f3rio GDISPEN publicaram resultados e gr\u00e1ficos da evolu\u00e7\u00e3o temporal do COVID-19 desde o dia 17 de mar\u00e7o de 2020 at\u00e9 os mil dias de COVID na cidade de Pelotas (em dezembro de 2022). No site do laborat\u00f3rio, al\u00e9m de postagens sobre a pandemia, foram publicados diariamente os gr\u00e1ficos para o acompanhamento da pandemia na cidade de Pelotas, no estado do RS e no Brasil. At\u00e9 meados de maio de 2021 foi o \u00fanico site com dados do munic\u00edpio de Pelotas dispon\u00edvel para a popula\u00e7\u00e3o. Proje\u00e7\u00f5es foram realizadas. Os docentes envolvidos atuaram junto ao comit\u00ea cient\u00edfico do COVID-19 da UFPel, colaborando com as discuss\u00f5es e as an\u00e1lises dos dados, bem como auxiliando no desenvolvimento da plataforma de leitos.<\/span><\/p>\n<p><span style=\"font-weight: 400;\">Os resultados da pesquisa, diariamente atualizados, estavam dispon\u00edveis para toda a popula\u00e7\u00e3o. Os gr\u00e1ficos e resultados gerados pela equipe foram utilizados pelo Comit\u00ea Cient\u00edfico COVID da UFPel nas suas notas t\u00e9cnicas para a comunidade, bem como para a Prefeitura. O n\u00famero de acessos ao site do grupo de pesquisa, no per\u00edodo, foi superior a 1 milh\u00e3o. As postagens do grupo nas redes sociais tiveram ampla abrang\u00eancia e repercuss\u00e3o (twitter, facebook, instagram, site da UFPel e suas redes sociais, jornais e outros).<\/span><\/p>\n<p>P\u00e1gina com gr\u00e1ficos de acompanhamento e estimativas: <a href=\"https:\/\/wp.ufpel.edu.br\/fentransporte\/covid-19-pelotas\/\">COVID \u2013 Pelotas \u2013 GDISPEN (ufpel.edu.br)<\/a><\/p>\n<p>Notas t\u00e9cnicas do comit\u00ea cient\u00edfico da UFPel: <a href=\"https:\/\/wp.ufpel.edu.br\/fentransporte\/na-midia-comite-covid-ufpel\/\">Na m\u00eddia \u2013 notas t\u00e9cnicas \u2013 GDISPEN (ufpel.edu.br)<\/a><\/p>\n<p>Reportagens das pesquisas internas: <a href=\"https:\/\/wp.ufpel.edu.br\/fentransporte\/na-midia-covid19\/\">Na m\u00eddia \u2013 COVID-19 \u2013 GDISPEN (ufpel.edu.br)<\/a><\/p>\n<p>&nbsp;<\/p>\n<ul>\n<li><strong>Atua\u00e7\u00e3o no acompanhamento da nuvem de gafanhotos (2020-2021):<\/strong><\/li>\n<\/ul>\n<p><b>NUVEM DE GAFANHOTOS: <\/b><span style=\"font-weight: 400;\">Em 2020, o Brasil enfrentou a possibilidade da entrada de uma nuvem de gafanhotos que poderia vir a prejudicar a agricultura do estado do RS. Buscando monitorar a trajet\u00f3ria dessa nuvem, docentes do GDISPEN e colaboradores trabalharam em simula\u00e7\u00f5es utilizando modelos matem\u00e1ticos para previs\u00e3o de cen\u00e1rios de deslocamento das nuvens de gafanhotos. As simula\u00e7\u00f5es tiveram boas concord\u00e2ncias com o deslocamento real das nuvens, o que mostrou interesse dos meios de comunica\u00e7\u00e3o (jornais, emissoras de televis\u00e3o e r\u00e1dio) na divulga\u00e7\u00e3o dos resultados finais das simula\u00e7\u00f5es, com o objetivo de informar a popula\u00e7\u00e3o da possibilidade da nuvem atingir o estado do Rio Grande Sul.\u00a0<\/span><\/p>\n<p><a href=\"https:\/\/wp.ufpel.edu.br\/fentransporte\/na-midia-gafanhotos\/\">Na m\u00eddia \u2013 Gafanhotos \u2013 GDISPEN (ufpel.edu.br)<\/a><\/p>\n<\/div>\n<p>&nbsp;<\/p>\n<ul>\n<li><strong>Mudan\u00e7as clim\u00e1ticas, pesquisas e previs\u00f5es meteorol\u00f3gicas:<\/strong><\/li>\n<\/ul>\n<p><b>RADAR, PESQUISAS E PREVIS\u00d5ES METEOROL\u00d3GICAS:<\/b><span style=\"font-weight: 400;\"> As mudan\u00e7as clim\u00e1ticas t\u00eam provocado um aumento na intensidade e quantidade de eventos extremos. Tal contexto torna imprescind\u00edvel o estabelecimento de sistemas de monitoramento, previs\u00e3o e alerta de tempestades. Docentes do nosso PPG ligados \u00e0 \u00e1rea de meteorologia tem atua\u00e7\u00e3o direta na linha de frente, trazendo boletins como nas recentes ondas de calor, estiagem, queimadas, tempestades, dentre outros.<\/span><\/p>\n<p><span style=\"font-weight: 400;\">Al\u00e9m disso, o radar meteorol\u00f3gico \u00e9 um componente obrigat\u00f3rio em qualquer sistema destinado a tais finalidades. O radar meteorol\u00f3gico da UFPEL, instalado em 1988, precisa estar em constante atualiza\u00e7\u00e3o. Este \u00e9 um processo cont\u00ednuo, que demanda dedica\u00e7\u00e3o cont\u00ednua e gera impacto nas pesquisas de outros pesquisadores, institui\u00e7\u00f5es e na comunidade. O radar faz parte do Centro de Pesquisas e Previs\u00f5es Meteorol\u00f3gicas Prof. Darci Pegoraro Casarin, que tem por objetivo apoiar as atividades de ensino de Graduac\u0327a\u0303o e Po\u0301s-Graduac\u0327a\u0303o, estimular e promover a pesquisa cienti\u0301fica em meteorologia e a\u0301reas afins, implementar e operacionalizar te\u0301cnicas de previsa\u0303o de tempo e clima e promover a disseminac\u0327a\u0303o de informac\u0327o\u0303es meteorolo\u0301gicas de forma on-line. O CPPMET possui ampla compet\u00eancia na gera\u00e7\u00e3o e divulga\u00e7\u00e3o de produtos meteorol\u00f3gicos.<\/span> <span style=\"font-weight: 400;\">\u00a0<\/span><\/p>\n<p>&nbsp;<\/p>\n<ul>\n<li><strong>Organiza\u00e7\u00e3o de eventos cient\u00edficos (quadri\u00eanio 2021 &#8211; 2024):<\/strong><\/li>\n<\/ul>\n<p><b>ORGANIZA\u00c7\u00c3O DE EVENTOS DE N\u00cdVEL NACIONAL E REGIONAL:<\/b><span style=\"font-weight: 400;\"> Um destaque tamb\u00e9m para a organiza\u00e7\u00e3o de 3 eventos, 1 nacional e 2 regionais onde docentes do PPG foram os coordenadores. Estes eventos <\/span><span style=\"font-weight: 400;\">contribuem com o desenvolvimento e a divulga\u00e7\u00e3o da pesquisa realizada em Matem\u00e1tica Aplicada e Computacional, compreendida de maneira ampla, atrav\u00e9s da integra\u00e7\u00e3o de estudantes, profissionais, pesquisadoras e pesquisadores das mais diversas institui\u00e7\u00f5es de ensino, de inova\u00e7\u00e3o, de desenvolvimento e de pesquisa.<\/span><span style=\"font-weight: 400;\"> Por estarmos em uma universidade do interior do estado, este tipo de a\u00e7\u00e3o se torna muito importante, propiciando \u00e0 comunidade o contato com pesquisas de ponta. <\/span><span style=\"font-weight: 400;\">Somados, os 3 eventos tiveram mais de mil participantes. <\/span><span style=\"font-weight: 400;\">Outros eventos menores foram organizados tamb\u00e9m, mas com um impacto mais local.<\/span><\/p>\n<h1 class=\"post-title entry-title\">V\u00eddeos<\/h1>\n<div class=\"entry-content clearfix\">\n<p>Nesta p\u00e1gina se encontram os links para os trabalhos desenvolvidos pelos discentes e docentes do PPGMMat e seus colaboradores, durante a pandemia, submetidos para apresenta\u00e7\u00e3o em eventos online.<\/p>\n<p style=\"text-align: center;\"><span style=\"font-size: 18pt;\"> <a href=\"https:\/\/wp.ufpel.edu.br\/ppgmmat\/videos-2020-2\/\">2020<\/a>\u00a0 <a href=\"https:\/\/wp.ufpel.edu.br\/ppgmmat\/videos-2021-2\/\">2021<\/a>\u00a0\u00a0<\/span><\/p>\n<\/div>\n","protected":false},"excerpt":{"rendered":"<p>A\u00e7\u00f5es Nessa p\u00e1gina ser\u00e3o disponibilizadas algumas das a\u00e7\u00f5es recentes do PPGMMAT que impactam na sociedade. &nbsp; Atua\u00e7\u00e3o na sala de situa\u00e7\u00e3o &#8211; inunda\u00e7\u00f5es 2024: INUNDA\u00c7\u00d5ES: Com a chegada das cheias na regi\u00e3o sul do RS, desde o in\u00edcio de maio de 2024, professores e t\u00e9cnicos da Universidade Federal de Pelotas (UFPel) se dedicaram de forma [&hellip;]<\/p>\n","protected":false},"author":458,"featured_media":0,"parent":0,"menu_order":0,"comment_status":"closed","ping_status":"closed","template":"","meta":{"jetpack_post_was_ever_published":false,"footnotes":""},"class_list":["post-3035","page","type-page","status-publish","hentry"],"jetpack_sharing_enabled":true,"jetpack_shortlink":"https:\/\/wp.me\/ParAg0-MX","_links":{"self":[{"href":"https:\/\/wp.ufpel.edu.br\/ppgmmat\/wp-json\/wp\/v2\/pages\/3035","targetHints":{"allow":["GET"]}}],"collection":[{"href":"https:\/\/wp.ufpel.edu.br\/ppgmmat\/wp-json\/wp\/v2\/pages"}],"about":[{"href":"https:\/\/wp.ufpel.edu.br\/ppgmmat\/wp-json\/wp\/v2\/types\/page"}],"author":[{"embeddable":true,"href":"https:\/\/wp.ufpel.edu.br\/ppgmmat\/wp-json\/wp\/v2\/users\/458"}],"replies":[{"embeddable":true,"href":"https:\/\/wp.ufpel.edu.br\/ppgmmat\/wp-json\/wp\/v2\/comments?post=3035"}],"version-history":[{"count":4,"href":"https:\/\/wp.ufpel.edu.br\/ppgmmat\/wp-json\/wp\/v2\/pages\/3035\/revisions"}],"predecessor-version":[{"id":4963,"href":"https:\/\/wp.ufpel.edu.br\/ppgmmat\/wp-json\/wp\/v2\/pages\/3035\/revisions\/4963"}],"wp:attachment":[{"href":"https:\/\/wp.ufpel.edu.br\/ppgmmat\/wp-json\/wp\/v2\/media?parent=3035"}],"curies":[{"name":"wp","href":"https:\/\/api.w.org\/{rel}","templated":true}]}}