{"id":2710,"date":"2019-10-28T10:03:51","date_gmt":"2019-10-28T13:03:51","guid":{"rendered":"https:\/\/wp.ufpel.edu.br\/ppgmmat\/?page_id=2710"},"modified":"2022-05-10T20:14:30","modified_gmt":"2022-05-10T23:14:30","slug":"espanol","status":"publish","type":"page","link":"https:\/\/wp.ufpel.edu.br\/ppgmmat\/espanol\/","title":{"rendered":"Espanol"},"content":{"rendered":"<p style=\"text-align: justify;\">El Programa de Posgrado en Modelado Matem\u00e1tico (PPGMMat) de la Universidad Federal de Pelotas (UFPel), con sede en el Instituto de F\u00edsica y Matem\u00e1ticas, ofrece el Curso de Maestr\u00eda en Modelado Matem\u00e1tico.<\/p>\n<p><strong>Coordinaci\u00f3n (2022 &#8211; 2024):<\/strong> Ruth da Silva Brum\u00a0 y\u00a0 Daniela Buske<\/p>\n<p><strong>\u00c1rea de concentraci\u00f3n: <\/strong> Modelado Matem\u00e1tico<\/p>\n<p><strong>L\u00edneas de b\u00fasqueda:<\/strong><\/p>\n<p><strong>1) Fen\u00f3menos de transporte:<\/strong><\/p>\n<p style=\"text-align: justify;\">\u00a0 \u00a0 \u00a0 \u00a0 \u00a0 \u00a0La l\u00ednea de investigaci\u00f3n de Fen\u00f3menos de transporte se centra en el tratamiento de problemas de transporte y difusi\u00f3n, destacando el enfoque de problemas directos y\u00a0 inversos, problemas multidimensionales, lineales y no lineales, estacionarios y dependientes del tiempo. En el l\u00ednea tenemos la consolidaci\u00f3n y construcci\u00f3n de herramientas de simulaci\u00f3n computacional basadas en metodolog\u00edas h\u00edbridas anal\u00edtico-num\u00e9ricas para problemas aplicados a las ciencias y la ingenier\u00eda exactas y terrestres. Como ejemplos podemos citar: En el tema de los fen\u00f3menos de transporte, se desarrollan metodolog\u00edas para el tratamiento de problemas asociados con la ecuaci\u00f3n de transporte de part\u00edculas en diferentes aplicaciones, como la f\u00edsica del reactor y la transferencia radiativa. En problemas de difusi\u00f3n destacan los problemas de simulaci\u00f3n de dispersi\u00f3n de contaminantes en la capa l\u00edmite atmosf\u00e9rica, as\u00ed como en r\u00edos y canales, y medios porosos, utilizando enfoques con representaci\u00f3n anal\u00edtica. En la transferencia de calor y masa, los problemas relacionados con el calentamiento de fachadas en edificios, as\u00ed como el confort t\u00e9rmico de los entornos son de inter\u00e9s. El modelado num\u00e9rico de los procesos atmosf\u00e9ricos incluye problemas de pron\u00f3stico del tiempo y monitoreo ambiental. Dichos estudios est\u00e1n relacionados con el desarrollo de modelos f\u00edsicos, la construcci\u00f3n de la condici\u00f3n inicial (asimilaci\u00f3n e inicializaci\u00f3n de datos), la investigaci\u00f3n de las propiedades matem\u00e1ticas de estos modelos, el tratamiento estad\u00edstico y din\u00e1mico de los datos de observaci\u00f3n a trav\u00e9s de t\u00e9cnicas de inteligencia convencionales y artificiales como las redes neurales. En cin\u00e9tica qu\u00edmica, el an\u00e1lisis asint\u00f3tico se utiliza para verificar mecanismos reducidos de reacciones qu\u00edmicas para la combusti\u00f3n de biocombustibles.<\/p>\n<p><strong>2) M\u00e9todos de matem\u00e1tica aplicada:<\/strong><\/p>\n<p style=\"text-align: justify;\">\u00a0 \u00a0 \u00a0 \u00a0 La l\u00ednea de investigaci\u00f3n de M\u00e9todos de Matem\u00e1tica Aplicada tiene dos objetivos fundamentales: (i) formular rigurosamente modelos matem\u00e1ticos de fen\u00f3menos que ocurren en diversas \u00e1reas de la ciencia, la naturaleza y el desarrollo de nuevas tecnolog\u00edas, y (ii) desarrollar y aplicar metodolog\u00edas integradoras. T\u00e9cnicas anal\u00edticas y computacionales para resolver problemas inherentes a tales modelos. Para esto, se emplean m\u00e9todos de diferentes \u00e1reas de las matem\u00e1ticas para cubrir tantos fen\u00f3menos f\u00edsicos y naturales como sea posible. De particular inter\u00e9s son los m\u00e9todos de an\u00e1lisis matem\u00e1tico, funcional y convexo, ecuaciones diferenciales y sistemas din\u00e1micos, c\u00e1lculos variacionales y num\u00e9ricos, homogeneizaci\u00f3n matem\u00e1tica, optimizaci\u00f3n y control. Ejemplos de fen\u00f3menos estudiados y \u00e1reas de aplicaci\u00f3n son: biomec\u00e1nica \u00f3sea, propiedades f\u00edsicas de materiales y compuestos avanzados, nanociencias, integridad y optimizaci\u00f3n estructural, optimizaci\u00f3n de procesos, vibraci\u00f3n mec\u00e1nica, monitoreo y control de estructuras, sensores y actuadores, sistemas de poblaci\u00f3n, epidemiolog\u00eda, conducci\u00f3n t\u00e9rmica y el\u00e9ctrica, electrost\u00e1tica, flujo de fluidos en medios porosos, interacci\u00f3n de estructura de fluidos, propagaci\u00f3n de ondas mec\u00e1nicas y electromagn\u00e9ticas, radiactividad, comunicaciones y tr\u00e1fico, blindaje, radiaci\u00f3n y choques t\u00e9rmicos, riego e infiltraci\u00f3n del suelo, prospecci\u00f3n y exploraci\u00f3n de minerales y petr\u00f3leo.<\/p>\n<p>&nbsp;<\/p>\n<p><strong>Correo electr\u00f3nico:<\/strong> pgmat.ufpel@gmail.com<\/p>\n<p style=\"text-align: justify;\">El curso de posgrado en modelado matem\u00e1tico se encuentra en el edificio 05 del campus de la Universidad Cap\u00e3o do Le\u00e3o.<\/p>\n<div class=\"mceTemp\"><\/div>\n<div id=\"attachment_2285\" style=\"width: 410px\" class=\"wp-caption aligncenter\"><a href=\"https:\/\/wp.ufpel.edu.br\/ppgmmat\/files\/2018\/11\/mapa_campus.png\"><img aria-describedby=\"caption-attachment-2285\" data-attachment-id=\"2285\" data-permalink=\"https:\/\/wp.ufpel.edu.br\/ppgmmat\/dme-departamento-de-matematica-e-estatistica\/mapa_campus\/\" data-orig-file=\"https:\/\/wp.ufpel.edu.br\/ppgmmat\/files\/2018\/11\/mapa_campus.png\" data-orig-size=\"1144,800\" data-comments-opened=\"0\" data-image-meta=\"{&quot;aperture&quot;:&quot;0&quot;,&quot;credit&quot;:&quot;&quot;,&quot;camera&quot;:&quot;&quot;,&quot;caption&quot;:&quot;&quot;,&quot;created_timestamp&quot;:&quot;0&quot;,&quot;copyright&quot;:&quot;&quot;,&quot;focal_length&quot;:&quot;0&quot;,&quot;iso&quot;:&quot;0&quot;,&quot;shutter_speed&quot;:&quot;0&quot;,&quot;title&quot;:&quot;&quot;,&quot;orientation&quot;:&quot;0&quot;}\" data-image-title=\"Mapa Campus Cap\u00e3o do Le\u00e3o\" data-image-description=\"\" data-image-caption=\"&lt;p&gt;Mapa Campus Cap\u00e3o do Le\u00e3o&lt;\/p&gt;\n\" data-medium-file=\"https:\/\/wp.ufpel.edu.br\/ppgmmat\/files\/2018\/11\/mapa_campus-400x280.png\" data-large-file=\"https:\/\/wp.ufpel.edu.br\/ppgmmat\/files\/2018\/11\/mapa_campus-1024x716.png\" class=\"size-medium wp-image-2285\" src=\"https:\/\/wp.ufpel.edu.br\/ppgmmat\/files\/2018\/11\/mapa_campus-400x280.png\" alt=\"\" width=\"400\" height=\"280\" srcset=\"https:\/\/wp.ufpel.edu.br\/ppgmmat\/files\/2018\/11\/mapa_campus-400x280.png 400w, https:\/\/wp.ufpel.edu.br\/ppgmmat\/files\/2018\/11\/mapa_campus-768x537.png 768w, https:\/\/wp.ufpel.edu.br\/ppgmmat\/files\/2018\/11\/mapa_campus-1024x716.png 1024w, https:\/\/wp.ufpel.edu.br\/ppgmmat\/files\/2018\/11\/mapa_campus.png 1144w\" sizes=\"(max-width: 400px) 100vw, 400px\" \/><\/a><p id=\"caption-attachment-2285\" class=\"wp-caption-text\">Mapa del Campus Cap\u00e3o do Le\u00e3o<\/p><\/div>\n<p>&nbsp;<\/p>\n","protected":false},"excerpt":{"rendered":"<p>El Programa de Posgrado en Modelado Matem\u00e1tico (PPGMMat) de la Universidad Federal de Pelotas (UFPel), con sede en el Instituto de F\u00edsica y Matem\u00e1ticas, ofrece el Curso de Maestr\u00eda en Modelado Matem\u00e1tico. Coordinaci\u00f3n (2022 &#8211; 2024): Ruth da Silva Brum\u00a0 y\u00a0 Daniela Buske \u00c1rea de concentraci\u00f3n: Modelado Matem\u00e1tico L\u00edneas de b\u00fasqueda: 1) Fen\u00f3menos de transporte: [&hellip;]<\/p>\n","protected":false},"author":458,"featured_media":0,"parent":0,"menu_order":0,"comment_status":"closed","ping_status":"closed","template":"","meta":{"jetpack_post_was_ever_published":false,"footnotes":""},"class_list":["post-2710","page","type-page","status-publish","hentry"],"jetpack_sharing_enabled":true,"jetpack_shortlink":"https:\/\/wp.me\/ParAg0-HI","_links":{"self":[{"href":"https:\/\/wp.ufpel.edu.br\/ppgmmat\/wp-json\/wp\/v2\/pages\/2710","targetHints":{"allow":["GET"]}}],"collection":[{"href":"https:\/\/wp.ufpel.edu.br\/ppgmmat\/wp-json\/wp\/v2\/pages"}],"about":[{"href":"https:\/\/wp.ufpel.edu.br\/ppgmmat\/wp-json\/wp\/v2\/types\/page"}],"author":[{"embeddable":true,"href":"https:\/\/wp.ufpel.edu.br\/ppgmmat\/wp-json\/wp\/v2\/users\/458"}],"replies":[{"embeddable":true,"href":"https:\/\/wp.ufpel.edu.br\/ppgmmat\/wp-json\/wp\/v2\/comments?post=2710"}],"version-history":[{"count":12,"href":"https:\/\/wp.ufpel.edu.br\/ppgmmat\/wp-json\/wp\/v2\/pages\/2710\/revisions"}],"predecessor-version":[{"id":3465,"href":"https:\/\/wp.ufpel.edu.br\/ppgmmat\/wp-json\/wp\/v2\/pages\/2710\/revisions\/3465"}],"wp:attachment":[{"href":"https:\/\/wp.ufpel.edu.br\/ppgmmat\/wp-json\/wp\/v2\/media?parent=2710"}],"curies":[{"name":"wp","href":"https:\/\/api.w.org\/{rel}","templated":true}]}}