{"id":2479,"date":"2018-12-13T15:55:09","date_gmt":"2018-12-13T17:55:09","guid":{"rendered":"https:\/\/wp.ufpel.edu.br\/ppgmmat\/?page_id=2479"},"modified":"2026-01-14T19:58:56","modified_gmt":"2026-01-14T22:58:56","slug":"galeria","status":"publish","type":"page","link":"https:\/\/wp.ufpel.edu.br\/ppgmmat\/galeria\/","title":{"rendered":"Fotos"},"content":{"rendered":"<p>Neste link voc\u00ea poder\u00e1 encontrar as fotos dos integrantes do Programa de P\u00f3s-Gradua\u00e7\u00e3o em Modelagem Matem\u00e1tica da UFPel,\u00a0 obtidas em eventos diversos.<\/p>\n<p style=\"text-align: center;\"><span style=\"font-family: 'times new roman', times, serif;\"><span style=\"font-size: 18pt;\"> <a href=\"https:\/\/wp.ufpel.edu.br\/ppgmmat\/galeria-2013-2\/\">2013<\/a>\u00a0 <a href=\"https:\/\/wp.ufpel.edu.br\/ppgmmat\/galeria-2014-2\/\">2014<\/a>\u00a0 \u00a0<a href=\"https:\/\/wp.ufpel.edu.br\/ppgmmat\/galeria-2015-2\/\">2015<\/a>\u00a0 \u00a0<a href=\"https:\/\/wp.ufpel.edu.br\/ppgmmat\/galeria-2016-2\/\">2016<\/a>\u00a0\u00a0 \u00a0<a href=\"https:\/\/wp.ufpel.edu.br\/ppgmmat\/galeria-2017-2\/\">2017<\/a>\u00a0 \u00a0<a href=\"https:\/\/wp.ufpel.edu.br\/ppgmmat\/galeria-2018-2\/\">2018<\/a>\u00a0 \u00a0<a href=\"https:\/\/wp.ufpel.edu.br\/ppgmmat\/galeria-2019-2\/\">2019<\/a> \u00a0 <a href=\"https:\/\/wp.ufpel.edu.br\/ppgmmat\/galeria-2020-2\/\">2020<\/a> \u00a0\u00a0<a href=\"https:\/\/wp.ufpel.edu.br\/ppgmmat\/galeria-2021-2\/\">2021<\/a>\u00a0 \u00a0<a href=\"https:\/\/wp.ufpel.edu.br\/ppgmmat\/galeria-2022-2\/\">2022<\/a>\u00a0\u00a0<a href=\"https:\/\/wp.ufpel.edu.br\/ppgmmat\/galeria-2023-2\/\">2023<\/a> \u00a0<a href=\"https:\/\/wp.ufpel.edu.br\/ppgmmat\/galeria-2024-2\/\">2024<\/a> \u00a0 <a href=\"https:\/\/wp.ufpel.edu.br\/ppgmmat\/galeria-2025\/\">2025<\/a>\u00a0<\/span>\u00a0\u00a0<\/span><\/p>\n","protected":false},"excerpt":{"rendered":"<p>Neste link voc\u00ea poder\u00e1 encontrar as fotos dos integrantes do Programa de P\u00f3s-Gradua\u00e7\u00e3o em Modelagem Matem\u00e1tica da UFPel,\u00a0 obtidas em eventos diversos. 2013\u00a0 2014\u00a0 \u00a02015\u00a0 \u00a02016\u00a0\u00a0 \u00a02017\u00a0 \u00a02018\u00a0 \u00a02019 \u00a0 2020 \u00a0\u00a02021\u00a0 \u00a02022\u00a0\u00a02023 \u00a02024 \u00a0 2025\u00a0\u00a0\u00a0<\/p>\n","protected":false},"author":458,"featured_media":0,"parent":0,"menu_order":0,"comment_status":"closed","ping_status":"closed","template":"","meta":{"jetpack_post_was_ever_published":false,"footnotes":""},"class_list":["post-2479","page","type-page","status-publish","hentry"],"jetpack_sharing_enabled":true,"jetpack_shortlink":"https:\/\/wp.me\/ParAg0-DZ","_links":{"self":[{"href":"https:\/\/wp.ufpel.edu.br\/ppgmmat\/wp-json\/wp\/v2\/pages\/2479","targetHints":{"allow":["GET"]}}],"collection":[{"href":"https:\/\/wp.ufpel.edu.br\/ppgmmat\/wp-json\/wp\/v2\/pages"}],"about":[{"href":"https:\/\/wp.ufpel.edu.br\/ppgmmat\/wp-json\/wp\/v2\/types\/page"}],"author":[{"embeddable":true,"href":"https:\/\/wp.ufpel.edu.br\/ppgmmat\/wp-json\/wp\/v2\/users\/458"}],"replies":[{"embeddable":true,"href":"https:\/\/wp.ufpel.edu.br\/ppgmmat\/wp-json\/wp\/v2\/comments?post=2479"}],"version-history":[{"count":4,"href":"https:\/\/wp.ufpel.edu.br\/ppgmmat\/wp-json\/wp\/v2\/pages\/2479\/revisions"}],"predecessor-version":[{"id":5199,"href":"https:\/\/wp.ufpel.edu.br\/ppgmmat\/wp-json\/wp\/v2\/pages\/2479\/revisions\/5199"}],"wp:attachment":[{"href":"https:\/\/wp.ufpel.edu.br\/ppgmmat\/wp-json\/wp\/v2\/media?parent=2479"}],"curies":[{"name":"wp","href":"https:\/\/api.w.org\/{rel}","templated":true}]}}

<p>Neste link você poderá encontrar as fotos dos integrantes do Programa de Pós-Graduação em Modelagem Matemática da UFPel,  obtidas em eventos diversos.</p>
<p style="text-align: center;"><span style="font-family: 'times new roman', times, serif;"><span style="font-size: 18pt;"> <a href="https://wp.ufpel.edu.br/ppgmmat/galeria-2013-2/">2013</a>  <a href="https://wp.ufpel.edu.br/ppgmmat/galeria-2014-2/">2014</a>   <a href="https://wp.ufpel.edu.br/ppgmmat/galeria-2015-2/">2015</a>   <a href="https://wp.ufpel.edu.br/ppgmmat/galeria-2016-2/">2016</a>    <a href="https://wp.ufpel.edu.br/ppgmmat/galeria-2017-2/">2017</a>   <a href="https://wp.ufpel.edu.br/ppgmmat/galeria-2018-2/">2018</a>   <a href="https://wp.ufpel.edu.br/ppgmmat/galeria-2019-2/">2019</a>   <a href="https://wp.ufpel.edu.br/ppgmmat/galeria-2020-2/">2020</a>   <a href="https://wp.ufpel.edu.br/ppgmmat/galeria-2021-2/">2021</a>   <a href="https://wp.ufpel.edu.br/ppgmmat/galeria-2022-2/">2022</a>  <a href="https://wp.ufpel.edu.br/ppgmmat/galeria-2023-2/">2023</a>  <a href="https://wp.ufpel.edu.br/ppgmmat/galeria-2024-2/">2024</a>   <a href="https://wp.ufpel.edu.br/ppgmmat/galeria-2025/">2025</a> </span>  </span></p>

<p>Neste link você poderá encontrar as fotos dos integrantes do Programa de Pós-Graduação em Modelagem Matemática da UFPel,  obtidas em eventos diversos. 2013  2014   2015   2016    2017   2018   2019   2020   2021   2022  2023  2024   2025   </p>
