{"id":2434,"date":"2018-12-13T14:01:18","date_gmt":"2018-12-13T16:01:18","guid":{"rendered":"https:\/\/wp.ufpel.edu.br\/ppgmmat\/?page_id=2434"},"modified":"2022-05-11T16:32:25","modified_gmt":"2022-05-11T19:32:25","slug":"galeria-2014-2","status":"publish","type":"page","link":"https:\/\/wp.ufpel.edu.br\/ppgmmat\/galeria-2014-2\/","title":{"rendered":"galeria-2014-2"},"content":{"rendered":"<p><a href=\"https:\/\/wp.ufpel.edu.br\/ppgmmat\/galeria\/\">Voltar para galeria<\/a><\/p>\n<ul>\n<li><span style=\"color: #000000;\"><strong>Congressos:<\/strong><\/span><\/li>\n<\/ul>\n<ol>\n<li>XVII Congresso Brasileiro de Meteorologia (CBMET ). Recife &#8211; PE<\/li>\n<\/ol>\n<p style=\"text-align: center;\"><a href=\"https:\/\/wp.ufpel.edu.br\/ppgmmat\/files\/2018\/12\/CBMET2014.jpg\"><img data-attachment-id=\"2439\" data-permalink=\"https:\/\/wp.ufpel.edu.br\/ppgmmat\/galeria-2014-2\/cbmet2014-2\/\" data-orig-file=\"https:\/\/wp.ufpel.edu.br\/ppgmmat\/files\/2018\/12\/CBMET2014.jpg\" data-orig-size=\"1024,768\" data-comments-opened=\"0\" data-image-meta=\"{&quot;aperture&quot;:&quot;0&quot;,&quot;credit&quot;:&quot;&quot;,&quot;camera&quot;:&quot;&quot;,&quot;caption&quot;:&quot;&quot;,&quot;created_timestamp&quot;:&quot;0&quot;,&quot;copyright&quot;:&quot;&quot;,&quot;focal_length&quot;:&quot;0&quot;,&quot;iso&quot;:&quot;0&quot;,&quot;shutter_speed&quot;:&quot;0&quot;,&quot;title&quot;:&quot;&quot;,&quot;orientation&quot;:&quot;0&quot;}\" data-image-title=\"CBMET2014\" data-image-description=\"\" data-image-caption=\"\" data-medium-file=\"https:\/\/wp.ufpel.edu.br\/ppgmmat\/files\/2018\/12\/CBMET2014-400x300.jpg\" data-large-file=\"https:\/\/wp.ufpel.edu.br\/ppgmmat\/files\/2018\/12\/CBMET2014-1024x768.jpg\" class=\"alignnone size-medium wp-image-2439\" src=\"https:\/\/wp.ufpel.edu.br\/ppgmmat\/files\/2018\/12\/CBMET2014-400x300.jpg\" alt=\"\" width=\"400\" height=\"300\" srcset=\"https:\/\/wp.ufpel.edu.br\/ppgmmat\/files\/2018\/12\/CBMET2014-400x300.jpg 400w, https:\/\/wp.ufpel.edu.br\/ppgmmat\/files\/2018\/12\/CBMET2014-768x576.jpg 768w, https:\/\/wp.ufpel.edu.br\/ppgmmat\/files\/2018\/12\/CBMET2014.jpg 1024w\" sizes=\"(max-width: 400px) 100vw, 400px\" \/><\/a><\/p>\n<p>2. I Congresso Brasileiro de Jovens Pesquisadores em Matem\u00e1tica Pura e Aplicada. S\u00e3o Paulo &#8211; SP<\/p>\n<p style=\"text-align: center;\"><a href=\"https:\/\/wp.ufpel.edu.br\/ppgmmat\/files\/2018\/12\/Marcus_dez_2014.jpg\"><img data-attachment-id=\"2440\" data-permalink=\"https:\/\/wp.ufpel.edu.br\/ppgmmat\/galeria-2014-2\/marcus_dez_2014\/\" data-orig-file=\"https:\/\/wp.ufpel.edu.br\/ppgmmat\/files\/2018\/12\/Marcus_dez_2014.jpg\" data-orig-size=\"2560,1920\" data-comments-opened=\"0\" data-image-meta=\"{&quot;aperture&quot;:&quot;2.7&quot;,&quot;credit&quot;:&quot;&quot;,&quot;camera&quot;:&quot;GT-N8020&quot;,&quot;caption&quot;:&quot;&quot;,&quot;created_timestamp&quot;:&quot;1418315884&quot;,&quot;copyright&quot;:&quot;&quot;,&quot;focal_length&quot;:&quot;3.43&quot;,&quot;iso&quot;:&quot;40&quot;,&quot;shutter_speed&quot;:&quot;0.0078125&quot;,&quot;title&quot;:&quot;&quot;,&quot;orientation&quot;:&quot;1&quot;}\" data-image-title=\"Marcus_dez_2014\" data-image-description=\"\" data-image-caption=\"\" data-medium-file=\"https:\/\/wp.ufpel.edu.br\/ppgmmat\/files\/2018\/12\/Marcus_dez_2014-400x300.jpg\" data-large-file=\"https:\/\/wp.ufpel.edu.br\/ppgmmat\/files\/2018\/12\/Marcus_dez_2014-1024x768.jpg\" class=\"alignnone size-medium wp-image-2440\" src=\"https:\/\/wp.ufpel.edu.br\/ppgmmat\/files\/2018\/12\/Marcus_dez_2014-400x300.jpg\" alt=\"\" width=\"400\" height=\"300\" srcset=\"https:\/\/wp.ufpel.edu.br\/ppgmmat\/files\/2018\/12\/Marcus_dez_2014-400x300.jpg 400w, https:\/\/wp.ufpel.edu.br\/ppgmmat\/files\/2018\/12\/Marcus_dez_2014-768x576.jpg 768w, https:\/\/wp.ufpel.edu.br\/ppgmmat\/files\/2018\/12\/Marcus_dez_2014-1024x768.jpg 1024w\" sizes=\"(max-width: 400px) 100vw, 400px\" \/><\/a><\/p>\n<ul>\n<li><strong>Qualifica\u00e7\u00f5es de Mestrado<\/strong><\/li>\n<\/ul>\n<ol>\n<li>Marcos Antonio Carraro<\/li>\n<\/ol>\n<p style=\"text-align: center;\"><a href=\"https:\/\/wp.ufpel.edu.br\/ppgmmat\/files\/2018\/12\/qualifica_marcos.jpg\"><img data-attachment-id=\"2441\" data-permalink=\"https:\/\/wp.ufpel.edu.br\/ppgmmat\/galeria-2014-2\/qualifica_marcos-2\/\" data-orig-file=\"https:\/\/wp.ufpel.edu.br\/ppgmmat\/files\/2018\/12\/qualifica_marcos.jpg\" data-orig-size=\"1024,768\" data-comments-opened=\"0\" data-image-meta=\"{&quot;aperture&quot;:&quot;0&quot;,&quot;credit&quot;:&quot;&quot;,&quot;camera&quot;:&quot;&quot;,&quot;caption&quot;:&quot;&quot;,&quot;created_timestamp&quot;:&quot;0&quot;,&quot;copyright&quot;:&quot;&quot;,&quot;focal_length&quot;:&quot;0&quot;,&quot;iso&quot;:&quot;0&quot;,&quot;shutter_speed&quot;:&quot;0&quot;,&quot;title&quot;:&quot;&quot;,&quot;orientation&quot;:&quot;0&quot;}\" data-image-title=\"qualifica_marcos\" data-image-description=\"\" data-image-caption=\"\" data-medium-file=\"https:\/\/wp.ufpel.edu.br\/ppgmmat\/files\/2018\/12\/qualifica_marcos-400x300.jpg\" data-large-file=\"https:\/\/wp.ufpel.edu.br\/ppgmmat\/files\/2018\/12\/qualifica_marcos-1024x768.jpg\" class=\"alignnone size-medium wp-image-2441\" src=\"https:\/\/wp.ufpel.edu.br\/ppgmmat\/files\/2018\/12\/qualifica_marcos-400x300.jpg\" alt=\"\" width=\"400\" height=\"300\" srcset=\"https:\/\/wp.ufpel.edu.br\/ppgmmat\/files\/2018\/12\/qualifica_marcos-400x300.jpg 400w, https:\/\/wp.ufpel.edu.br\/ppgmmat\/files\/2018\/12\/qualifica_marcos-768x576.jpg 768w, https:\/\/wp.ufpel.edu.br\/ppgmmat\/files\/2018\/12\/qualifica_marcos.jpg 1024w\" sizes=\"(max-width: 400px) 100vw, 400px\" \/><\/a><\/p>\n<p>2. Fernanda Tumelero<\/p>\n<p style=\"text-align: center;\"><a href=\"https:\/\/wp.ufpel.edu.br\/ppgmmat\/files\/2018\/12\/qualifica_fernanda.jpg\"><img data-attachment-id=\"2442\" data-permalink=\"https:\/\/wp.ufpel.edu.br\/ppgmmat\/galeria-2014-2\/qualifica_fernanda\/\" data-orig-file=\"https:\/\/wp.ufpel.edu.br\/ppgmmat\/files\/2018\/12\/qualifica_fernanda.jpg\" data-orig-size=\"1024,768\" data-comments-opened=\"0\" data-image-meta=\"{&quot;aperture&quot;:&quot;0&quot;,&quot;credit&quot;:&quot;&quot;,&quot;camera&quot;:&quot;&quot;,&quot;caption&quot;:&quot;&quot;,&quot;created_timestamp&quot;:&quot;0&quot;,&quot;copyright&quot;:&quot;&quot;,&quot;focal_length&quot;:&quot;0&quot;,&quot;iso&quot;:&quot;0&quot;,&quot;shutter_speed&quot;:&quot;0&quot;,&quot;title&quot;:&quot;&quot;,&quot;orientation&quot;:&quot;0&quot;}\" data-image-title=\"qualifica_fernanda\" data-image-description=\"\" data-image-caption=\"\" data-medium-file=\"https:\/\/wp.ufpel.edu.br\/ppgmmat\/files\/2018\/12\/qualifica_fernanda-400x300.jpg\" data-large-file=\"https:\/\/wp.ufpel.edu.br\/ppgmmat\/files\/2018\/12\/qualifica_fernanda-1024x768.jpg\" class=\"alignnone size-medium wp-image-2442\" src=\"https:\/\/wp.ufpel.edu.br\/ppgmmat\/files\/2018\/12\/qualifica_fernanda-400x300.jpg\" alt=\"\" width=\"400\" height=\"300\" srcset=\"https:\/\/wp.ufpel.edu.br\/ppgmmat\/files\/2018\/12\/qualifica_fernanda-400x300.jpg 400w, https:\/\/wp.ufpel.edu.br\/ppgmmat\/files\/2018\/12\/qualifica_fernanda-768x576.jpg 768w, https:\/\/wp.ufpel.edu.br\/ppgmmat\/files\/2018\/12\/qualifica_fernanda.jpg 1024w\" sizes=\"(max-width: 400px) 100vw, 400px\" \/><\/a><\/p>\n<p>3. Lucas dos Santos Fernandez<\/p>\n<p style=\"text-align: center;\"><a href=\"https:\/\/wp.ufpel.edu.br\/ppgmmat\/files\/2018\/12\/qualifica_lucas.jpg\"><img data-attachment-id=\"2443\" data-permalink=\"https:\/\/wp.ufpel.edu.br\/ppgmmat\/galeria-2014-2\/qualifica_lucas-2\/\" data-orig-file=\"https:\/\/wp.ufpel.edu.br\/ppgmmat\/files\/2018\/12\/qualifica_lucas.jpg\" data-orig-size=\"1024,768\" data-comments-opened=\"0\" data-image-meta=\"{&quot;aperture&quot;:&quot;0&quot;,&quot;credit&quot;:&quot;&quot;,&quot;camera&quot;:&quot;&quot;,&quot;caption&quot;:&quot;&quot;,&quot;created_timestamp&quot;:&quot;0&quot;,&quot;copyright&quot;:&quot;&quot;,&quot;focal_length&quot;:&quot;0&quot;,&quot;iso&quot;:&quot;0&quot;,&quot;shutter_speed&quot;:&quot;0&quot;,&quot;title&quot;:&quot;&quot;,&quot;orientation&quot;:&quot;0&quot;}\" data-image-title=\"qualifica_lucas\" data-image-description=\"\" data-image-caption=\"\" data-medium-file=\"https:\/\/wp.ufpel.edu.br\/ppgmmat\/files\/2018\/12\/qualifica_lucas-400x300.jpg\" data-large-file=\"https:\/\/wp.ufpel.edu.br\/ppgmmat\/files\/2018\/12\/qualifica_lucas-1024x768.jpg\" class=\"alignnone size-medium wp-image-2443\" src=\"https:\/\/wp.ufpel.edu.br\/ppgmmat\/files\/2018\/12\/qualifica_lucas-400x300.jpg\" alt=\"\" width=\"400\" height=\"300\" srcset=\"https:\/\/wp.ufpel.edu.br\/ppgmmat\/files\/2018\/12\/qualifica_lucas-400x300.jpg 400w, https:\/\/wp.ufpel.edu.br\/ppgmmat\/files\/2018\/12\/qualifica_lucas-768x576.jpg 768w, https:\/\/wp.ufpel.edu.br\/ppgmmat\/files\/2018\/12\/qualifica_lucas.jpg 1024w\" sizes=\"(max-width: 400px) 100vw, 400px\" \/><\/a><\/p>\n<p>4. Renata Engr\u00e1cio de Oliveira<\/p>\n<p style=\"text-align: center;\"><a href=\"https:\/\/wp.ufpel.edu.br\/ppgmmat\/files\/2018\/12\/qualifica_renata.jpg\"><img data-attachment-id=\"2444\" data-permalink=\"https:\/\/wp.ufpel.edu.br\/ppgmmat\/galeria-2014-2\/qualifica_renata\/\" data-orig-file=\"https:\/\/wp.ufpel.edu.br\/ppgmmat\/files\/2018\/12\/qualifica_renata.jpg\" data-orig-size=\"1024,768\" data-comments-opened=\"0\" data-image-meta=\"{&quot;aperture&quot;:&quot;0&quot;,&quot;credit&quot;:&quot;&quot;,&quot;camera&quot;:&quot;&quot;,&quot;caption&quot;:&quot;&quot;,&quot;created_timestamp&quot;:&quot;0&quot;,&quot;copyright&quot;:&quot;&quot;,&quot;focal_length&quot;:&quot;0&quot;,&quot;iso&quot;:&quot;0&quot;,&quot;shutter_speed&quot;:&quot;0&quot;,&quot;title&quot;:&quot;&quot;,&quot;orientation&quot;:&quot;0&quot;}\" data-image-title=\"qualifica_renata\" data-image-description=\"\" data-image-caption=\"\" data-medium-file=\"https:\/\/wp.ufpel.edu.br\/ppgmmat\/files\/2018\/12\/qualifica_renata-400x300.jpg\" data-large-file=\"https:\/\/wp.ufpel.edu.br\/ppgmmat\/files\/2018\/12\/qualifica_renata-1024x768.jpg\" class=\"alignnone size-medium wp-image-2444\" src=\"https:\/\/wp.ufpel.edu.br\/ppgmmat\/files\/2018\/12\/qualifica_renata-400x300.jpg\" alt=\"\" width=\"400\" height=\"300\" srcset=\"https:\/\/wp.ufpel.edu.br\/ppgmmat\/files\/2018\/12\/qualifica_renata-400x300.jpg 400w, https:\/\/wp.ufpel.edu.br\/ppgmmat\/files\/2018\/12\/qualifica_renata-768x576.jpg 768w, https:\/\/wp.ufpel.edu.br\/ppgmmat\/files\/2018\/12\/qualifica_renata.jpg 1024w\" sizes=\"(max-width: 400px) 100vw, 400px\" \/><\/a><\/p>\n<p>5. Cristiane Schwartz Venzke<\/p>\n<p style=\"text-align: center;\"><a href=\"https:\/\/wp.ufpel.edu.br\/ppgmmat\/files\/2018\/12\/qualifica_cris.jpg\"><img data-attachment-id=\"2445\" data-permalink=\"https:\/\/wp.ufpel.edu.br\/ppgmmat\/galeria-2014-2\/qualifica_cris-2\/\" data-orig-file=\"https:\/\/wp.ufpel.edu.br\/ppgmmat\/files\/2018\/12\/qualifica_cris.jpg\" data-orig-size=\"1024,768\" data-comments-opened=\"0\" data-image-meta=\"{&quot;aperture&quot;:&quot;0&quot;,&quot;credit&quot;:&quot;&quot;,&quot;camera&quot;:&quot;&quot;,&quot;caption&quot;:&quot;&quot;,&quot;created_timestamp&quot;:&quot;0&quot;,&quot;copyright&quot;:&quot;&quot;,&quot;focal_length&quot;:&quot;0&quot;,&quot;iso&quot;:&quot;0&quot;,&quot;shutter_speed&quot;:&quot;0&quot;,&quot;title&quot;:&quot;&quot;,&quot;orientation&quot;:&quot;0&quot;}\" data-image-title=\"qualifica_cris\" data-image-description=\"\" data-image-caption=\"\" data-medium-file=\"https:\/\/wp.ufpel.edu.br\/ppgmmat\/files\/2018\/12\/qualifica_cris-400x300.jpg\" data-large-file=\"https:\/\/wp.ufpel.edu.br\/ppgmmat\/files\/2018\/12\/qualifica_cris-1024x768.jpg\" class=\"alignnone size-medium wp-image-2445\" src=\"https:\/\/wp.ufpel.edu.br\/ppgmmat\/files\/2018\/12\/qualifica_cris-400x300.jpg\" alt=\"\" width=\"400\" height=\"300\" srcset=\"https:\/\/wp.ufpel.edu.br\/ppgmmat\/files\/2018\/12\/qualifica_cris-400x300.jpg 400w, https:\/\/wp.ufpel.edu.br\/ppgmmat\/files\/2018\/12\/qualifica_cris-768x576.jpg 768w, https:\/\/wp.ufpel.edu.br\/ppgmmat\/files\/2018\/12\/qualifica_cris.jpg 1024w\" sizes=\"(max-width: 400px) 100vw, 400px\" \/><\/a><\/p>\n<p><a href=\"https:\/\/wp.ufpel.edu.br\/ppgmmat\/galeria\/\">Voltar para galeria<\/a><\/p>\n","protected":false},"excerpt":{"rendered":"<p>Voltar para galeria Congressos: XVII Congresso Brasileiro de Meteorologia (CBMET ). Recife &#8211; PE 2. I Congresso Brasileiro de Jovens Pesquisadores em Matem\u00e1tica Pura e Aplicada. S\u00e3o Paulo &#8211; SP Qualifica\u00e7\u00f5es de Mestrado Marcos Antonio Carraro 2. Fernanda Tumelero 3. Lucas dos Santos Fernandez 4. Renata Engr\u00e1cio de Oliveira 5. Cristiane Schwartz Venzke Voltar para [&hellip;]<\/p>\n","protected":false},"author":458,"featured_media":0,"parent":0,"menu_order":0,"comment_status":"closed","ping_status":"closed","template":"","meta":{"jetpack_post_was_ever_published":false,"footnotes":""},"class_list":["post-2434","page","type-page","status-publish","hentry"],"jetpack_sharing_enabled":true,"jetpack_shortlink":"https:\/\/wp.me\/ParAg0-Dg","_links":{"self":[{"href":"https:\/\/wp.ufpel.edu.br\/ppgmmat\/wp-json\/wp\/v2\/pages\/2434","targetHints":{"allow":["GET"]}}],"collection":[{"href":"https:\/\/wp.ufpel.edu.br\/ppgmmat\/wp-json\/wp\/v2\/pages"}],"about":[{"href":"https:\/\/wp.ufpel.edu.br\/ppgmmat\/wp-json\/wp\/v2\/types\/page"}],"author":[{"embeddable":true,"href":"https:\/\/wp.ufpel.edu.br\/ppgmmat\/wp-json\/wp\/v2\/users\/458"}],"replies":[{"embeddable":true,"href":"https:\/\/wp.ufpel.edu.br\/ppgmmat\/wp-json\/wp\/v2\/comments?post=2434"}],"version-history":[{"count":6,"href":"https:\/\/wp.ufpel.edu.br\/ppgmmat\/wp-json\/wp\/v2\/pages\/2434\/revisions"}],"predecessor-version":[{"id":3536,"href":"https:\/\/wp.ufpel.edu.br\/ppgmmat\/wp-json\/wp\/v2\/pages\/2434\/revisions\/3536"}],"wp:attachment":[{"href":"https:\/\/wp.ufpel.edu.br\/ppgmmat\/wp-json\/wp\/v2\/media?parent=2434"}],"curies":[{"name":"wp","href":"https:\/\/api.w.org\/{rel}","templated":true}]}}