{"id":2360,"date":"2018-11-13T17:30:54","date_gmt":"2018-11-13T19:30:54","guid":{"rendered":"https:\/\/wp.ufpel.edu.br\/ppgmmat\/?page_id=2360"},"modified":"2022-05-11T16:32:56","modified_gmt":"2022-05-11T19:32:56","slug":"galeria-2016-2","status":"publish","type":"page","link":"https:\/\/wp.ufpel.edu.br\/ppgmmat\/galeria-2016-2\/","title":{"rendered":"galeria-2016-2"},"content":{"rendered":"<p><a href=\"https:\/\/wp.ufpel.edu.br\/ppgmmat\/galeria\/\">Voltar para galeria<\/a><\/p>\n<ul>\n<li><span style=\"color: #000000;\"><strong>Congressos:<\/strong><\/span><\/li>\n<\/ul>\n<ol>\n<li>XIX Encontro Nacional de Modelagem Computacional ( ENMC ). Jo\u00e3o Pessoa &#8211; PB<\/li>\n<\/ol>\n<p style=\"text-align: center;\"><a href=\"https:\/\/wp.ufpel.edu.br\/ppgmmat\/files\/2018\/12\/ENMC-2016.jpg\"><img data-attachment-id=\"2399\" data-permalink=\"https:\/\/wp.ufpel.edu.br\/ppgmmat\/galeria-2016-2\/enmc-2016-2\/\" data-orig-file=\"https:\/\/wp.ufpel.edu.br\/ppgmmat\/files\/2018\/12\/ENMC-2016.jpg\" data-orig-size=\"1243,768\" data-comments-opened=\"0\" data-image-meta=\"{&quot;aperture&quot;:&quot;0&quot;,&quot;credit&quot;:&quot;&quot;,&quot;camera&quot;:&quot;&quot;,&quot;caption&quot;:&quot;&quot;,&quot;created_timestamp&quot;:&quot;0&quot;,&quot;copyright&quot;:&quot;&quot;,&quot;focal_length&quot;:&quot;0&quot;,&quot;iso&quot;:&quot;0&quot;,&quot;shutter_speed&quot;:&quot;0&quot;,&quot;title&quot;:&quot;&quot;,&quot;orientation&quot;:&quot;0&quot;}\" data-image-title=\"ENMC -2016\" data-image-description=\"\" data-image-caption=\"\" data-medium-file=\"https:\/\/wp.ufpel.edu.br\/ppgmmat\/files\/2018\/12\/ENMC-2016-400x247.jpg\" data-large-file=\"https:\/\/wp.ufpel.edu.br\/ppgmmat\/files\/2018\/12\/ENMC-2016-1024x633.jpg\" class=\"alignnone size-medium wp-image-2399\" src=\"https:\/\/wp.ufpel.edu.br\/ppgmmat\/files\/2018\/12\/ENMC-2016-400x247.jpg\" alt=\"\" width=\"400\" height=\"247\" srcset=\"https:\/\/wp.ufpel.edu.br\/ppgmmat\/files\/2018\/12\/ENMC-2016-400x247.jpg 400w, https:\/\/wp.ufpel.edu.br\/ppgmmat\/files\/2018\/12\/ENMC-2016-768x475.jpg 768w, https:\/\/wp.ufpel.edu.br\/ppgmmat\/files\/2018\/12\/ENMC-2016-1024x633.jpg 1024w, https:\/\/wp.ufpel.edu.br\/ppgmmat\/files\/2018\/12\/ENMC-2016.jpg 1243w\" sizes=\"(max-width: 400px) 100vw, 400px\" \/><\/a><\/p>\n<p style=\"text-align: left;\">2. 16th Brazilian Congress of Thermal Sciences and Engineering. Vit\u00f3ria &#8211; ES<\/p>\n<p style=\"text-align: center;\"><a href=\"https:\/\/wp.ufpel.edu.br\/ppgmmat\/files\/2018\/12\/Encit-2016.jpg\"><img data-attachment-id=\"2401\" data-permalink=\"https:\/\/wp.ufpel.edu.br\/ppgmmat\/galeria-2016-2\/encit-2016-2\/\" data-orig-file=\"https:\/\/wp.ufpel.edu.br\/ppgmmat\/files\/2018\/12\/Encit-2016.jpg\" data-orig-size=\"4608,3456\" data-comments-opened=\"0\" data-image-meta=\"{&quot;aperture&quot;:&quot;3&quot;,&quot;credit&quot;:&quot;&quot;,&quot;camera&quot;:&quot;Canon PowerShot A4000 IS&quot;,&quot;caption&quot;:&quot;&quot;,&quot;created_timestamp&quot;:&quot;1478601974&quot;,&quot;copyright&quot;:&quot;&quot;,&quot;focal_length&quot;:&quot;5&quot;,&quot;iso&quot;:&quot;100&quot;,&quot;shutter_speed&quot;:&quot;0.033333333333333&quot;,&quot;title&quot;:&quot;&quot;,&quot;orientation&quot;:&quot;1&quot;}\" data-image-title=\"Encit &amp;#8211; 2016\" data-image-description=\"\" data-image-caption=\"\" data-medium-file=\"https:\/\/wp.ufpel.edu.br\/ppgmmat\/files\/2018\/12\/Encit-2016-400x300.jpg\" data-large-file=\"https:\/\/wp.ufpel.edu.br\/ppgmmat\/files\/2018\/12\/Encit-2016-1024x768.jpg\" class=\"alignnone size-medium wp-image-2401\" src=\"https:\/\/wp.ufpel.edu.br\/ppgmmat\/files\/2018\/12\/Encit-2016-400x300.jpg\" alt=\"\" width=\"400\" height=\"300\" srcset=\"https:\/\/wp.ufpel.edu.br\/ppgmmat\/files\/2018\/12\/Encit-2016-400x300.jpg 400w, https:\/\/wp.ufpel.edu.br\/ppgmmat\/files\/2018\/12\/Encit-2016-768x576.jpg 768w, https:\/\/wp.ufpel.edu.br\/ppgmmat\/files\/2018\/12\/Encit-2016-1024x768.jpg 1024w\" sizes=\"(max-width: 400px) 100vw, 400px\" \/><\/a><\/p>\n<p style=\"text-align: left;\">3. VII Confer\u00eancia Sul de Modelagem Computacional ( MCSUL ). Rio Grande &#8211; RS<\/p>\n<p style=\"text-align: center;\"><a href=\"https:\/\/wp.ufpel.edu.br\/ppgmmat\/files\/2018\/12\/MCSUL-FURG.jpg\"><img data-attachment-id=\"2405\" data-permalink=\"https:\/\/wp.ufpel.edu.br\/ppgmmat\/galeria-2016-2\/mcsul-furg-2\/\" data-orig-file=\"https:\/\/wp.ufpel.edu.br\/ppgmmat\/files\/2018\/12\/MCSUL-FURG.jpg\" data-orig-size=\"3264,1836\" data-comments-opened=\"0\" data-image-meta=\"{&quot;aperture&quot;:&quot;2.6&quot;,&quot;credit&quot;:&quot;&quot;,&quot;camera&quot;:&quot;GT-I9192&quot;,&quot;caption&quot;:&quot;&quot;,&quot;created_timestamp&quot;:&quot;1479386237&quot;,&quot;copyright&quot;:&quot;&quot;,&quot;focal_length&quot;:&quot;3.7&quot;,&quot;iso&quot;:&quot;125&quot;,&quot;shutter_speed&quot;:&quot;0.041666666666667&quot;,&quot;title&quot;:&quot;&quot;,&quot;orientation&quot;:&quot;1&quot;}\" data-image-title=\"MCSUL &amp;#8211; FURG\" data-image-description=\"\" data-image-caption=\"\" data-medium-file=\"https:\/\/wp.ufpel.edu.br\/ppgmmat\/files\/2018\/12\/MCSUL-FURG-400x225.jpg\" data-large-file=\"https:\/\/wp.ufpel.edu.br\/ppgmmat\/files\/2018\/12\/MCSUL-FURG-1024x576.jpg\" class=\"alignnone size-medium wp-image-2405\" src=\"https:\/\/wp.ufpel.edu.br\/ppgmmat\/files\/2018\/12\/MCSUL-FURG-400x225.jpg\" alt=\"\" width=\"400\" height=\"225\" srcset=\"https:\/\/wp.ufpel.edu.br\/ppgmmat\/files\/2018\/12\/MCSUL-FURG-400x225.jpg 400w, https:\/\/wp.ufpel.edu.br\/ppgmmat\/files\/2018\/12\/MCSUL-FURG-768x432.jpg 768w, https:\/\/wp.ufpel.edu.br\/ppgmmat\/files\/2018\/12\/MCSUL-FURG-1024x576.jpg 1024w\" sizes=\"(max-width: 400px) 100vw, 400px\" \/><\/a><\/p>\n<p>4. Pr\u00eamio SIIEPE &#8211; Segundo lugar &#8211; Ci\u00eancias Exatas e da Terra<\/p>\n<p style=\"text-align: center;\"><a href=\"https:\/\/wp.ufpel.edu.br\/ppgmmat\/files\/2018\/12\/Premio-ENPOS-Rafaela.jpg\"><img data-attachment-id=\"2504\" data-permalink=\"https:\/\/wp.ufpel.edu.br\/ppgmmat\/galeria-2016-2\/premio-enpos-rafaela-2\/\" data-orig-file=\"https:\/\/wp.ufpel.edu.br\/ppgmmat\/files\/2018\/12\/Premio-ENPOS-Rafaela.jpg\" data-orig-size=\"4032,3024\" data-comments-opened=\"0\" data-image-meta=\"{&quot;aperture&quot;:&quot;1.7&quot;,&quot;credit&quot;:&quot;&quot;,&quot;camera&quot;:&quot;SM-G930F&quot;,&quot;caption&quot;:&quot;&quot;,&quot;created_timestamp&quot;:&quot;1489160857&quot;,&quot;copyright&quot;:&quot;&quot;,&quot;focal_length&quot;:&quot;4.2&quot;,&quot;iso&quot;:&quot;200&quot;,&quot;shutter_speed&quot;:&quot;0.016666666666667&quot;,&quot;title&quot;:&quot;&quot;,&quot;orientation&quot;:&quot;1&quot;}\" data-image-title=\"Premio ENPOS &amp;#8211; Rafaela\" data-image-description=\"\" data-image-caption=\"\" data-medium-file=\"https:\/\/wp.ufpel.edu.br\/ppgmmat\/files\/2018\/12\/Premio-ENPOS-Rafaela-400x300.jpg\" data-large-file=\"https:\/\/wp.ufpel.edu.br\/ppgmmat\/files\/2018\/12\/Premio-ENPOS-Rafaela-1024x768.jpg\" class=\"alignnone size-medium wp-image-2504\" src=\"https:\/\/wp.ufpel.edu.br\/ppgmmat\/files\/2018\/12\/Premio-ENPOS-Rafaela-400x300.jpg\" alt=\"\" width=\"400\" height=\"300\" srcset=\"https:\/\/wp.ufpel.edu.br\/ppgmmat\/files\/2018\/12\/Premio-ENPOS-Rafaela-400x300.jpg 400w, https:\/\/wp.ufpel.edu.br\/ppgmmat\/files\/2018\/12\/Premio-ENPOS-Rafaela-768x576.jpg 768w, https:\/\/wp.ufpel.edu.br\/ppgmmat\/files\/2018\/12\/Premio-ENPOS-Rafaela-1024x768.jpg 1024w\" sizes=\"(max-width: 400px) 100vw, 400px\" \/><\/a><\/p>\n<p>&nbsp;<\/p>\n<p>&nbsp;<\/p>\n<ul>\n<li><strong>Defesas de mestrado:<\/strong><\/li>\n<\/ul>\n<ol>\n<li>Daniela Dalla Chiesa<\/li>\n<\/ol>\n<p style=\"text-align: center;\"><a href=\"https:\/\/wp.ufpel.edu.br\/ppgmmat\/files\/2018\/12\/defesa_Daniela.jpg\"><img data-attachment-id=\"2406\" data-permalink=\"https:\/\/wp.ufpel.edu.br\/ppgmmat\/galeria-2016-2\/defesa_daniela-2\/\" data-orig-file=\"https:\/\/wp.ufpel.edu.br\/ppgmmat\/files\/2018\/12\/defesa_Daniela.jpg\" data-orig-size=\"2560,1920\" data-comments-opened=\"0\" data-image-meta=\"{&quot;aperture&quot;:&quot;2.6&quot;,&quot;credit&quot;:&quot;&quot;,&quot;camera&quot;:&quot;SM-G3502T&quot;,&quot;caption&quot;:&quot;&quot;,&quot;created_timestamp&quot;:&quot;1455539216&quot;,&quot;copyright&quot;:&quot;&quot;,&quot;focal_length&quot;:&quot;3.31&quot;,&quot;iso&quot;:&quot;50&quot;,&quot;shutter_speed&quot;:&quot;0.025&quot;,&quot;title&quot;:&quot;&quot;,&quot;orientation&quot;:&quot;1&quot;}\" data-image-title=\"defesa_Daniela\" data-image-description=\"\" data-image-caption=\"\" data-medium-file=\"https:\/\/wp.ufpel.edu.br\/ppgmmat\/files\/2018\/12\/defesa_Daniela-400x300.jpg\" data-large-file=\"https:\/\/wp.ufpel.edu.br\/ppgmmat\/files\/2018\/12\/defesa_Daniela-1024x768.jpg\" class=\"alignnone size-medium wp-image-2406\" src=\"https:\/\/wp.ufpel.edu.br\/ppgmmat\/files\/2018\/12\/defesa_Daniela-400x300.jpg\" alt=\"\" width=\"400\" height=\"300\" srcset=\"https:\/\/wp.ufpel.edu.br\/ppgmmat\/files\/2018\/12\/defesa_Daniela-400x300.jpg 400w, https:\/\/wp.ufpel.edu.br\/ppgmmat\/files\/2018\/12\/defesa_Daniela-768x576.jpg 768w, https:\/\/wp.ufpel.edu.br\/ppgmmat\/files\/2018\/12\/defesa_Daniela-1024x768.jpg 1024w\" sizes=\"(max-width: 400px) 100vw, 400px\" \/><\/a><\/p>\n<p style=\"text-align: left;\">2. Karine Rui<\/p>\n<p style=\"text-align: center;\"><a href=\"https:\/\/wp.ufpel.edu.br\/ppgmmat\/files\/2018\/12\/defesa_Karine.jpg\"><img data-attachment-id=\"2407\" data-permalink=\"https:\/\/wp.ufpel.edu.br\/ppgmmat\/galeria-2016-2\/defesa_karine-2\/\" data-orig-file=\"https:\/\/wp.ufpel.edu.br\/ppgmmat\/files\/2018\/12\/defesa_Karine.jpg\" data-orig-size=\"960,720\" data-comments-opened=\"0\" data-image-meta=\"{&quot;aperture&quot;:&quot;0&quot;,&quot;credit&quot;:&quot;&quot;,&quot;camera&quot;:&quot;&quot;,&quot;caption&quot;:&quot;&quot;,&quot;created_timestamp&quot;:&quot;0&quot;,&quot;copyright&quot;:&quot;&quot;,&quot;focal_length&quot;:&quot;0&quot;,&quot;iso&quot;:&quot;0&quot;,&quot;shutter_speed&quot;:&quot;0&quot;,&quot;title&quot;:&quot;&quot;,&quot;orientation&quot;:&quot;0&quot;}\" data-image-title=\"defesa_Karine\" data-image-description=\"\" data-image-caption=\"\" data-medium-file=\"https:\/\/wp.ufpel.edu.br\/ppgmmat\/files\/2018\/12\/defesa_Karine-400x300.jpg\" data-large-file=\"https:\/\/wp.ufpel.edu.br\/ppgmmat\/files\/2018\/12\/defesa_Karine.jpg\" class=\"alignnone size-medium wp-image-2407\" src=\"https:\/\/wp.ufpel.edu.br\/ppgmmat\/files\/2018\/12\/defesa_Karine-400x300.jpg\" alt=\"\" width=\"400\" height=\"300\" srcset=\"https:\/\/wp.ufpel.edu.br\/ppgmmat\/files\/2018\/12\/defesa_Karine-400x300.jpg 400w, https:\/\/wp.ufpel.edu.br\/ppgmmat\/files\/2018\/12\/defesa_Karine-768x576.jpg 768w, https:\/\/wp.ufpel.edu.br\/ppgmmat\/files\/2018\/12\/defesa_Karine.jpg 960w\" sizes=\"(max-width: 400px) 100vw, 400px\" \/><\/a><\/p>\n<p>3. Marcos Pinheiro de Lima<\/p>\n<p style=\"text-align: center;\"><a href=\"https:\/\/wp.ufpel.edu.br\/ppgmmat\/files\/2018\/12\/defesa_Marcos.jpg\"><img data-attachment-id=\"2408\" data-permalink=\"https:\/\/wp.ufpel.edu.br\/ppgmmat\/galeria-2016-2\/defesa_marcos-2\/\" data-orig-file=\"https:\/\/wp.ufpel.edu.br\/ppgmmat\/files\/2018\/12\/defesa_Marcos.jpg\" data-orig-size=\"1600,1200\" data-comments-opened=\"0\" data-image-meta=\"{&quot;aperture&quot;:&quot;0&quot;,&quot;credit&quot;:&quot;&quot;,&quot;camera&quot;:&quot;&quot;,&quot;caption&quot;:&quot;&quot;,&quot;created_timestamp&quot;:&quot;0&quot;,&quot;copyright&quot;:&quot;&quot;,&quot;focal_length&quot;:&quot;0&quot;,&quot;iso&quot;:&quot;0&quot;,&quot;shutter_speed&quot;:&quot;0&quot;,&quot;title&quot;:&quot;&quot;,&quot;orientation&quot;:&quot;0&quot;}\" data-image-title=\"defesa_Marcos\" data-image-description=\"\" data-image-caption=\"\" data-medium-file=\"https:\/\/wp.ufpel.edu.br\/ppgmmat\/files\/2018\/12\/defesa_Marcos-400x300.jpg\" data-large-file=\"https:\/\/wp.ufpel.edu.br\/ppgmmat\/files\/2018\/12\/defesa_Marcos-1024x768.jpg\" class=\"alignnone size-medium wp-image-2408\" src=\"https:\/\/wp.ufpel.edu.br\/ppgmmat\/files\/2018\/12\/defesa_Marcos-400x300.jpg\" alt=\"\" width=\"400\" height=\"300\" srcset=\"https:\/\/wp.ufpel.edu.br\/ppgmmat\/files\/2018\/12\/defesa_Marcos-400x300.jpg 400w, https:\/\/wp.ufpel.edu.br\/ppgmmat\/files\/2018\/12\/defesa_Marcos-768x576.jpg 768w, https:\/\/wp.ufpel.edu.br\/ppgmmat\/files\/2018\/12\/defesa_Marcos-1024x768.jpg 1024w, https:\/\/wp.ufpel.edu.br\/ppgmmat\/files\/2018\/12\/defesa_Marcos.jpg 1600w\" sizes=\"(max-width: 400px) 100vw, 400px\" \/><\/a><\/p>\n<p>4. Larri Silveira Pereira<\/p>\n<p style=\"text-align: center;\"><a href=\"https:\/\/wp.ufpel.edu.br\/ppgmmat\/files\/2018\/12\/defesa_Larri.jpg\"><img data-attachment-id=\"2409\" data-permalink=\"https:\/\/wp.ufpel.edu.br\/ppgmmat\/galeria-2016-2\/defesa_larri-2\/\" data-orig-file=\"https:\/\/wp.ufpel.edu.br\/ppgmmat\/files\/2018\/12\/defesa_Larri.jpg\" data-orig-size=\"3264,1836\" data-comments-opened=\"0\" data-image-meta=\"{&quot;aperture&quot;:&quot;0&quot;,&quot;credit&quot;:&quot;&quot;,&quot;camera&quot;:&quot;GT-I9192&quot;,&quot;caption&quot;:&quot;&quot;,&quot;created_timestamp&quot;:&quot;1457106270&quot;,&quot;copyright&quot;:&quot;&quot;,&quot;focal_length&quot;:&quot;0&quot;,&quot;iso&quot;:&quot;0&quot;,&quot;shutter_speed&quot;:&quot;0&quot;,&quot;title&quot;:&quot;&quot;,&quot;orientation&quot;:&quot;1&quot;}\" data-image-title=\"defesa_Larri\" data-image-description=\"\" data-image-caption=\"\" data-medium-file=\"https:\/\/wp.ufpel.edu.br\/ppgmmat\/files\/2018\/12\/defesa_Larri-400x225.jpg\" data-large-file=\"https:\/\/wp.ufpel.edu.br\/ppgmmat\/files\/2018\/12\/defesa_Larri-1024x576.jpg\" class=\"alignnone size-medium wp-image-2409\" src=\"https:\/\/wp.ufpel.edu.br\/ppgmmat\/files\/2018\/12\/defesa_Larri-400x225.jpg\" alt=\"\" width=\"400\" height=\"225\" srcset=\"https:\/\/wp.ufpel.edu.br\/ppgmmat\/files\/2018\/12\/defesa_Larri-400x225.jpg 400w, https:\/\/wp.ufpel.edu.br\/ppgmmat\/files\/2018\/12\/defesa_Larri-768x432.jpg 768w, https:\/\/wp.ufpel.edu.br\/ppgmmat\/files\/2018\/12\/defesa_Larri-1024x576.jpg 1024w\" sizes=\"(max-width: 400px) 100vw, 400px\" \/><\/a><\/p>\n<p>5. Luana Lazzari<\/p>\n<p style=\"text-align: center;\"><a href=\"https:\/\/wp.ufpel.edu.br\/ppgmmat\/files\/2018\/12\/defesa_Luana.jpg\"><img data-attachment-id=\"2411\" data-permalink=\"https:\/\/wp.ufpel.edu.br\/ppgmmat\/galeria-2016-2\/defesa_luana-2\/\" data-orig-file=\"https:\/\/wp.ufpel.edu.br\/ppgmmat\/files\/2018\/12\/defesa_Luana.jpg\" data-orig-size=\"3264,1836\" data-comments-opened=\"0\" data-image-meta=\"{&quot;aperture&quot;:&quot;0&quot;,&quot;credit&quot;:&quot;&quot;,&quot;camera&quot;:&quot;GT-I9192&quot;,&quot;caption&quot;:&quot;&quot;,&quot;created_timestamp&quot;:&quot;1458142967&quot;,&quot;copyright&quot;:&quot;&quot;,&quot;focal_length&quot;:&quot;0&quot;,&quot;iso&quot;:&quot;0&quot;,&quot;shutter_speed&quot;:&quot;0&quot;,&quot;title&quot;:&quot;&quot;,&quot;orientation&quot;:&quot;1&quot;}\" data-image-title=\"defesa_Luana\" data-image-description=\"\" data-image-caption=\"\" data-medium-file=\"https:\/\/wp.ufpel.edu.br\/ppgmmat\/files\/2018\/12\/defesa_Luana-400x225.jpg\" data-large-file=\"https:\/\/wp.ufpel.edu.br\/ppgmmat\/files\/2018\/12\/defesa_Luana-1024x576.jpg\" class=\"alignnone size-medium wp-image-2411\" src=\"https:\/\/wp.ufpel.edu.br\/ppgmmat\/files\/2018\/12\/defesa_Luana-400x225.jpg\" alt=\"\" width=\"400\" height=\"225\" srcset=\"https:\/\/wp.ufpel.edu.br\/ppgmmat\/files\/2018\/12\/defesa_Luana-400x225.jpg 400w, https:\/\/wp.ufpel.edu.br\/ppgmmat\/files\/2018\/12\/defesa_Luana-768x432.jpg 768w, https:\/\/wp.ufpel.edu.br\/ppgmmat\/files\/2018\/12\/defesa_Luana-1024x576.jpg 1024w\" sizes=\"(max-width: 400px) 100vw, 400px\" \/><\/a><\/p>\n<ul>\n<li><strong>Qualifica\u00e7\u00f5es de mestrado:<\/strong><\/li>\n<\/ul>\n<ol>\n<li>Jessica Kanopp dosReis<\/li>\n<\/ol>\n<p style=\"text-align: center;\"><a href=\"https:\/\/wp.ufpel.edu.br\/ppgmmat\/files\/2018\/12\/qualifica_Jessica.jpg\"><img data-attachment-id=\"2412\" data-permalink=\"https:\/\/wp.ufpel.edu.br\/ppgmmat\/galeria-2016-2\/qualifica_jessica-2\/\" data-orig-file=\"https:\/\/wp.ufpel.edu.br\/ppgmmat\/files\/2018\/12\/qualifica_Jessica.jpg\" data-orig-size=\"4032,3024\" data-comments-opened=\"0\" data-image-meta=\"{&quot;aperture&quot;:&quot;1.7&quot;,&quot;credit&quot;:&quot;&quot;,&quot;camera&quot;:&quot;SM-G930F&quot;,&quot;caption&quot;:&quot;&quot;,&quot;created_timestamp&quot;:&quot;1469015719&quot;,&quot;copyright&quot;:&quot;&quot;,&quot;focal_length&quot;:&quot;4.2&quot;,&quot;iso&quot;:&quot;100&quot;,&quot;shutter_speed&quot;:&quot;0.016666666666667&quot;,&quot;title&quot;:&quot;&quot;,&quot;orientation&quot;:&quot;1&quot;}\" data-image-title=\"qualifica_Jessica\" data-image-description=\"\" data-image-caption=\"\" data-medium-file=\"https:\/\/wp.ufpel.edu.br\/ppgmmat\/files\/2018\/12\/qualifica_Jessica-400x300.jpg\" data-large-file=\"https:\/\/wp.ufpel.edu.br\/ppgmmat\/files\/2018\/12\/qualifica_Jessica-1024x768.jpg\" class=\"alignnone size-medium wp-image-2412\" src=\"https:\/\/wp.ufpel.edu.br\/ppgmmat\/files\/2018\/12\/qualifica_Jessica-400x300.jpg\" alt=\"\" width=\"400\" height=\"300\" srcset=\"https:\/\/wp.ufpel.edu.br\/ppgmmat\/files\/2018\/12\/qualifica_Jessica-400x300.jpg 400w, https:\/\/wp.ufpel.edu.br\/ppgmmat\/files\/2018\/12\/qualifica_Jessica-768x576.jpg 768w, https:\/\/wp.ufpel.edu.br\/ppgmmat\/files\/2018\/12\/qualifica_Jessica-1024x768.jpg 1024w\" sizes=\"(max-width: 400px) 100vw, 400px\" \/><\/a><\/p>\n<p>2. Rodrigo Zanette<\/p>\n<p style=\"text-align: center;\"><a href=\"https:\/\/wp.ufpel.edu.br\/ppgmmat\/files\/2018\/12\/qualifica_Rodrigo.jpg\"><img data-attachment-id=\"2413\" data-permalink=\"https:\/\/wp.ufpel.edu.br\/ppgmmat\/galeria-2016-2\/qualifica_rodrigo-2\/\" data-orig-file=\"https:\/\/wp.ufpel.edu.br\/ppgmmat\/files\/2018\/12\/qualifica_Rodrigo.jpg\" data-orig-size=\"4032,3024\" data-comments-opened=\"0\" data-image-meta=\"{&quot;aperture&quot;:&quot;1.7&quot;,&quot;credit&quot;:&quot;&quot;,&quot;camera&quot;:&quot;SM-G930F&quot;,&quot;caption&quot;:&quot;&quot;,&quot;created_timestamp&quot;:&quot;1469104632&quot;,&quot;copyright&quot;:&quot;&quot;,&quot;focal_length&quot;:&quot;4.2&quot;,&quot;iso&quot;:&quot;125&quot;,&quot;shutter_speed&quot;:&quot;0.025&quot;,&quot;title&quot;:&quot;&quot;,&quot;orientation&quot;:&quot;1&quot;}\" data-image-title=\"qualifica_Rodrigo\" data-image-description=\"\" data-image-caption=\"\" data-medium-file=\"https:\/\/wp.ufpel.edu.br\/ppgmmat\/files\/2018\/12\/qualifica_Rodrigo-400x300.jpg\" data-large-file=\"https:\/\/wp.ufpel.edu.br\/ppgmmat\/files\/2018\/12\/qualifica_Rodrigo-1024x768.jpg\" class=\"alignnone size-medium wp-image-2413\" src=\"https:\/\/wp.ufpel.edu.br\/ppgmmat\/files\/2018\/12\/qualifica_Rodrigo-400x300.jpg\" alt=\"\" width=\"400\" height=\"300\" srcset=\"https:\/\/wp.ufpel.edu.br\/ppgmmat\/files\/2018\/12\/qualifica_Rodrigo-400x300.jpg 400w, https:\/\/wp.ufpel.edu.br\/ppgmmat\/files\/2018\/12\/qualifica_Rodrigo-768x576.jpg 768w, https:\/\/wp.ufpel.edu.br\/ppgmmat\/files\/2018\/12\/qualifica_Rodrigo-1024x768.jpg 1024w\" sizes=\"(max-width: 400px) 100vw, 400px\" \/><\/a><\/p>\n<p>3. Juliana \u00c1vila Contreira<\/p>\n<p style=\"text-align: center;\"><a href=\"https:\/\/wp.ufpel.edu.br\/ppgmmat\/files\/2018\/12\/qualifica_juliana.jpg\"><img data-attachment-id=\"2414\" data-permalink=\"https:\/\/wp.ufpel.edu.br\/ppgmmat\/galeria-2016-2\/qualifica_juliana-2\/\" data-orig-file=\"https:\/\/wp.ufpel.edu.br\/ppgmmat\/files\/2018\/12\/qualifica_juliana.jpg\" data-orig-size=\"4032,3024\" data-comments-opened=\"0\" data-image-meta=\"{&quot;aperture&quot;:&quot;1.7&quot;,&quot;credit&quot;:&quot;&quot;,&quot;camera&quot;:&quot;SM-G930F&quot;,&quot;caption&quot;:&quot;&quot;,&quot;created_timestamp&quot;:&quot;1471537371&quot;,&quot;copyright&quot;:&quot;&quot;,&quot;focal_length&quot;:&quot;4.2&quot;,&quot;iso&quot;:&quot;200&quot;,&quot;shutter_speed&quot;:&quot;0.016666666666667&quot;,&quot;title&quot;:&quot;&quot;,&quot;orientation&quot;:&quot;1&quot;}\" data-image-title=\"qualifica_juliana\" data-image-description=\"\" data-image-caption=\"\" data-medium-file=\"https:\/\/wp.ufpel.edu.br\/ppgmmat\/files\/2018\/12\/qualifica_juliana-400x300.jpg\" data-large-file=\"https:\/\/wp.ufpel.edu.br\/ppgmmat\/files\/2018\/12\/qualifica_juliana-1024x768.jpg\" class=\"alignnone size-medium wp-image-2414\" src=\"https:\/\/wp.ufpel.edu.br\/ppgmmat\/files\/2018\/12\/qualifica_juliana-400x300.jpg\" alt=\"\" width=\"400\" height=\"300\" srcset=\"https:\/\/wp.ufpel.edu.br\/ppgmmat\/files\/2018\/12\/qualifica_juliana-400x300.jpg 400w, https:\/\/wp.ufpel.edu.br\/ppgmmat\/files\/2018\/12\/qualifica_juliana-768x576.jpg 768w, https:\/\/wp.ufpel.edu.br\/ppgmmat\/files\/2018\/12\/qualifica_juliana-1024x768.jpg 1024w\" sizes=\"(max-width: 400px) 100vw, 400px\" \/><\/a><\/p>\n<p>4. Jonatas Voese<\/p>\n<p style=\"text-align: center;\"><a href=\"https:\/\/wp.ufpel.edu.br\/ppgmmat\/files\/2018\/12\/qualifica_jonatas.jpg\"><img data-attachment-id=\"2415\" data-permalink=\"https:\/\/wp.ufpel.edu.br\/ppgmmat\/galeria-2016-2\/qualifica_jonatas-2\/\" data-orig-file=\"https:\/\/wp.ufpel.edu.br\/ppgmmat\/files\/2018\/12\/qualifica_jonatas.jpg\" data-orig-size=\"1280,720\" data-comments-opened=\"0\" data-image-meta=\"{&quot;aperture&quot;:&quot;0&quot;,&quot;credit&quot;:&quot;&quot;,&quot;camera&quot;:&quot;&quot;,&quot;caption&quot;:&quot;&quot;,&quot;created_timestamp&quot;:&quot;0&quot;,&quot;copyright&quot;:&quot;&quot;,&quot;focal_length&quot;:&quot;0&quot;,&quot;iso&quot;:&quot;0&quot;,&quot;shutter_speed&quot;:&quot;0&quot;,&quot;title&quot;:&quot;&quot;,&quot;orientation&quot;:&quot;0&quot;}\" data-image-title=\"qualifica_jonatas\" data-image-description=\"\" data-image-caption=\"\" data-medium-file=\"https:\/\/wp.ufpel.edu.br\/ppgmmat\/files\/2018\/12\/qualifica_jonatas-400x225.jpg\" data-large-file=\"https:\/\/wp.ufpel.edu.br\/ppgmmat\/files\/2018\/12\/qualifica_jonatas-1024x576.jpg\" class=\"alignnone size-medium wp-image-2415\" src=\"https:\/\/wp.ufpel.edu.br\/ppgmmat\/files\/2018\/12\/qualifica_jonatas-400x225.jpg\" alt=\"\" width=\"400\" height=\"225\" srcset=\"https:\/\/wp.ufpel.edu.br\/ppgmmat\/files\/2018\/12\/qualifica_jonatas-400x225.jpg 400w, https:\/\/wp.ufpel.edu.br\/ppgmmat\/files\/2018\/12\/qualifica_jonatas-768x432.jpg 768w, https:\/\/wp.ufpel.edu.br\/ppgmmat\/files\/2018\/12\/qualifica_jonatas-1024x576.jpg 1024w, https:\/\/wp.ufpel.edu.br\/ppgmmat\/files\/2018\/12\/qualifica_jonatas.jpg 1280w\" sizes=\"(max-width: 400px) 100vw, 400px\" \/><\/a><\/p>\n<p>5. Jorge Ribes<\/p>\n<p style=\"text-align: center;\"><a href=\"https:\/\/wp.ufpel.edu.br\/ppgmmat\/files\/2018\/12\/qualifica_Jorge.jpg\"><img data-attachment-id=\"2416\" data-permalink=\"https:\/\/wp.ufpel.edu.br\/ppgmmat\/galeria-2016-2\/qualifica_jorge-2\/\" data-orig-file=\"https:\/\/wp.ufpel.edu.br\/ppgmmat\/files\/2018\/12\/qualifica_Jorge.jpg\" data-orig-size=\"4032,3024\" data-comments-opened=\"0\" data-image-meta=\"{&quot;aperture&quot;:&quot;1.7&quot;,&quot;credit&quot;:&quot;&quot;,&quot;camera&quot;:&quot;SM-G930F&quot;,&quot;caption&quot;:&quot;&quot;,&quot;created_timestamp&quot;:&quot;1472833749&quot;,&quot;copyright&quot;:&quot;&quot;,&quot;focal_length&quot;:&quot;4.2&quot;,&quot;iso&quot;:&quot;125&quot;,&quot;shutter_speed&quot;:&quot;0.016666666666667&quot;,&quot;title&quot;:&quot;&quot;,&quot;orientation&quot;:&quot;1&quot;}\" data-image-title=\"qualifica_Jorge\" data-image-description=\"\" data-image-caption=\"\" data-medium-file=\"https:\/\/wp.ufpel.edu.br\/ppgmmat\/files\/2018\/12\/qualifica_Jorge-400x300.jpg\" data-large-file=\"https:\/\/wp.ufpel.edu.br\/ppgmmat\/files\/2018\/12\/qualifica_Jorge-1024x768.jpg\" class=\"alignnone size-medium wp-image-2416\" src=\"https:\/\/wp.ufpel.edu.br\/ppgmmat\/files\/2018\/12\/qualifica_Jorge-400x300.jpg\" alt=\"\" width=\"400\" height=\"300\" srcset=\"https:\/\/wp.ufpel.edu.br\/ppgmmat\/files\/2018\/12\/qualifica_Jorge-400x300.jpg 400w, https:\/\/wp.ufpel.edu.br\/ppgmmat\/files\/2018\/12\/qualifica_Jorge-768x576.jpg 768w, https:\/\/wp.ufpel.edu.br\/ppgmmat\/files\/2018\/12\/qualifica_Jorge-1024x768.jpg 1024w\" sizes=\"(max-width: 400px) 100vw, 400px\" \/><\/a><\/p>\n<p><a href=\"https:\/\/wp.ufpel.edu.br\/ppgmmat\/galeria\/\">Voltar para galeria<\/a><\/p>\n","protected":false},"excerpt":{"rendered":"<p>Voltar para galeria Congressos: XIX Encontro Nacional de Modelagem Computacional ( ENMC ). Jo\u00e3o Pessoa &#8211; PB 2. 16th Brazilian Congress of Thermal Sciences and Engineering. Vit\u00f3ria &#8211; ES 3. VII Confer\u00eancia Sul de Modelagem Computacional ( MCSUL ). Rio Grande &#8211; RS 4. Pr\u00eamio SIIEPE &#8211; Segundo lugar &#8211; Ci\u00eancias Exatas e da Terra [&hellip;]<\/p>\n","protected":false},"author":458,"featured_media":0,"parent":0,"menu_order":0,"comment_status":"closed","ping_status":"closed","template":"","meta":{"jetpack_post_was_ever_published":false,"footnotes":""},"class_list":["post-2360","page","type-page","status-publish","hentry"],"jetpack_sharing_enabled":true,"jetpack_shortlink":"https:\/\/wp.me\/ParAg0-C4","_links":{"self":[{"href":"https:\/\/wp.ufpel.edu.br\/ppgmmat\/wp-json\/wp\/v2\/pages\/2360","targetHints":{"allow":["GET"]}}],"collection":[{"href":"https:\/\/wp.ufpel.edu.br\/ppgmmat\/wp-json\/wp\/v2\/pages"}],"about":[{"href":"https:\/\/wp.ufpel.edu.br\/ppgmmat\/wp-json\/wp\/v2\/types\/page"}],"author":[{"embeddable":true,"href":"https:\/\/wp.ufpel.edu.br\/ppgmmat\/wp-json\/wp\/v2\/users\/458"}],"replies":[{"embeddable":true,"href":"https:\/\/wp.ufpel.edu.br\/ppgmmat\/wp-json\/wp\/v2\/comments?post=2360"}],"version-history":[{"count":10,"href":"https:\/\/wp.ufpel.edu.br\/ppgmmat\/wp-json\/wp\/v2\/pages\/2360\/revisions"}],"predecessor-version":[{"id":3537,"href":"https:\/\/wp.ufpel.edu.br\/ppgmmat\/wp-json\/wp\/v2\/pages\/2360\/revisions\/3537"}],"wp:attachment":[{"href":"https:\/\/wp.ufpel.edu.br\/ppgmmat\/wp-json\/wp\/v2\/media?parent=2360"}],"curies":[{"name":"wp","href":"https:\/\/api.w.org\/{rel}","templated":true}]}}