{"id":2269,"date":"2018-11-08T22:22:03","date_gmt":"2018-11-09T00:22:03","guid":{"rendered":"https:\/\/wp.ufpel.edu.br\/ppgmmat\/?page_id=2269"},"modified":"2022-05-11T13:59:12","modified_gmt":"2022-05-11T16:59:12","slug":"2015-2","status":"publish","type":"page","link":"https:\/\/wp.ufpel.edu.br\/ppgmmat\/2015-2\/","title":{"rendered":"DISSERTA\u00c7\u00d5ES APRESENTADAS EM 2015"},"content":{"rendered":"<p>Neste link voc\u00ea poder\u00e1 encontrar a rela\u00e7\u00e3o de todas as disserta\u00e7\u00f5es apresentadas ao Programa de P\u00f3s-Gradua\u00e7\u00e3o em Modelagem Matem\u00e1tica da UFPel.<\/p>\n<p>&nbsp;<\/p>\n<p style=\"text-align: justify;\">5) <strong>Cristiane Schwartz Venzke:<\/strong> Simula\u00e7\u00e3o da Dispers\u00e3o de Poluentes considerando o termo contragradiente na CLC.<br \/>\n<a href=\"https:\/\/wp.ufpel.edu.br\/ppgmmat\/files\/2016\/04\/Cristiane_Venzke_PPGMMat.pdf\">Cristiane_Venzke_PPGMMat<\/a><\/p>\n<p style=\"text-align: justify;\">4) <strong>Renata Engr\u00e1cio de Oliveira: <\/strong> Dispers\u00e3o de contaminantes em rios e canais atrav\u00e9s do m\u00e9todo GILTT.<br \/>\n<a href=\"https:\/\/wp.ufpel.edu.br\/ppgmmat\/files\/2016\/04\/Renata_Oliveira_PPGMMat.pdf\">Renata_Oliveira_PPGMMat<\/a><\/p>\n<p style=\"text-align: justify;\">3) <strong>Lucas dos Santos Fernandez:<\/strong> Otimiza\u00e7\u00e3o Topol\u00f3gica Simult\u00e2nea \u00e0 localiza\u00e7\u00e3o de Atuadores em Estruturas.<br \/>\n<a href=\"https:\/\/wp.ufpel.edu.br\/ppgmmat\/files\/2016\/04\/Lucas_Fernandez_PPGMMat.pdf\">Lucas_Fernandez_PPGMMat<\/a><\/p>\n<p style=\"text-align: justify;\">2) <strong>Fernanda Tumelero:<\/strong> Solu\u00e7\u00e3o das Equa\u00e7\u00f5es da Cin\u00e9tica Pontual de N\u00eautrons com e sem Retroalimenta\u00e7\u00e3o de Temperatura pelo M\u00e9todo da Aproxima\u00e7\u00e3o Polinomial.<br \/>\n<a href=\"https:\/\/wp.ufpel.edu.br\/ppgmmat\/files\/2019\/12\/Fernanda_Tumelero_PPGMMat.pdf\">Fernanda_Tumelero_PPGMMat<\/a><\/p>\n<p style=\"text-align: justify;\">1) <strong>Marcos Antonio Carraro:<\/strong> Modelagem da Dispers\u00e3o de Poluentes Utilizando o Modelo 3D-GILTT.<br \/>\n<a href=\"https:\/\/wp.ufpel.edu.br\/ppgmmat\/files\/2016\/04\/Marcos_Carraro_PPGMMat.pdf\">Marcos_Carraro_PPGMMat<\/a><\/p>\n<p style=\"text-align: center;\"><span style=\"font-family: 'times new roman', times, serif;\">\u00a0<span style=\"font-size: 18pt;\"> <a href=\"https:\/\/wp.ufpel.edu.br\/ppgmmat\/dissertacoes\">Voltar a p\u00e1gina inicial<\/a>\u00a0<\/span><\/span><\/p>\n","protected":false},"excerpt":{"rendered":"<p>Neste link voc\u00ea poder\u00e1 encontrar a rela\u00e7\u00e3o de todas as disserta\u00e7\u00f5es apresentadas ao Programa de P\u00f3s-Gradua\u00e7\u00e3o em Modelagem Matem\u00e1tica da UFPel. &nbsp; 5) Cristiane Schwartz Venzke: Simula\u00e7\u00e3o da Dispers\u00e3o de Poluentes considerando o termo contragradiente na CLC. Cristiane_Venzke_PPGMMat 4) Renata Engr\u00e1cio de Oliveira: Dispers\u00e3o de contaminantes em rios e canais atrav\u00e9s do m\u00e9todo GILTT. Renata_Oliveira_PPGMMat [&hellip;]<\/p>\n","protected":false},"author":458,"featured_media":0,"parent":0,"menu_order":0,"comment_status":"closed","ping_status":"closed","template":"","meta":{"jetpack_post_was_ever_published":false,"footnotes":""},"class_list":["post-2269","page","type-page","status-publish","hentry"],"jetpack_sharing_enabled":true,"jetpack_shortlink":"https:\/\/wp.me\/ParAg0-AB","_links":{"self":[{"href":"https:\/\/wp.ufpel.edu.br\/ppgmmat\/wp-json\/wp\/v2\/pages\/2269","targetHints":{"allow":["GET"]}}],"collection":[{"href":"https:\/\/wp.ufpel.edu.br\/ppgmmat\/wp-json\/wp\/v2\/pages"}],"about":[{"href":"https:\/\/wp.ufpel.edu.br\/ppgmmat\/wp-json\/wp\/v2\/types\/page"}],"author":[{"embeddable":true,"href":"https:\/\/wp.ufpel.edu.br\/ppgmmat\/wp-json\/wp\/v2\/users\/458"}],"replies":[{"embeddable":true,"href":"https:\/\/wp.ufpel.edu.br\/ppgmmat\/wp-json\/wp\/v2\/comments?post=2269"}],"version-history":[{"count":9,"href":"https:\/\/wp.ufpel.edu.br\/ppgmmat\/wp-json\/wp\/v2\/pages\/2269\/revisions"}],"predecessor-version":[{"id":3520,"href":"https:\/\/wp.ufpel.edu.br\/ppgmmat\/wp-json\/wp\/v2\/pages\/2269\/revisions\/3520"}],"wp:attachment":[{"href":"https:\/\/wp.ufpel.edu.br\/ppgmmat\/wp-json\/wp\/v2\/media?parent=2269"}],"curies":[{"name":"wp","href":"https:\/\/api.w.org\/{rel}","templated":true}]}}