{"id":877,"date":"2024-07-10T16:27:02","date_gmt":"2024-07-10T19:27:02","guid":{"rendered":"https:\/\/wp.ufpel.edu.br\/ppgmcf\/?page_id=877"},"modified":"2024-07-12T18:49:01","modified_gmt":"2024-07-12T21:49:01","slug":"numero-minimo-de-creditos","status":"publish","type":"page","link":"https:\/\/wp.ufpel.edu.br\/ppgmcf\/documentos-para-download\/disciplinas\/numero-minimo-de-creditos\/","title":{"rendered":"N\u00famero m\u00ednimo de cr\u00e9ditos"},"content":{"rendered":"<p><strong><u>SOBRE O N\u00daMERO M\u00cdNIMO DE CR\u00c9DITOS<\/u><\/strong><\/p>\n<p>Nenhum candidato ser\u00e1 admitido \u00e0 defesa de disserta\u00e7\u00e3o ou tese, antes de obter, no m\u00ednimo, o total de <strong>22 (vinte e dois) cr\u00e9ditos para o mestrado ou 40 (quarenta) para o doutorado<\/strong>.<\/p>\n<p>Do total de cr\u00e9ditos exigidos para o mestrado, o estudante dever\u00e1 obter no m\u00ednimo 16 (dezesseis) cr\u00e9ditos na \u00e1rea de concentra\u00e7\u00e3o, sendo que destes, no m\u00ednimo <strong>8 (oito) cr\u00e9ditos dever\u00e3o ser cursados em uma Institui\u00e7\u00e3o Nucleadora<\/strong>. Os 6 (seis) cr\u00e9ditos restantes poder\u00e3o ser obtidos em disciplinas de dom\u00ednio conexo.<\/p>\n<p><a href=\"https:\/\/wp.ufpel.edu.br\/ppgmcf\/documentos-para-download\/disciplinas\/numero-minimo-de-creditos\/mestrado-2\/\" rel=\"attachment wp-att-885\"><img class=\"wp-image-885 aligncenter\" src=\"https:\/\/wp.ufpel.edu.br\/ppgmcf\/files\/2024\/07\/mestrado-400x225.jpeg\" alt=\"\" width=\"604\" height=\"340\" srcset=\"https:\/\/wp.ufpel.edu.br\/ppgmcf\/files\/2024\/07\/mestrado-400x225.jpeg 400w, https:\/\/wp.ufpel.edu.br\/ppgmcf\/files\/2024\/07\/mestrado-1024x576.jpeg 1024w, https:\/\/wp.ufpel.edu.br\/ppgmcf\/files\/2024\/07\/mestrado-768x432.jpeg 768w, https:\/\/wp.ufpel.edu.br\/ppgmcf\/files\/2024\/07\/mestrado-1536x864.jpeg 1536w, https:\/\/wp.ufpel.edu.br\/ppgmcf\/files\/2024\/07\/mestrado.jpeg 1600w\" sizes=\"(max-width: 604px) 100vw, 604px\" \/><\/a><\/p>\n<p>Do total de cr\u00e9ditos exigidos para o doutorado, o estudante dever\u00e1 obter no m\u00ednimo 24 (vinte e quatro) cr\u00e9ditos na \u00e1rea de concentra\u00e7\u00e3o, sendo que destes, no m\u00ednimo <strong>12 (doze) cr\u00e9ditos dever\u00e3o ser cursados em uma Institui\u00e7\u00e3o Nucleadora<\/strong>. Os 16 (dezesseis) cr\u00e9ditos restantes poder\u00e3o ser obtidos em disciplinas de dom\u00ednio conexo.<\/p>\n<p><a href=\"https:\/\/wp.ufpel.edu.br\/ppgmcf\/documentos-para-download\/disciplinas\/numero-minimo-de-creditos\/doutorado-2\/\" rel=\"attachment wp-att-884\"><img class=\"wp-image-884 aligncenter\" src=\"https:\/\/wp.ufpel.edu.br\/ppgmcf\/files\/2024\/07\/doutorado-400x225.jpeg\" alt=\"\" width=\"608\" height=\"342\" srcset=\"https:\/\/wp.ufpel.edu.br\/ppgmcf\/files\/2024\/07\/doutorado-400x225.jpeg 400w, https:\/\/wp.ufpel.edu.br\/ppgmcf\/files\/2024\/07\/doutorado-1024x576.jpeg 1024w, https:\/\/wp.ufpel.edu.br\/ppgmcf\/files\/2024\/07\/doutorado-768x432.jpeg 768w, https:\/\/wp.ufpel.edu.br\/ppgmcf\/files\/2024\/07\/doutorado-1536x864.jpeg 1536w, https:\/\/wp.ufpel.edu.br\/ppgmcf\/files\/2024\/07\/doutorado.jpeg 1600w\" sizes=\"(max-width: 608px) 100vw, 608px\" \/><\/a><\/p>\n<p><strong>\u00c1rea de concentra\u00e7\u00e3o (AC)<\/strong><\/p>\n<p>O programa pertence \u00e0 \u00e1rea de conhecimento\/concentra\u00e7\u00e3o das ci\u00eancias biol\u00f3gicas II (CBII) da CAPES (biof\u00edsica, bioqu\u00edmica, farmacologia e fisiologia). Portanto, disciplinas cursadas nesses campos ser\u00e3o consideradas disciplinas na \u00e1rea de concentra\u00e7\u00e3o.<\/p>\n<p><strong>Dom\u00ednio conexo (DC)<\/strong><\/p>\n<p>Disciplinas de dom\u00ednio conexo s\u00e3o aquelas caracterizadas em \u00e1reas diferentes da CBII.<\/p>\n<p><strong>Cr\u00e9dito acad\u00eamico<\/strong><\/p>\n<p>Unidade de medida que representa a quantidade de horas de estudo e atividades dentro de uma disciplina. Onde cada cr\u00e9dito corresponder\u00e1 a 17 horas\/aula semestrais, equivalendo a 14 horas\/rel\u00f3gio, uma vez que cada hora\/aula cont\u00e9m 50 minutos.<\/p>\n<p>&nbsp;<\/p>\n<p><strong>N\u00e3o h\u00e1 disciplina obrigat\u00f3ria no PPGMCF e os cr\u00e9ditos podem ser cursados em sua totalidade nas Institui\u00e7\u00f5es Nucleadoras.<\/strong><\/p>\n","protected":false},"excerpt":{"rendered":"<p>SOBRE O N\u00daMERO M\u00cdNIMO DE CR\u00c9DITOS Nenhum candidato ser\u00e1 admitido \u00e0 defesa de disserta\u00e7\u00e3o ou tese, antes de obter, no m\u00ednimo, o total de 22 (vinte e dois) cr\u00e9ditos para o mestrado ou 40 (quarenta) para o doutorado. Do total de cr\u00e9ditos exigidos para o mestrado, o estudante dever\u00e1 obter no m\u00ednimo 16 (dezesseis) cr\u00e9ditos [&hellip;]<\/p>\n","protected":false},"author":1163,"featured_media":0,"parent":39,"menu_order":0,"comment_status":"closed","ping_status":"closed","template":"","meta":{"footnotes":""},"class_list":["post-877","page","type-page","status-publish","hentry"],"_links":{"self":[{"href":"https:\/\/wp.ufpel.edu.br\/ppgmcf\/wp-json\/wp\/v2\/pages\/877","targetHints":{"allow":["GET"]}}],"collection":[{"href":"https:\/\/wp.ufpel.edu.br\/ppgmcf\/wp-json\/wp\/v2\/pages"}],"about":[{"href":"https:\/\/wp.ufpel.edu.br\/ppgmcf\/wp-json\/wp\/v2\/types\/page"}],"author":[{"embeddable":true,"href":"https:\/\/wp.ufpel.edu.br\/ppgmcf\/wp-json\/wp\/v2\/users\/1163"}],"replies":[{"embeddable":true,"href":"https:\/\/wp.ufpel.edu.br\/ppgmcf\/wp-json\/wp\/v2\/comments?post=877"}],"version-history":[{"count":6,"href":"https:\/\/wp.ufpel.edu.br\/ppgmcf\/wp-json\/wp\/v2\/pages\/877\/revisions"}],"predecessor-version":[{"id":887,"href":"https:\/\/wp.ufpel.edu.br\/ppgmcf\/wp-json\/wp\/v2\/pages\/877\/revisions\/887"}],"up":[{"embeddable":true,"href":"https:\/\/wp.ufpel.edu.br\/ppgmcf\/wp-json\/wp\/v2\/pages\/39"}],"wp:attachment":[{"href":"https:\/\/wp.ufpel.edu.br\/ppgmcf\/wp-json\/wp\/v2\/media?parent=877"}],"curies":[{"name":"wp","href":"https:\/\/api.w.org\/{rel}","templated":true}]}}