{"id":770,"date":"2024-06-05T13:43:40","date_gmt":"2024-06-05T16:43:40","guid":{"rendered":"https:\/\/wp.ufpel.edu.br\/ppgmcf\/?page_id=770"},"modified":"2024-06-05T13:53:43","modified_gmt":"2024-06-05T16:53:43","slug":"2023-2","status":"publish","type":"page","link":"https:\/\/wp.ufpel.edu.br\/ppgmcf\/discentes\/defesas\/2023-2\/","title":{"rendered":"2023"},"content":{"rendered":"<p><strong>MESTRADO<\/strong><\/p>\n<p>1. <strong>T\u00edtulo:<\/strong> Influ\u00eancia do envelhecimento na associa\u00e7\u00e3o entre polifarm\u00e1cia e mortalidade: estudo de coorte de idosos do sul do Brasil.<\/p>\n<p><strong>Autor(a): <\/strong>CRISTINA HELO\u00cdSA M\u00dcLLER<\/p>\n<p><strong>Orientador(a): <\/strong>MARYSABEL PINTO TELIS SILVEIRA<\/p>\n<p><strong>Co-orientador(a):<\/strong> ANDREA HOMSI DAMASO<\/p>\n<p>&nbsp;<\/p>\n<p>2. <strong>T\u00edtulo<\/strong>: Potencial terap\u00eautico do extrato de Bauhinia forficata link em altera\u00e7\u00f5es oxidativas e colin\u00e9rgicas de ratos com hiperglicemia induzida por dieta e estreptozotocina.<\/p>\n<p><strong>Autor(a):<\/strong> FERMINA FRANCESCA ALVES VARGAS<\/p>\n<p><strong>Orientador(a):<\/strong> JUCIMARA BALDISSARELLI<\/p>\n<p>&nbsp;<\/p>\n<p>&nbsp;<\/p>\n","protected":false},"excerpt":{"rendered":"<p>MESTRADO 1. T\u00edtulo: Influ\u00eancia do envelhecimento na associa\u00e7\u00e3o entre polifarm\u00e1cia e mortalidade: estudo de coorte de idosos do sul do Brasil. Autor(a): CRISTINA HELO\u00cdSA M\u00dcLLER Orientador(a): MARYSABEL PINTO TELIS SILVEIRA Co-orientador(a): ANDREA HOMSI DAMASO &nbsp; 2. T\u00edtulo: Potencial terap\u00eautico do extrato de Bauhinia forficata link em altera\u00e7\u00f5es oxidativas e colin\u00e9rgicas de ratos com hiperglicemia induzida [&hellip;]<\/p>\n","protected":false},"author":1163,"featured_media":0,"parent":646,"menu_order":0,"comment_status":"closed","ping_status":"closed","template":"","meta":{"footnotes":""},"class_list":["post-770","page","type-page","status-publish","hentry"],"_links":{"self":[{"href":"https:\/\/wp.ufpel.edu.br\/ppgmcf\/wp-json\/wp\/v2\/pages\/770","targetHints":{"allow":["GET"]}}],"collection":[{"href":"https:\/\/wp.ufpel.edu.br\/ppgmcf\/wp-json\/wp\/v2\/pages"}],"about":[{"href":"https:\/\/wp.ufpel.edu.br\/ppgmcf\/wp-json\/wp\/v2\/types\/page"}],"author":[{"embeddable":true,"href":"https:\/\/wp.ufpel.edu.br\/ppgmcf\/wp-json\/wp\/v2\/users\/1163"}],"replies":[{"embeddable":true,"href":"https:\/\/wp.ufpel.edu.br\/ppgmcf\/wp-json\/wp\/v2\/comments?post=770"}],"version-history":[{"count":7,"href":"https:\/\/wp.ufpel.edu.br\/ppgmcf\/wp-json\/wp\/v2\/pages\/770\/revisions"}],"predecessor-version":[{"id":783,"href":"https:\/\/wp.ufpel.edu.br\/ppgmcf\/wp-json\/wp\/v2\/pages\/770\/revisions\/783"}],"up":[{"embeddable":true,"href":"https:\/\/wp.ufpel.edu.br\/ppgmcf\/wp-json\/wp\/v2\/pages\/646"}],"wp:attachment":[{"href":"https:\/\/wp.ufpel.edu.br\/ppgmcf\/wp-json\/wp\/v2\/media?parent=770"}],"curies":[{"name":"wp","href":"https:\/\/api.w.org\/{rel}","templated":true}]}}