{"id":718,"date":"2024-06-04T18:23:53","date_gmt":"2024-06-04T21:23:53","guid":{"rendered":"https:\/\/wp.ufpel.edu.br\/ppgmcf\/?page_id=718"},"modified":"2024-06-04T18:42:32","modified_gmt":"2024-06-04T21:42:32","slug":"trancamento-de-matricula-em-disciplina","status":"publish","type":"page","link":"https:\/\/wp.ufpel.edu.br\/ppgmcf\/documentos-para-download\/disciplinas\/trancamento-de-matricula-em-disciplina\/","title":{"rendered":"Trancamento de matr\u00edcula em disciplina"},"content":{"rendered":"<p>O estudante poder\u00e1 solicitar ao colegiado do programa o trancamento parcial de matr\u00edcula (em uma ou mais disciplinas) <strong>dentro do primeiro 1\/3 (um ter\u00e7o) do per\u00edodo letivo<\/strong>. Para isso, o discente deve preencher o formul\u00e1rio apropriado (<a href=\"https:\/\/wp.ufpel.edu.br\/ppgmcf\/disciplinas\/trancamento-de-matricula-em-disciplina\/trancamento-de-matricula\/\">link do formul\u00e1rio<\/a>), e encaminh\u00e1-lo para o e-mail <a href=\"mailto:ppgmcf.ufpel@gmail.com\">ppgmcf.ufpel@gmail.com<\/a>.<\/p>\n<p>O colegiado do programa ir\u00e1 analisar os casos individualmente e poder\u00e1 conceder trancamento de matr\u00edcula devido a motivos relevantes. <strong>Importante destacar que ser\u00e1 concedido o trancamento de matr\u00edcula apenas 2 (duas) vezes na mesma disciplina, durante o curso.<\/strong><\/p>\n","protected":false},"excerpt":{"rendered":"<p>O estudante poder\u00e1 solicitar ao colegiado do programa o trancamento parcial de matr\u00edcula (em uma ou mais disciplinas) dentro do primeiro 1\/3 (um ter\u00e7o) do per\u00edodo letivo. Para isso, o discente deve preencher o formul\u00e1rio apropriado (link do formul\u00e1rio), e encaminh\u00e1-lo para o e-mail ppgmcf.ufpel@gmail.com. O colegiado do programa ir\u00e1 analisar os casos individualmente e [&hellip;]<\/p>\n","protected":false},"author":1163,"featured_media":0,"parent":39,"menu_order":4,"comment_status":"closed","ping_status":"closed","template":"","meta":{"footnotes":""},"class_list":["post-718","page","type-page","status-publish","hentry"],"_links":{"self":[{"href":"https:\/\/wp.ufpel.edu.br\/ppgmcf\/wp-json\/wp\/v2\/pages\/718","targetHints":{"allow":["GET"]}}],"collection":[{"href":"https:\/\/wp.ufpel.edu.br\/ppgmcf\/wp-json\/wp\/v2\/pages"}],"about":[{"href":"https:\/\/wp.ufpel.edu.br\/ppgmcf\/wp-json\/wp\/v2\/types\/page"}],"author":[{"embeddable":true,"href":"https:\/\/wp.ufpel.edu.br\/ppgmcf\/wp-json\/wp\/v2\/users\/1163"}],"replies":[{"embeddable":true,"href":"https:\/\/wp.ufpel.edu.br\/ppgmcf\/wp-json\/wp\/v2\/comments?post=718"}],"version-history":[{"count":5,"href":"https:\/\/wp.ufpel.edu.br\/ppgmcf\/wp-json\/wp\/v2\/pages\/718\/revisions"}],"predecessor-version":[{"id":724,"href":"https:\/\/wp.ufpel.edu.br\/ppgmcf\/wp-json\/wp\/v2\/pages\/718\/revisions\/724"}],"up":[{"embeddable":true,"href":"https:\/\/wp.ufpel.edu.br\/ppgmcf\/wp-json\/wp\/v2\/pages\/39"}],"wp:attachment":[{"href":"https:\/\/wp.ufpel.edu.br\/ppgmcf\/wp-json\/wp\/v2\/media?parent=718"}],"curies":[{"name":"wp","href":"https:\/\/api.w.org\/{rel}","templated":true}]}}