{"id":704,"date":"2024-06-04T16:37:03","date_gmt":"2024-06-04T19:37:03","guid":{"rendered":"https:\/\/wp.ufpel.edu.br\/ppgmcf\/?page_id=704"},"modified":"2024-07-22T17:18:58","modified_gmt":"2024-07-22T20:18:58","slug":"aproveitamento-de-disciplinas","status":"publish","type":"page","link":"https:\/\/wp.ufpel.edu.br\/ppgmcf\/documentos-para-download\/disciplinas\/aproveitamento-de-disciplinas\/","title":{"rendered":"Aproveitamento de disciplinas"},"content":{"rendered":"<p><strong>Orienta\u00e7\u00e3o sobre aproveitamento de disciplinas PPGMCF<\/strong><\/p>\n<p><strong>Ao estudante cabe enviar por e-mail ao colegiado de curso do PPGMCF:<\/strong><\/p>\n<ul>\n<li>documento com a rela\u00e7\u00e3o das disciplinas cursadas solicitando aproveitamento, contendo a assinatura do solicitante e do orientador (formato PDF);<\/li>\n<li>o formul\u00e1rio espec\u00edfico de aproveitamento de estudo (s) (formato word) (<a href=\"https:\/\/wp.ufpel.edu.br\/ppgmcf\/documentos\/modelo-a-aproveitamentos-de-disciplinas\/\">link do formul\u00e1rio<\/a>);<\/li>\n<li>conte\u00fado program\u00e1tico da disciplina cursada<\/li>\n<li>Hist\u00f3rico escolar (HE) emitido pela Universidade na qual a disciplina foi cursada contendo nome do estudante, disciplina, carga hor\u00e1ria, cr\u00e9ditos, nota\/conceito<\/li>\n<\/ul>\n<p><strong>\u00c0 comiss\u00e3o cabe: <\/strong><\/p>\n<p>Avaliar a solicita\u00e7\u00e3o e emitir o parecer de aproveitamento de estudos.<\/p>\n<p><strong>\u00a0<\/strong><strong>Informa\u00e7\u00f5es regulamentares:<\/strong><\/p>\n<p>O aproveitamento de estudos \u00e9 o aproveitamento de componente curricular cursado pelo discente em outra matr\u00edcula na UFPel ou em outra IES, do pa\u00eds ou exterior, dispensando componente exigido na respectiva matriz curricular, desde que considerados equivalentes, atendendo ao disposto no regulamento do Programa de P\u00f3s-gradua\u00e7\u00e3o Multic\u00eantrico em Ci\u00eancias Fisiol\u00f3gicas-UFPel.<\/p>\n<p>S\u00f3 poder\u00e3o ser validados os componentes desenvolvidos em cursos de gradua\u00e7\u00e3o e de p\u00f3s-gradua\u00e7\u00e3o, reconhecidos ou autorizados por \u00f3rg\u00e3o competente.<\/p>\n<p>O componente curricular cursado dever\u00e1 contemplar, no m\u00ednimo, 75% da carga hor\u00e1ria e do conte\u00fado do componente curricular pretendido, sendo facultada ao professor respons\u00e1vel a realiza\u00e7\u00e3o de avalia\u00e7\u00e3o especial para eventual complementa\u00e7\u00e3o.<\/p>\n<p>Do total de cr\u00e9ditos exigidos para o <strong>Mestrado<\/strong>, o estudante dever\u00e1 obter no m\u00ednimo 16 (dezesseis) cr\u00e9ditos na \u00e1rea de concentra\u00e7\u00e3o, sendo que destes, no m\u00ednimo 8 (oito) cr\u00e9ditos dever\u00e3o ser cursados em uma Institui\u00e7\u00e3o Nucleadora. Os 6 (seis) cr\u00e9ditos restantes poder\u00e3o ser obtidos em disciplinas de dom\u00ednio conexo.<\/p>\n<p>Do total de cr\u00e9ditos exigidos para o<strong> Doutorado<\/strong>, o estudante dever\u00e1 obter no m\u00ednimo 24 (vinte e quatro) cr\u00e9ditos na \u00e1rea de concentra\u00e7\u00e3o, sendo que destes, no m\u00ednimo 12 (doze) cr\u00e9ditos dever\u00e3o ser cursados em uma Institui\u00e7\u00e3o Nucleadora. Os restantes poder\u00e3o ser obtidos em disciplinas de dom\u00ednio conexo.<\/p>\n<p>Os cr\u00e9ditos obtidos durante o mestrado na \u00e1rea de ci\u00eancias fisiol\u00f3gicas ser\u00e3o considerados para a integraliza\u00e7\u00e3o do n\u00famero m\u00ednimo de cr\u00e9ditos exigidos para o doutorado.<\/p>\n<p>Para efeito das exig\u00eancias previstas para a obten\u00e7\u00e3o dos graus de Mestre e Doutor, os cr\u00e9ditos obtidos em qualquer disciplina s\u00f3 ter\u00e3o validade durante 30 (trinta) meses para o mestrado e 48 (quarenta e oito) meses para o doutorado, a partir de sua obten\u00e7\u00e3o.<\/p>\n<p>Ultrapassado o prazo referido neste Artigo, o estudante poder\u00e1, ouvido o seu orientador, ter seus cr\u00e9ditos revalidados por tempo determinado, a ju\u00edzo do Colegiado do programa, mediante parecer favor\u00e1vel de uma comiss\u00e3o por este designada.<\/p>\n","protected":false},"excerpt":{"rendered":"<p>Orienta\u00e7\u00e3o sobre aproveitamento de disciplinas PPGMCF Ao estudante cabe enviar por e-mail ao colegiado de curso do PPGMCF: documento com a rela\u00e7\u00e3o das disciplinas cursadas solicitando aproveitamento, contendo a assinatura do solicitante e do orientador (formato PDF); o formul\u00e1rio espec\u00edfico de aproveitamento de estudo (s) (formato word) (link do formul\u00e1rio); conte\u00fado program\u00e1tico da disciplina cursada [&hellip;]<\/p>\n","protected":false},"author":1163,"featured_media":0,"parent":39,"menu_order":2,"comment_status":"closed","ping_status":"closed","template":"","meta":{"footnotes":""},"class_list":["post-704","page","type-page","status-publish","hentry"],"_links":{"self":[{"href":"https:\/\/wp.ufpel.edu.br\/ppgmcf\/wp-json\/wp\/v2\/pages\/704","targetHints":{"allow":["GET"]}}],"collection":[{"href":"https:\/\/wp.ufpel.edu.br\/ppgmcf\/wp-json\/wp\/v2\/pages"}],"about":[{"href":"https:\/\/wp.ufpel.edu.br\/ppgmcf\/wp-json\/wp\/v2\/types\/page"}],"author":[{"embeddable":true,"href":"https:\/\/wp.ufpel.edu.br\/ppgmcf\/wp-json\/wp\/v2\/users\/1163"}],"replies":[{"embeddable":true,"href":"https:\/\/wp.ufpel.edu.br\/ppgmcf\/wp-json\/wp\/v2\/comments?post=704"}],"version-history":[{"count":7,"href":"https:\/\/wp.ufpel.edu.br\/ppgmcf\/wp-json\/wp\/v2\/pages\/704\/revisions"}],"predecessor-version":[{"id":706,"href":"https:\/\/wp.ufpel.edu.br\/ppgmcf\/wp-json\/wp\/v2\/pages\/704\/revisions\/706"}],"up":[{"embeddable":true,"href":"https:\/\/wp.ufpel.edu.br\/ppgmcf\/wp-json\/wp\/v2\/pages\/39"}],"wp:attachment":[{"href":"https:\/\/wp.ufpel.edu.br\/ppgmcf\/wp-json\/wp\/v2\/media?parent=704"}],"curies":[{"name":"wp","href":"https:\/\/api.w.org\/{rel}","templated":true}]}}