{"id":674,"date":"2024-05-24T18:26:57","date_gmt":"2024-05-24T21:26:57","guid":{"rendered":"https:\/\/wp.ufpel.edu.br\/ppgmcf\/?page_id=674"},"modified":"2024-06-05T13:36:03","modified_gmt":"2024-06-05T16:36:03","slug":"2024-1","status":"publish","type":"page","link":"https:\/\/wp.ufpel.edu.br\/ppgmcf\/discentes\/ingressantes\/2024-1\/","title":{"rendered":"2024\/1"},"content":{"rendered":"<p>MESTRADO<\/p>\n<ul>\n<li>Gabriel Silva Santos<\/li>\n<li>Jana\u00edna Mansur Duarte<\/li>\n<li>Taila Freitas Xavier<\/li>\n<li>Thiago Alves Vargas<\/li>\n<\/ul>\n<p>DOUTORADO<\/p>\n<ul>\n<li>Aline Machado Carvalho<\/li>\n<li>B\u00e1rbara Gon\u00e7alves de Freitas<\/li>\n<\/ul>\n","protected":false},"excerpt":{"rendered":"<p>MESTRADO Gabriel Silva Santos Jana\u00edna Mansur Duarte Taila Freitas Xavier Thiago Alves Vargas DOUTORADO Aline Machado Carvalho B\u00e1rbara Gon\u00e7alves de Freitas<\/p>\n","protected":false},"author":1163,"featured_media":0,"parent":644,"menu_order":6,"comment_status":"closed","ping_status":"closed","template":"","meta":{"footnotes":""},"class_list":["post-674","page","type-page","status-publish","hentry"],"_links":{"self":[{"href":"https:\/\/wp.ufpel.edu.br\/ppgmcf\/wp-json\/wp\/v2\/pages\/674","targetHints":{"allow":["GET"]}}],"collection":[{"href":"https:\/\/wp.ufpel.edu.br\/ppgmcf\/wp-json\/wp\/v2\/pages"}],"about":[{"href":"https:\/\/wp.ufpel.edu.br\/ppgmcf\/wp-json\/wp\/v2\/types\/page"}],"author":[{"embeddable":true,"href":"https:\/\/wp.ufpel.edu.br\/ppgmcf\/wp-json\/wp\/v2\/users\/1163"}],"replies":[{"embeddable":true,"href":"https:\/\/wp.ufpel.edu.br\/ppgmcf\/wp-json\/wp\/v2\/comments?post=674"}],"version-history":[{"count":5,"href":"https:\/\/wp.ufpel.edu.br\/ppgmcf\/wp-json\/wp\/v2\/pages\/674\/revisions"}],"predecessor-version":[{"id":769,"href":"https:\/\/wp.ufpel.edu.br\/ppgmcf\/wp-json\/wp\/v2\/pages\/674\/revisions\/769"}],"up":[{"embeddable":true,"href":"https:\/\/wp.ufpel.edu.br\/ppgmcf\/wp-json\/wp\/v2\/pages\/644"}],"wp:attachment":[{"href":"https:\/\/wp.ufpel.edu.br\/ppgmcf\/wp-json\/wp\/v2\/media?parent=674"}],"curies":[{"name":"wp","href":"https:\/\/api.w.org\/{rel}","templated":true}]}}