{"id":616,"date":"2024-05-24T15:52:34","date_gmt":"2024-05-24T18:52:34","guid":{"rendered":"https:\/\/wp.ufpel.edu.br\/ppgmcf\/?page_id=616"},"modified":"2025-10-28T09:00:02","modified_gmt":"2025-10-28T12:00:02","slug":"orientacoes-para-submissao-e-entrega-da-versao-final-da-dissertacao-tese","status":"publish","type":"page","link":"https:\/\/wp.ufpel.edu.br\/ppgmcf\/documentos-para-download\/orientacoes-para-submissao-e-entrega-da-versao-final-da-dissertacao-tese\/","title":{"rendered":"Orienta\u00e7\u00f5es para submiss\u00e3o e entrega da vers\u00e3o final da disserta\u00e7\u00e3o\/tese"},"content":{"rendered":"<p><b>ORIENTA\u00c7\u00d5ES PARA SUBMISS\u00c3O E ENTREGA DA VERS\u00c3O FINAL DA DISSERTA\u00c7\u00c3O\/TESE PPGMCF-UFPEL<\/b><\/p>\n<p><span style=\"font-weight: 400;\">A disserta\u00e7\u00e3o\/tese dever\u00e1 basear-se em um manuscrito decorrente de trabalho de pesquisa experimental, revelar dom\u00ednio do tema e da metodologia adequada, revis\u00e3o bibliogr\u00e1fica e representar contribui\u00e7\u00e3o original e relevante para o desenvolvimento do conhecimento na \u00e1rea de Ci\u00eancias Fisiol\u00f3gicas.<\/span><\/p>\n<p><b>1. Formato da apresenta\u00e7\u00e3o da disserta\u00e7\u00e3o ou tese dever\u00e1 estar em conformidade com o <a href=\"https:\/\/wp.ufpel.edu.br\/ppgmcf\/documentos\/manual-de-normas-ufpel-para-trabalhos-academicos\/\" target=\"_blank\" rel=\"noopener\">manual de normas UFPel para trabalhos acad\u00eamicos<\/a><\/b><b>.\u00a0<\/b><\/p>\n<p><span style=\"font-weight: 400;\">\u00c9 importante destacar que uma c\u00f3pia do certificado de aprova\u00e7\u00e3o do comit\u00ea de \u00e9tica em experimenta\u00e7\u00e3o com animais ou seres humanos deve ser anexada na vers\u00e3o final da disserta\u00e7\u00e3o ou tese.<\/span><\/p>\n<p><span style=\"font-weight: 400;\">Par\u00e1grafo \u00fanico: A crit\u00e9rio do colegiado geral, a tese de doutorado poder\u00e1 ser substitu\u00edda por uma compila\u00e7\u00e3o de no m\u00ednimo 2 (dois) artigos cient\u00edficos publicados ou aceitos em peri\u00f3dicos classificados nos estratos superiores do Qualis peri\u00f3dicos (A1 e A2), relacionados ao projeto de tese, em que o estudante seja o primeiro autor. Neste caso, uma c\u00f3pia dos artigos deve ser inserida no item resultados, seguidos de um resumo em l\u00edngua portuguesa desses resultado e da discuss\u00e3o geral. Todos os outros elementos da tese devem estar em conformidade com o manual de normal UFPel para trabalhos acad\u00eamicos.<\/span><\/p>\n<p><b>2. PROCEDIMENTOS PARA SUBMISS\u00c3O DO MANUSCRITO PARA BANCA EXAMINADORA<\/b><\/p>\n<p><span style=\"font-weight: 400;\">O orientador dever\u00e1 encaminhar ao coordenador <\/span><b>com no m\u00ednimo 30 dias de anteced\u00eancia<\/b><span style=\"font-weight: 400;\"> os seguintes documentos:<\/span><\/p>\n<p><span style=\"font-weight: 400;\"><a href=\"https:\/\/wp.ufpel.edu.br\/ppgmcf\/documentos\/formulario-de-solicitacao-de-defesa-2\/\" target=\"_blank\" rel=\"noopener\">2.1 Formul\u00e1rio de solicita\u00e7\u00e3o de banca examinadora<\/a><\/span><\/p>\n<p><span style=\"font-weight: 400;\">2.2. Disserta\u00e7\u00e3o ou tese redigida conforme <a href=\"https:\/\/wp.ufpel.edu.br\/ppgmcf\/documentos\/manual-de-normas-ufpel-para-trabalhos-academicos\/\" target=\"_blank\" rel=\"noopener\">manual de normas UFPel para trabalhos acad\u00eamicos<\/a><\/span><\/p>\n<p><span style=\"font-weight: 400;\">A disserta\u00e7\u00e3o ou tese ser\u00e1 encaminhada ao colegiado administrativo local do PPGMCF-UFPel que aprovar\u00e1 a banca examinadora sugerida e encaminhar\u00e1 o documento para an\u00e1lise.<\/span><\/p>\n<p><b>3. PROCEDIMENTOS PARA ENTREGA DA VERS\u00c3O FINAL DO MANUSCRITO AP\u00d3S REALIZA\u00c7\u00c3O DA BANCA<\/b><\/p>\n<p><span style=\"font-weight: 400;\">O orientador dever\u00e1 encaminhar ao coordenador <\/span><b>com no m\u00e1ximo 30 dias a partir da data de realiza\u00e7\u00e3o da banca examinadora <\/b><span style=\"font-weight: 400;\">os seguintes documentos:<\/span><\/p>\n<p><span style=\"font-weight: 400;\">3.1. Vers\u00e3o completa do manuscrito em pdf com todos os ajustes sugeridos pela banca examinadora incluindo obrigatoriamente no corpo do volume, o comprovante da comiss\u00e3o de \u00e9tica em pesquisa e a ficha catalogr\u00e1fica emitida pela biblioteca, a qual dever\u00e1 ser solicitada conforme <a href=\"https:\/\/wp.ufpel.edu.br\/ppgmcf\/documentos\/tutorial-para-solicitacao-de-ficha-catalografica\/\" target=\"_blank\" rel=\"noopener\">tutorial disponibilizado pela UFPel<\/a><\/span><span style=\"font-weight: 400;\">.<\/span><\/p>\n<p>3.2. Documento assinado pelo(a) orientador(a) informando se o manuscrito pode ser disponibilizado ou n\u00e3o na plataforma SUCUPIRA.<\/p>\n<p>3.3 <a href=\"https:\/\/wp.ufpel.edu.br\/ppgmcf\/documentos-para-download\/orientacoes-para-submissao-e-entrega-da-versao-final-da-dissertacao-tese\/termo-dissertacoes-e-teses-atualizado-2025\/\" rel=\"attachment wp-att-1072\">Termo de autoriza\u00e7\u00e3o para inserir teses e disserta\u00e7\u00f5es nas bases de dados da UFPel<\/a><span style=\"font-weight: 400;\">.<\/span><\/p>\n<p>3.4 Comprovante de artigos cient\u00edficos publicados ou aceitos em peri\u00f3dicos classificados nos estratos superiores do Qualis peri\u00f3dicos (A1 e A2), relacionados ao projeto de tese, em que o estudante seja o primeiro autor<\/p>\n<p><b>O(a) orientador(a) \u00e9 o(a) presidente da banca e, portanto, o(a) respons\u00e1vel pela revis\u00e3o dos documentos. Caso haja inconformidade, o trabalho retornar\u00e1 ao orientador para provid\u00eancias.<\/b><\/p>\n","protected":false},"excerpt":{"rendered":"<p>ORIENTA\u00c7\u00d5ES PARA SUBMISS\u00c3O E ENTREGA DA VERS\u00c3O FINAL DA DISSERTA\u00c7\u00c3O\/TESE PPGMCF-UFPEL A disserta\u00e7\u00e3o\/tese dever\u00e1 basear-se em um manuscrito decorrente de trabalho de pesquisa experimental, revelar dom\u00ednio do tema e da metodologia adequada, revis\u00e3o bibliogr\u00e1fica e representar contribui\u00e7\u00e3o original e relevante para o desenvolvimento do conhecimento na \u00e1rea de Ci\u00eancias Fisiol\u00f3gicas. 1. Formato da apresenta\u00e7\u00e3o da [&hellip;]<\/p>\n","protected":false},"author":1163,"featured_media":0,"parent":635,"menu_order":4,"comment_status":"closed","ping_status":"closed","template":"","meta":{"footnotes":""},"class_list":["post-616","page","type-page","status-publish","hentry"],"_links":{"self":[{"href":"https:\/\/wp.ufpel.edu.br\/ppgmcf\/wp-json\/wp\/v2\/pages\/616","targetHints":{"allow":["GET"]}}],"collection":[{"href":"https:\/\/wp.ufpel.edu.br\/ppgmcf\/wp-json\/wp\/v2\/pages"}],"about":[{"href":"https:\/\/wp.ufpel.edu.br\/ppgmcf\/wp-json\/wp\/v2\/types\/page"}],"author":[{"embeddable":true,"href":"https:\/\/wp.ufpel.edu.br\/ppgmcf\/wp-json\/wp\/v2\/users\/1163"}],"replies":[{"embeddable":true,"href":"https:\/\/wp.ufpel.edu.br\/ppgmcf\/wp-json\/wp\/v2\/comments?post=616"}],"version-history":[{"count":4,"href":"https:\/\/wp.ufpel.edu.br\/ppgmcf\/wp-json\/wp\/v2\/pages\/616\/revisions"}],"predecessor-version":[{"id":1073,"href":"https:\/\/wp.ufpel.edu.br\/ppgmcf\/wp-json\/wp\/v2\/pages\/616\/revisions\/1073"}],"up":[{"embeddable":true,"href":"https:\/\/wp.ufpel.edu.br\/ppgmcf\/wp-json\/wp\/v2\/pages\/635"}],"wp:attachment":[{"href":"https:\/\/wp.ufpel.edu.br\/ppgmcf\/wp-json\/wp\/v2\/media?parent=616"}],"curies":[{"name":"wp","href":"https:\/\/api.w.org\/{rel}","templated":true}]}}