{"id":1069,"date":"2025-09-16T17:16:08","date_gmt":"2025-09-16T20:16:08","guid":{"rendered":"https:\/\/wp.ufpel.edu.br\/ppgmcf\/?page_id=1069"},"modified":"2025-09-16T17:16:25","modified_gmt":"2025-09-16T20:16:25","slug":"programa-institucional-de-doutorado-sanduiche-no-exterior-pdse","status":"publish","type":"page","link":"https:\/\/wp.ufpel.edu.br\/ppgmcf\/processos-seletivos\/programa-institucional-de-doutorado-sanduiche-no-exterior-pdse\/","title":{"rendered":"PROGRAMA INSTITUCIONAL DE DOUTORADO SANDU\u00cdCHE NO EXTERIOR (PDSE)"},"content":{"rendered":"<p>O Programa de P\u00f3s-Gradua\u00e7\u00e3o Multic\u00eantrico em Ci\u00eancias Fisiol\u00f3gicas torna p\u00fablico o Edital interno para sele\u00e7\u00e3o de aluno ao Programa Institucional de Doutorado sandu\u00edche no exterior (PDSE).<\/p>\n<p>Acesse o edital: <a href=\"https:\/\/wp.ufpel.edu.br\/ppgmcf\/2025\/09\/16\/processo-seletivo-pdse\/edital_de_selecao_pdse\/\" rel=\"attachment wp-att-1066\">Edital_de_selecao_PDSE<\/a><\/p>\n","protected":false},"excerpt":{"rendered":"<p>O Programa de P\u00f3s-Gradua\u00e7\u00e3o Multic\u00eantrico em Ci\u00eancias Fisiol\u00f3gicas torna p\u00fablico o Edital interno para sele\u00e7\u00e3o de aluno ao Programa Institucional de Doutorado sandu\u00edche no exterior (PDSE). Acesse o edital: Edital_de_selecao_PDSE<\/p>\n","protected":false},"author":1163,"featured_media":0,"parent":33,"menu_order":0,"comment_status":"closed","ping_status":"closed","template":"","meta":{"footnotes":""},"class_list":["post-1069","page","type-page","status-publish","hentry"],"_links":{"self":[{"href":"https:\/\/wp.ufpel.edu.br\/ppgmcf\/wp-json\/wp\/v2\/pages\/1069","targetHints":{"allow":["GET"]}}],"collection":[{"href":"https:\/\/wp.ufpel.edu.br\/ppgmcf\/wp-json\/wp\/v2\/pages"}],"about":[{"href":"https:\/\/wp.ufpel.edu.br\/ppgmcf\/wp-json\/wp\/v2\/types\/page"}],"author":[{"embeddable":true,"href":"https:\/\/wp.ufpel.edu.br\/ppgmcf\/wp-json\/wp\/v2\/users\/1163"}],"replies":[{"embeddable":true,"href":"https:\/\/wp.ufpel.edu.br\/ppgmcf\/wp-json\/wp\/v2\/comments?post=1069"}],"version-history":[{"count":2,"href":"https:\/\/wp.ufpel.edu.br\/ppgmcf\/wp-json\/wp\/v2\/pages\/1069\/revisions"}],"predecessor-version":[{"id":1071,"href":"https:\/\/wp.ufpel.edu.br\/ppgmcf\/wp-json\/wp\/v2\/pages\/1069\/revisions\/1071"}],"up":[{"embeddable":true,"href":"https:\/\/wp.ufpel.edu.br\/ppgmcf\/wp-json\/wp\/v2\/pages\/33"}],"wp:attachment":[{"href":"https:\/\/wp.ufpel.edu.br\/ppgmcf\/wp-json\/wp\/v2\/media?parent=1069"}],"curies":[{"name":"wp","href":"https:\/\/api.w.org\/{rel}","templated":true}]}}