{"id":4341,"date":"2026-04-27T16:46:45","date_gmt":"2026-04-27T19:46:45","guid":{"rendered":"https:\/\/wp.ufpel.edu.br\/ppgmacsa\/?page_id=4341"},"modified":"2026-04-27T16:47:02","modified_gmt":"2026-04-27T19:47:02","slug":"pos-doc","status":"publish","type":"page","link":"https:\/\/wp.ufpel.edu.br\/ppgmacsa\/corpo-docente-e-discente\/pos-doc\/","title":{"rendered":"P\u00f3s-Doc"},"content":{"rendered":"<p><strong>P\u00d3S-DOC VOLUNT\u00c1RIO<\/strong><\/p>\n<table border=\"1\">\n<tbody>\n<tr>\n<td>Marcel Thomas Job Pereira<\/td>\n<td><a href=\"ttp:\/\/lattes.cnpq.br\/1308969054177891\"><strong>Lattes<\/strong><\/a><\/td>\n<td><img decoding=\"async\" class=\"CQ CU\" src=\"https:\/\/mail.google.com\/mail\/u\/2\/images\/cleardot.gif\" alt=\"\" \/>marcel-job@hotmail.com<\/td>\n<\/tr>\n<\/tbody>\n<\/table>\n<p>&nbsp;<\/p>\n","protected":false},"excerpt":{"rendered":"<p>P\u00d3S-DOC VOLUNT\u00c1RIO Marcel Thomas Job Pereira Lattes marcel-job@hotmail.com &nbsp;<\/p>\n","protected":false},"author":108,"featured_media":0,"parent":4307,"menu_order":0,"comment_status":"closed","ping_status":"closed","template":"","meta":{"jetpack_post_was_ever_published":false,"footnotes":""},"class_list":["post-4341","page","type-page","status-publish","hentry","nodate","item-wrap"],"jetpack_shortlink":"https:\/\/wp.me\/Pa3t0X-181","jetpack_sharing_enabled":true,"_links":{"self":[{"href":"https:\/\/wp.ufpel.edu.br\/ppgmacsa\/wp-json\/wp\/v2\/pages\/4341","targetHints":{"allow":["GET"]}}],"collection":[{"href":"https:\/\/wp.ufpel.edu.br\/ppgmacsa\/wp-json\/wp\/v2\/pages"}],"about":[{"href":"https:\/\/wp.ufpel.edu.br\/ppgmacsa\/wp-json\/wp\/v2\/types\/page"}],"author":[{"embeddable":true,"href":"https:\/\/wp.ufpel.edu.br\/ppgmacsa\/wp-json\/wp\/v2\/users\/108"}],"replies":[{"embeddable":true,"href":"https:\/\/wp.ufpel.edu.br\/ppgmacsa\/wp-json\/wp\/v2\/comments?post=4341"}],"version-history":[{"count":2,"href":"https:\/\/wp.ufpel.edu.br\/ppgmacsa\/wp-json\/wp\/v2\/pages\/4341\/revisions"}],"predecessor-version":[{"id":4344,"href":"https:\/\/wp.ufpel.edu.br\/ppgmacsa\/wp-json\/wp\/v2\/pages\/4341\/revisions\/4344"}],"up":[{"embeddable":true,"href":"https:\/\/wp.ufpel.edu.br\/ppgmacsa\/wp-json\/wp\/v2\/pages\/4307"}],"wp:attachment":[{"href":"https:\/\/wp.ufpel.edu.br\/ppgmacsa\/wp-json\/wp\/v2\/media?parent=4341"}],"curies":[{"name":"wp","href":"https:\/\/api.w.org\/{rel}","templated":true}]}}