{"id":3873,"date":"2025-07-14T12:13:25","date_gmt":"2025-07-14T15:13:25","guid":{"rendered":"https:\/\/wp.ufpel.edu.br\/ppgmacsa\/?page_id=3873"},"modified":"2025-11-10T19:13:05","modified_gmt":"2025-11-10T22:13:05","slug":"relacao-solo-paisagem-e-impactos-do-uso-da-terra-em-atributos-dos-solos-e-processos-hidrologicos","status":"publish","type":"page","link":"https:\/\/wp.ufpel.edu.br\/ppgmacsa\/3-6-1manejo-e-conservacao-do-solo-e-da-agua-em-areas-agricolas\/relacao-solo-paisagem-e-impactos-do-uso-da-terra-em-atributos-dos-solos-e-processos-hidrologicos\/","title":{"rendered":"3. Rela\u00e7\u00e3o solo-paisagem e impactos do uso da terra em atributos dos solos e processos hidrol\u00f3gicos"},"content":{"rendered":"<table style=\"border-collapse: collapse; width: 100%;\" border=\"1\">\n<tbody>\n<tr>\n<td style=\"width: 54.4%; text-align: center;\"><span style=\"color: #333399; font-size: 12pt;\"><strong>PROJETOS DE PESQUISA EM ANDAMENTO<\/strong><\/span><\/td>\n<td style=\"width: 45.6%; text-align: center;\"><span style=\"color: #333399; font-size: 12pt;\"><strong>COORDENADOR (A)<\/strong><\/span><\/td>\n<\/tr>\n<tr>\n<td style=\"width: 54.4%; text-align: justify;\"><span style=\"color: #000000; font-family: tahoma, arial, helvetica, sans-serif;\"><b><span lang=\"PT-BR\">Restaura\u00e7\u00e3o Ambiental em Ecossistemas Minerados: efeito da compacta\u00e7\u00e3o no retorno da biodiversidade funcional do solo<\/span><\/b><\/span><\/td>\n<td style=\"width: 45.6%; text-align: center;\"><span style=\"color: #000000; font-family: tahoma, arial, helvetica, sans-serif;\"><strong>Lizete Stumpf<\/strong><\/span><\/td>\n<\/tr>\n<tr>\n<td style=\"text-align: justify; width: 100%;\" colspan=\"2\"><span style=\"color: #000000;\"><span style=\"color: #333333;\">No Brasil, assim como nos outros lugares do mundo, a maior parte do carv\u00e3o mineral \u00e9 extra\u00eddo a c\u00e9u aberto com a remo\u00e7\u00e3o de horizontes de solo, seguido da remo\u00e7\u00e3o de rochas sobrepostas ao min\u00e9rio. Ap\u00f3s a extra\u00e7\u00e3o dos bancos de carv\u00e3o, a cava de minera\u00e7\u00e3o \u00e9 preenchida novamente com as rochas e partes de carv\u00e3o n\u00e3o utilizados na queima, os quais passam a ser chamados de material est\u00e9ril. A reconstru\u00e7\u00e3o<\/span> <span style=\"color: #333333;\">topogr\u00e1fica da \u00e1rea minerada \u00e9 finalizada quando o topsoil (camada de solo) \u00e9 recolocado sob o material est\u00e9ril. A partir deste momento, o novo perfil reconstru\u00eddo passa a ser classificado como minesoil ou Technosol. A revegeta\u00e7\u00e3o dos minesoils na Mina de Candiota \u00e9 realizada concomitantemente com a minera\u00e7\u00e3o, e faz parte do plano de recupera\u00e7\u00e3o ambiental adotado pela empresa mineradora, formatada pelos compromissos ambientais da empresa com a FEPAM. Contudo, finalizado o processo de recomposi\u00e7\u00e3o topogr\u00e1fica da \u00e1rea minerada e sua revegeta\u00e7\u00e3o, os minesoils n\u00e3o voltam a ser usados para as atividades agropecu\u00e1rias devido a sua fragilidade em degradrar-se novamente. Um dos motivos desta fragilidade \u00e9 que o trafego intenso de m\u00e1quinas durante a realoca\u00e7\u00e3o do topsoil sobre a camada de est\u00e9ril promove a compacta\u00e7\u00e3o do minesoil, o que dificulta a infiltra\u00e7\u00e3o e a sua capacidade de armazenamento de \u00e1gua e consequentemente, impede o pleno estabelecimento de muitas esp\u00e9cies vegetais nestas \u00e1reas. Como a restaura\u00e7\u00e3o em minesoils com hist\u00f3rico persistente de compacta\u00e7\u00e3o ainda \u00e9 um assunto pouco compreendido, o projeto de pesquisa busca utilizar a metodologia de separa\u00e7\u00e3o de agregados por diferentes vias de forma\u00e7\u00e3o para entender melhor a din\u00e2mica de agrega\u00e7\u00e3o destes solos fortemente antropizados, com um olhar sobre a influ\u00eancia dos atributos biol\u00f3gicos nesse processo e na prote\u00e7\u00e3o de carbono nos agregados. Um dos maiores desafios na pesquisa com foco na restaura\u00e7\u00e3o de \u00e1reas degradadas pela minera\u00e7\u00e3o \u00e9 estipular o per\u00edodo necess\u00e1rio para a restaura\u00e7\u00e3o das fun\u00e7\u00f5es ecol\u00f3gicas do novo solo, o qual ser\u00e1 dependente da forma como o topsoil foi recomposto topograficamente (espessura e tipo de material colocado sob a camada est\u00e9ril) e da vegeta\u00e7\u00e3o utilizada para a sua restaura\u00e7\u00e3o. Do ponto de vista social e ambiental, os resultados desta pesquisa responder\u00e3o se as terras mineradas de carv\u00e3o s\u00e3o capazes de, no futuro, serem usadas para a agricultura. Para isso, \u00e9 necess\u00e1ria uma correta avalia\u00e7\u00e3o sobre a sa\u00fade dos minesoils, justamente pela incerteza sobre a restaura\u00e7\u00e3o de suas fun\u00e7\u00f5es ecossist\u00eamicas, mesmo em longo prazo e sob total revegeta\u00e7\u00e3o.<\/span><\/span><\/td>\n<\/tr>\n<tr>\n<td style=\"width: 54.4%; text-align: justify;\"><span style=\"font-family: tahoma, arial, helvetica, sans-serif;\"><span style=\"color: #000000;\"><strong>Informa\u00e7\u00f5es do recurso solo para avalia\u00e7\u00e3o da degrada\u00e7\u00e3o ambiental e sustentabilidade das <\/strong><\/span><span style=\"color: #000000;\"><strong>terras na Regi\u00e3o Sul do Estado do Rio Grande do Sul<\/strong><\/span><\/span><\/td>\n<td style=\"width: 45.6%; text-align: center;\">\n<p>&nbsp;<\/p>\n<p><span style=\"color: #000000; font-family: tahoma, arial, helvetica, sans-serif;\"><strong>Pablo Miguel<\/strong><\/span><\/td>\n<\/tr>\n<tr>\n<td style=\"text-align: justify; width: 100%;\" colspan=\"2\">A produ\u00e7\u00e3o e transporte de sedimentos em bacias hidrogr\u00e1ficas, pode ocasionar a remo\u00e7\u00e3o da camada mais rica do solo, consequentemente a perda de nutrientes, causando assoreamento dos cursos d\u2019\u00e1gua, e queda acentuada da produtividade agr\u00edcola. Estudos de monitoramento tem sido desenvolvido para o aperfei\u00e7oamento de modelos de predi\u00e7\u00e3o de sedimentos. O presente estudo visa gerar um conjunto de informa\u00e7\u00e3o referentes aos solos presentes nas Bacias hidrogr\u00e1ficas do Pelotas e do Santa B\u00e1rbara, localizadas no munic\u00edpio de Pelotas-RS. Para avaliar e identificar os sedimentos ser\u00e1 aplicado o modelo EUPS e o m\u00e9todo fingerprinting. Diagnosticar as \u00e1reas com maior potencial a eros\u00e3o pode garantir um desenvolvimento sustent\u00e1vel da \u00e1rea. Para caracteriza\u00e7\u00e3o dos solos da \u00e1rea de estudo ser\u00e1 realizado um levantamento de solos detalhado. O estudo f\u00edsico-h\u00eddrico do solo contribui para o planejamento e manuten\u00e7\u00e3o das \u00e1reas agr\u00edcolas. Os m\u00e9todos adotados para mapear os estoques de COS, ser\u00e3o os modelos baseados na interpola\u00e7\u00e3o, utilizando MDS, usando ferramentas SIG. Tamb\u00e9m ser\u00e3o aplicadas an\u00e1lises estat\u00edsticas, para avaliar a adequa\u00e7\u00e3o dos conjuntos de dados e identificar as vari\u00e1veis que mais ir\u00e3o contribuir para o modelo. atributos s\u00e3o importantes para o conhecimento da \u00e1rea e consequentemente um melhor desenvolvimento de cultura. As bacias hidrogr\u00e1ficas de estudo contribuem para o abastecimento da barragem do Santa B\u00e1rbara, assim sendo, as informa\u00e7\u00f5es referentes ao mapa de solos, mapa de uso e cobertura da terra, mapa de COS obtidos com esse estudo podem ser integrados aos muitos outros estudos realizados na regi\u00e3o visando o planejamento conservacionista e preserva\u00e7\u00e3o das \u00e1reas de abastecimento da barragem. Possibilitando por meio dos dados e conclus\u00f5es do estudo atrav\u00e9s de tomadas de decis\u00f5es, por agricultores e gestores, adequadas a regi\u00e3o em que ocorreu a pesquisa e desta forma promover manejos conservacionistas do solo e da \u00e1gua.<\/td>\n<\/tr>\n<tr>\n<td style=\"text-align: justify; width: 54.4%;\"><span style=\"color: #000000; font-family: tahoma, arial, helvetica, sans-serif;\"><strong>Recupera\u00e7\u00e3o de solos degradados pela minera\u00e7\u00e3o de carv\u00e3o<\/strong><\/span><\/td>\n<td style=\"width: 45.6%; text-align: center;\"><span style=\"color: #000000; font-family: tahoma, arial, helvetica, sans-serif;\"><strong>Luiz Fernando Spinelli Pinto<\/strong><\/span><\/td>\n<\/tr>\n<tr>\n<td style=\"text-align: justify; width: 100%;\" colspan=\"2\">O carv\u00e3o mineral \u00e9 uma importante fonte alternativa de energia. O estado do Rio Grande do Sul, possui as maiores jazidas do Brasil, sendo estas localizadas principalmente no munic\u00edpio de Candiota-RS. Por\u00e9m, a atividade de remo\u00e7\u00e3o do carv\u00e3o traz problemas ambientais de grandes propor\u00e7\u00f5es, pois sua extra\u00e7\u00e3o a c\u00e9u aberto provoca uma ampla modifica\u00e7\u00e3o estrutural do ambiente. A etapa inicial consiste da retirada dos horizontes do solo, sapr\u00f3lito e das camadas geol\u00f3gicas sobrejacentes ou intercaladas \u00e0s camadas de carv\u00e3o, denominadas de est\u00e9reis (arenitos, siltitos, argilitos e folhelhos carbonosos), sendo este material depositado na cava aberta anteriormente, de forma a reconstituir topograficamente a \u00e1rea. Horizontes superficiais do solo s\u00e3o recolocados sobre a camada de est\u00e9reis, pr\u00e1ticas agron\u00f4micas s\u00e3o realizadas (preparo de solo e corre\u00e7\u00e3o de fertilidade) e o plantio \u00e9 feito de forma a revegetar a paisagem. O solo assim constru\u00eddo \u00e9 classificado como Tecnossolo pela WRB (World Reference Base). A compacta\u00e7\u00e3o e a dilui\u00e7\u00e3o no teor de mat\u00e9ria org\u00e2nica das camadas superficiais do solo das \u00e1reas em processo de recupera\u00e7\u00e3o restringem o desenvolvimento da vegeta\u00e7\u00e3o e diminuem a taxa de infiltra\u00e7\u00e3o de \u00e1gua, favorecendo a perda de solo por eros\u00e3o e a exposi\u00e7\u00e3o das camadas de est\u00e9ril, contaminando as \u00e1guas de mananciais. O objetivo geral do projeto \u00e9 o de avaliar o estado geral de recupera\u00e7\u00e3o f\u00edsica, qu\u00edmica e biol\u00f3gica dos solos recuperados e com isso poder sugerir melhoras no sistema de recupera\u00e7\u00e3o, envolvendo desde a constru\u00e7\u00e3o do solo, passando pelas pr\u00e1ticas de corre\u00e7\u00e3o agron\u00f4mica at\u00e9 o manejo p\u00f3s recupera\u00e7\u00e3o.<\/td>\n<\/tr>\n<tr>\n<td style=\"text-align: justify; width: 54.4%;\"><span style=\"font-family: tahoma, arial, helvetica, sans-serif; color: #000000;\"><b>Distribui\u00e7\u00e3o geoqu\u00edmica de elementos potencialmente t\u00f3xicos em solos do Rio Grande do Sul: Perspectivas de risco ambiental, ecol\u00f3gico e \u00e0 sa\u00fade<\/b><\/span><\/td>\n<td style=\"width: 45.6%; text-align: center;\">\n<p>&nbsp;<\/p>\n<p><span style=\"color: #000000;\"><strong><span style=\"font-family: tahoma, arial, helvetica, sans-serif;\">Jakeline Rosa de Oliveira<\/span><\/strong><\/span><\/td>\n<\/tr>\n<tr>\n<td style=\"width: 100%; text-align: justify;\" colspan=\"2\"><span style=\"font-family: tahoma, arial, helvetica, sans-serif;\">A presen\u00e7a de elementos potencialmente t\u00f3xicos (EPTs) nos solos \u00e9 uma preocupa\u00e7\u00e3o crescente, pois pode comprometer a qualidade ambiental, afetar ecossistemas e representar riscos \u00e0 sa\u00fade humana. No Rio Grande do Sul, os EPTs ocorrem naturalmente em raz\u00e3o da composi\u00e7\u00e3o geol\u00f3gica das rochas e sedimentos, mas sua concentra\u00e7\u00e3o pode ser intensificada por atividades antr\u00f3picas, como pr\u00e1ticas agr\u00edcolas intensivas, uso de fertilizantes, defensivos qu\u00edmicos, bioss\u00f3lidos e efluentes urbanos e industriais. Diante disso, este estudo tem como objetivo avaliar a distribui\u00e7\u00e3o geoqu\u00edmica de EPTs nos solos do estado, identificar \u00e1reas de potencial risco e contribuir com informa\u00e7\u00f5es que auxiliem na gest\u00e3o ambiental. A an\u00e1lise ser\u00e1 pautada na Portaria FEPAM n\u00ba 85\/2014, que estabelece Valores de Refer\u00eancia de Qualidade (VRQ) para nove elementos em diferentes prov\u00edncias geomorfol\u00f3gicas\/geol\u00f3gicas do estado. Al\u00e9m da quantifica\u00e7\u00e3o dos teores, se faz necess\u00e1rio avaliar a mobilidade dos EPTs no perfil do solo e sua poss\u00edvel lixivia\u00e7\u00e3o para \u00e1guas subterr\u00e2neas, considerando tamb\u00e9m os impactos sobre a cadeia alimentar. A absor\u00e7\u00e3o desses elementos por plantas pode ocorrer pelas ra\u00edzes ou pelas folhas, resultando em ac\u00famulo em partes comest\u00edveis como ra\u00edzes, caules, folhas e frutos, o que amplia os riscos de ingest\u00e3o humana. A degrada\u00e7\u00e3o da qualidade do solo por altera\u00e7\u00f5es no uso da terra, como desmatamentos, compacta\u00e7\u00e3o, eros\u00e3o e contamina\u00e7\u00e3o por res\u00edduos org\u00e2nicos e inorg\u00e2nicos, compromete ainda mais sua fun\u00e7\u00e3o de reten\u00e7\u00e3o e imobiliza\u00e7\u00e3o de contaminantes.<\/span><\/td>\n<\/tr>\n<\/tbody>\n<\/table>\n<p>&nbsp;<\/p>\n","protected":false},"excerpt":{"rendered":"<p>PROJETOS DE PESQUISA EM ANDAMENTO COORDENADOR (A) Restaura\u00e7\u00e3o Ambiental em Ecossistemas Minerados: efeito da compacta\u00e7\u00e3o no retorno da biodiversidade funcional do solo Lizete Stumpf No Brasil, assim como nos outros lugares do mundo, a maior parte do carv\u00e3o mineral \u00e9 extra\u00eddo a c\u00e9u aberto com a remo\u00e7\u00e3o de horizontes de solo, seguido da remo\u00e7\u00e3o de &hellip; <\/p>\n<p><a class=\"more-link btn\" href=\"https:\/\/wp.ufpel.edu.br\/ppgmacsa\/3-6-1manejo-e-conservacao-do-solo-e-da-agua-em-areas-agricolas\/relacao-solo-paisagem-e-impactos-do-uso-da-terra-em-atributos-dos-solos-e-processos-hidrologicos\/\">Continue lendo<\/a><\/p>\n","protected":false},"author":108,"featured_media":0,"parent":129,"menu_order":3,"comment_status":"closed","ping_status":"closed","template":"","meta":{"jetpack_post_was_ever_published":false,"footnotes":""},"class_list":["post-3873","page","type-page","status-publish","hentry","nodate","item-wrap"],"jetpack_shortlink":"https:\/\/wp.me\/Pa3t0X-10t","jetpack_sharing_enabled":true,"_links":{"self":[{"href":"https:\/\/wp.ufpel.edu.br\/ppgmacsa\/wp-json\/wp\/v2\/pages\/3873","targetHints":{"allow":["GET"]}}],"collection":[{"href":"https:\/\/wp.ufpel.edu.br\/ppgmacsa\/wp-json\/wp\/v2\/pages"}],"about":[{"href":"https:\/\/wp.ufpel.edu.br\/ppgmacsa\/wp-json\/wp\/v2\/types\/page"}],"author":[{"embeddable":true,"href":"https:\/\/wp.ufpel.edu.br\/ppgmacsa\/wp-json\/wp\/v2\/users\/108"}],"replies":[{"embeddable":true,"href":"https:\/\/wp.ufpel.edu.br\/ppgmacsa\/wp-json\/wp\/v2\/comments?post=3873"}],"version-history":[{"count":3,"href":"https:\/\/wp.ufpel.edu.br\/ppgmacsa\/wp-json\/wp\/v2\/pages\/3873\/revisions"}],"predecessor-version":[{"id":4083,"href":"https:\/\/wp.ufpel.edu.br\/ppgmacsa\/wp-json\/wp\/v2\/pages\/3873\/revisions\/4083"}],"up":[{"embeddable":true,"href":"https:\/\/wp.ufpel.edu.br\/ppgmacsa\/wp-json\/wp\/v2\/pages\/129"}],"wp:attachment":[{"href":"https:\/\/wp.ufpel.edu.br\/ppgmacsa\/wp-json\/wp\/v2\/media?parent=3873"}],"curies":[{"name":"wp","href":"https:\/\/api.w.org\/{rel}","templated":true}]}}