{"id":2158,"date":"2021-04-01T18:17:16","date_gmt":"2021-04-01T21:17:16","guid":{"rendered":"https:\/\/wp.ufpel.edu.br\/ppgmacsa\/?page_id=2158"},"modified":"2024-10-31T10:31:22","modified_gmt":"2024-10-31T13:31:22","slug":"planejamento-estrategico","status":"publish","type":"page","link":"https:\/\/wp.ufpel.edu.br\/ppgmacsa\/administracao\/planejamento-estrategico\/","title":{"rendered":"Planejamento Estrat\u00e9gico"},"content":{"rendered":"<p>PLANEJAMENTO ESTRAT\u00c9GICO DO PROGRAMA (PEP) &#8211; 2023 a 2028<\/p>\n<p><a href=\"https:\/\/wp.ufpel.edu.br\/ppgmacsa\/files\/2024\/10\/Planejamento_Estrat_MACSA.pdf\" target=\"_blank\" rel=\"noopener\">Planejamento Estrat\u00e9gico PPGMACSA<\/a><\/p>\n<p><a href=\"https:\/\/forms.gle\/PXCM9tACKRSVbBvd8\">Formul\u00e1rio AN\u00d4NIMO para sugest\u00f5es e cr\u00edticas ao PPGMACSA<\/a><\/p>\n","protected":false},"excerpt":{"rendered":"<p>PLANEJAMENTO ESTRAT\u00c9GICO DO PROGRAMA (PEP) &#8211; 2023 a 2028 Planejamento Estrat\u00e9gico PPGMACSA Formul\u00e1rio AN\u00d4NIMO para sugest\u00f5es e cr\u00edticas ao PPGMACSA<\/p>\n","protected":false},"author":108,"featured_media":0,"parent":1000,"menu_order":6,"comment_status":"closed","ping_status":"closed","template":"","meta":{"jetpack_post_was_ever_published":false,"footnotes":""},"class_list":["post-2158","page","type-page","status-publish","hentry","nodate","item-wrap"],"jetpack_shortlink":"https:\/\/wp.me\/Pa3t0X-yO","jetpack_sharing_enabled":true,"_links":{"self":[{"href":"https:\/\/wp.ufpel.edu.br\/ppgmacsa\/wp-json\/wp\/v2\/pages\/2158","targetHints":{"allow":["GET"]}}],"collection":[{"href":"https:\/\/wp.ufpel.edu.br\/ppgmacsa\/wp-json\/wp\/v2\/pages"}],"about":[{"href":"https:\/\/wp.ufpel.edu.br\/ppgmacsa\/wp-json\/wp\/v2\/types\/page"}],"author":[{"embeddable":true,"href":"https:\/\/wp.ufpel.edu.br\/ppgmacsa\/wp-json\/wp\/v2\/users\/108"}],"replies":[{"embeddable":true,"href":"https:\/\/wp.ufpel.edu.br\/ppgmacsa\/wp-json\/wp\/v2\/comments?post=2158"}],"version-history":[{"count":6,"href":"https:\/\/wp.ufpel.edu.br\/ppgmacsa\/wp-json\/wp\/v2\/pages\/2158\/revisions"}],"predecessor-version":[{"id":3490,"href":"https:\/\/wp.ufpel.edu.br\/ppgmacsa\/wp-json\/wp\/v2\/pages\/2158\/revisions\/3490"}],"up":[{"embeddable":true,"href":"https:\/\/wp.ufpel.edu.br\/ppgmacsa\/wp-json\/wp\/v2\/pages\/1000"}],"wp:attachment":[{"href":"https:\/\/wp.ufpel.edu.br\/ppgmacsa\/wp-json\/wp\/v2\/media?parent=2158"}],"curies":[{"name":"wp","href":"https:\/\/api.w.org\/{rel}","templated":true}]}}