{"id":2148,"date":"2021-04-01T18:11:43","date_gmt":"2021-04-01T21:11:43","guid":{"rendered":"https:\/\/wp.ufpel.edu.br\/ppgmacsa\/?page_id=2148"},"modified":"2024-06-26T17:44:05","modified_gmt":"2024-06-26T20:44:05","slug":"historia","status":"publish","type":"page","link":"https:\/\/wp.ufpel.edu.br\/ppgmacsa\/administracao\/historia\/","title":{"rendered":"Hist\u00f3ria"},"content":{"rendered":"<p><strong>HIST\u00d3RICO<\/strong><\/p>\n<p style=\"text-align: justify;\"><span style=\"text-align: justify;\">O programa de P\u00f3s-Gradua\u00e7\u00e3o em Manejo e Conserva\u00e7\u00e3o do Solo e da \u00c1gua (PPG MACSA) foi criado em 2011 a partir do desmembramento da \u00e1rea de Solos do PPG Agronomia (PPGA) da Faculdade de Agronomia Eliseu Maciel (FAEM)\/Universidade Federal de Pelotas (UFPel). O Programa conta atualmente com dez docentes permanentes (tr\u00eas s\u00e3o bolsistas de produtividade em pesquisa do CNPq), sendo cinco do Departamento de Solos e tr\u00eas do Departamento de Engenharia Rural (ambos da FAEM\/UFPel) e dois do Centro de Engenharias da UFPel e quatro professores colaboradores. Os docentes do programa t\u00eam atuado em projetos de coopera\u00e7\u00e3o institucional e interinstitucional buscando intensificar o interc\u00e2mbio dentro da UFPel com programas j\u00e1 consolidados (PPG em Agronomia, PPG em Fitossanidade, PPG em Ci\u00eancia e Tecnologia de Sementes, entre outros) e com outras institui\u00e7\u00f5es de ensino e\/ou pesquisa no sentido de propiciar aos alunos e professores um constante treinamento em \u00e1reas mais desenvolvidas em outros locais e pa\u00edses, para serem aplicadas na melhoria da qualidade do programa. Dentre estes projetos de coopera\u00e7\u00e3o pode-se citar: Rede de Agricultura de Precis\u00e3o que foi formada a partir de um projeto aprovado em um Edital da Embrapa- Macroprograma 1; Rede do Carv\u00e3o em parceria com a Companhia de Minera\u00e7\u00e3o de Carv\u00e3o (CRM) e Universidade Federal do Rio Grande do Sul; coopera\u00e7\u00e3o internacional com o International Centre for Theoretical Physics, It\u00e1lia; com a Universidade de Ghent, B\u00e9lgica (Department of Soil Management), com a Universidade de Santiago de Compostela, Espanha; com as Universidades de Purdue e do Kentucky, Estados Unidos; com as Universidades de Ahmadu Bello e de Nsukka, Nigeria; com a Universidade Central da Venezuela, Venezuela; com o College of Water Conservancy and Hydropower Engineering da Universidade de Hohai, China, dentre outras parceiras.<\/span><\/p>\n<p style=\"text-align: justify;\"><strong>OBJETIVOS<\/strong><\/p>\n<p style=\"text-align: justify;\">Os objetivos gerais do Programa s\u00e3o de atender a demanda de capacita\u00e7\u00e3o de profissionais de n\u00edvel superior que atuem nas \u00e1reas de ensino, pesquisa e extens\u00e3o e presta\u00e7\u00e3o de servi\u00e7os referentes as atividades do complexo produtivo agr\u00edcola, integrando a ci\u00eancia do solo com a ci\u00eancia hidrol\u00f3gica e com as geotecnologias, para compreender a din\u00e2mica dos sistemas agr\u00edcolas e minerados, suas rela\u00e7\u00f5es com o homem e, deste modo, promover sua conserva\u00e7\u00e3o ou sua recupera\u00e7\u00e3o.<\/p>\n<p style=\"text-align: justify;\"><strong>PERFIL DO EGRESSO<\/strong><\/p>\n<p style=\"text-align: justify;\">O profissional egresso do PPG MACSA apresenta conhecimentos s\u00f3lidos em \u00e1reas b\u00e1sicas da ci\u00eancia do solo (f\u00edsica do solo, qu\u00edmica do solo e pedologia), hidrologia e geotecnologias. Compreende a din\u00e2mica da \u00e1gua e dos nutrientes em sistemas agr\u00edcolas e minerados, o que lhe permite propor pr\u00e1ticas de manejo sustent\u00e1veis que visem a conserva\u00e7\u00e3o e\/ou recupera\u00e7\u00e3o do solo e melhoria da qualidade da \u00e1gua nesses ambientes.<\/p>\n<p style=\"text-align: justify;\"><strong>ESTRUTURA CURRICULAR<\/strong><\/p>\n<p style=\"text-align: justify;\">A estrutura curricular do PPG MACSA \u00e9 formada por disciplinas com conte\u00fados b\u00e1sicos e disciplinas com conte\u00fados aplicados nas \u00e1reas de solos, hidrologia e de geotecnologias. As disciplinas s\u00e3o ofertadas em regime semestral de forma que os alunos possam cursar primeiramente as de conte\u00fado mais b\u00e1sico e ap\u00f3s aquelas de conte\u00fado aplicado. Os alunos s\u00e3o orientados na escolha das disciplinas visando uma forma\u00e7\u00e3o qualificada em conte\u00fados que ser\u00e3o importantes para seu tema de pesquisa. O Plano de estudos e o projeto de pesquisa dos discentes s\u00e3o apresentados e defendidos em semin\u00e1rio do PPG MACSA e passam por avalia\u00e7\u00e3o e aprova\u00e7\u00e3o de todo o corpo docente e discente do programa.<\/p>\n<p style=\"text-align: justify;\">\n","protected":false},"excerpt":{"rendered":"<p>HIST\u00d3RICO O programa de P\u00f3s-Gradua\u00e7\u00e3o em Manejo e Conserva\u00e7\u00e3o do Solo e da \u00c1gua (PPG MACSA) foi criado em 2011 a partir do desmembramento da \u00e1rea de Solos do PPG Agronomia (PPGA) da Faculdade de Agronomia Eliseu Maciel (FAEM)\/Universidade Federal de Pelotas (UFPel). O Programa conta atualmente com dez docentes permanentes (tr\u00eas s\u00e3o bolsistas de &hellip; <\/p>\n<p><a class=\"more-link btn\" href=\"https:\/\/wp.ufpel.edu.br\/ppgmacsa\/administracao\/historia\/\">Continue lendo<\/a><\/p>\n","protected":false},"author":108,"featured_media":0,"parent":1000,"menu_order":2,"comment_status":"closed","ping_status":"closed","template":"","meta":{"jetpack_post_was_ever_published":false,"footnotes":""},"class_list":["post-2148","page","type-page","status-publish","hentry","nodate","item-wrap"],"jetpack_shortlink":"https:\/\/wp.me\/Pa3t0X-yE","jetpack_sharing_enabled":true,"_links":{"self":[{"href":"https:\/\/wp.ufpel.edu.br\/ppgmacsa\/wp-json\/wp\/v2\/pages\/2148","targetHints":{"allow":["GET"]}}],"collection":[{"href":"https:\/\/wp.ufpel.edu.br\/ppgmacsa\/wp-json\/wp\/v2\/pages"}],"about":[{"href":"https:\/\/wp.ufpel.edu.br\/ppgmacsa\/wp-json\/wp\/v2\/types\/page"}],"author":[{"embeddable":true,"href":"https:\/\/wp.ufpel.edu.br\/ppgmacsa\/wp-json\/wp\/v2\/users\/108"}],"replies":[{"embeddable":true,"href":"https:\/\/wp.ufpel.edu.br\/ppgmacsa\/wp-json\/wp\/v2\/comments?post=2148"}],"version-history":[{"count":6,"href":"https:\/\/wp.ufpel.edu.br\/ppgmacsa\/wp-json\/wp\/v2\/pages\/2148\/revisions"}],"predecessor-version":[{"id":2769,"href":"https:\/\/wp.ufpel.edu.br\/ppgmacsa\/wp-json\/wp\/v2\/pages\/2148\/revisions\/2769"}],"up":[{"embeddable":true,"href":"https:\/\/wp.ufpel.edu.br\/ppgmacsa\/wp-json\/wp\/v2\/pages\/1000"}],"wp:attachment":[{"href":"https:\/\/wp.ufpel.edu.br\/ppgmacsa\/wp-json\/wp\/v2\/media?parent=2148"}],"curies":[{"name":"wp","href":"https:\/\/api.w.org\/{rel}","templated":true}]}}