{"id":1000,"date":"2015-03-12T09:32:42","date_gmt":"2015-03-12T12:32:42","guid":{"rendered":"https:\/\/wp.ufpel.edu.br\/ppgmacsa\/?page_id=1000"},"modified":"2026-04-27T18:18:19","modified_gmt":"2026-04-27T21:18:19","slug":"administracao","status":"publish","type":"page","link":"https:\/\/wp.ufpel.edu.br\/ppgmacsa\/administracao\/","title":{"rendered":"O Programa"},"content":{"rendered":"<p><strong>COORDENADORA<\/strong><br \/>\nProf<sup>a<\/sup>. Dr<sup>a<\/sup>. Maria C\u00e2ndida M. Nunes<\/p>\n<p><strong>COORDENADOR\u00a0 ADJUNTO<\/strong><br \/>\nProf\u00aa. Dr\u00aa. Lizete Stumpf<\/p>\n<p><strong>SECRET\u00c1RIA<\/strong><br \/>\nMSc. Josiele Garcia Dutra<\/p>\n<p><strong>APRESENTA\u00c7\u00c3O<\/strong><\/p>\n<p style=\"text-align: justify;\">O Programa de P\u00f3s-Gradua\u00e7\u00e3o em Manejo e Conserva\u00e7\u00e3o do Solo e da \u00c1gua (PPGMACSA) come\u00e7ou suas atividades em 31 de mar\u00e7o de 2011, a partir do desmembramento da \u00e1rea de Solos do PPG Agronomia (PPGA) da Faculdade de Agronomia Eliseu Maciel (FAEM)\/Universidade Federal de Pelotas (UFPel). O Programa conta atualmente com treze docentes permanentes (tr\u00eas s\u00e3o bolsistas de produtividade em pesquisa do CNPq). Dos membros permanentes, nove s\u00e3o do Departamento de Solos, um do Departamento de Engenharia Rural (FAEM\/UFPel), um do Centro de Desenvolvimento Tecnol\u00f3gico (CDTEC\/UFPel), um do Instituto de Ci\u00eancias Humanas (ICH-Geografia\/UFPEL) e um da EMBRAPA-Clima Temperado. O PPGMACSA tem tamb\u00e9m cinco membros colaboradores, de diferentes departamentos e unidades da UFPEL e da EMBRAPA. Os docentes do programa t\u00eam atuado em projetos de coopera\u00e7\u00e3o institucional e interinstitucional buscando intensificar o interc\u00e2mbio dentro da UFPel com programas j\u00e1 consolidados (PPG em Agronomia, PPG em Fitossanidade, PPG em Ci\u00eancia e Tecnologia de Sementes, entre outros) e com outras institui\u00e7\u00f5es de ensino e\/ou pesquisa, no sentido de propiciar aos alunos e professores um constante treinamento em \u00e1reas mais desenvolvidas em outros locais e pa\u00edses, para serem aplicadas na melhoria da qualidade do programa. Dentre estes projetos de coopera\u00e7\u00e3o pode-se citar: Rede de Agricultura de Precis\u00e3o, que foi formada a partir de um projeto aprovado em um Edital da Embrapa- Macroprograma 1; Rede do Carv\u00e3o em parceria com a Companhia de Minera\u00e7\u00e3o de Carv\u00e3o (CRM) e Universidade Federal do Rio Grande do Sul; coopera\u00e7\u00e3o internacional com o International Centre for Theoretical Physics, It\u00e1lia; com a Universidade de Ghent, B\u00e9lgica (Department of Soil Management), com a Universidade de Santiago de Compostela, Espanha; com as Universidades de Purdue e do Kentucky, Estados Unidos; com as Universidades de Ahmadu Bello e de Nsukka, Nigeria; com a Universidade Central da Venezuela, Venezuela; com o College of Water Conservancy and Hydropower Engineering da Universidade de Hohai, China, dentre outras parceiras.<\/p>\n<p style=\"text-align: justify;\"><strong>OBJETIVOS<\/strong><\/p>\n<p style=\"text-align: justify;\">Os objetivos gerais do Programa s\u00e3o de atender \u00e0 demanda de capacita\u00e7\u00e3o de profissionais de n\u00edvel superior que atuem nas \u00e1reas de ensino, pesquisa e extens\u00e3o e presta\u00e7\u00e3o de servi\u00e7os referentes as atividades do complexo produtivo agr\u00edcola, integrando a ci\u00eancia do solo com a ci\u00eancia hidrol\u00f3gica e com as geotecnologias, para compreender a din\u00e2mica dos sistemas agr\u00edcolas e minerados, suas rela\u00e7\u00f5es com o homem e, deste modo, promover sua conserva\u00e7\u00e3o ou sua recupera\u00e7\u00e3o.<\/p>\n<p style=\"text-align: justify;\"><strong>PERFIL DO EGRESSO<\/strong><\/p>\n<p style=\"text-align: justify;\">O profissional egresso do PPGMACSA apresenta conhecimentos s\u00f3lidos em \u00e1reas b\u00e1sicas da ci\u00eancia do solo (f\u00edsica do solo, qu\u00edmica do solo e pedologia), hidrologia e geotecnologias. Compreende a din\u00e2mica da \u00e1gua e dos nutrientes em sistemas agr\u00edcolas e minerados, o que lhe permite propor pr\u00e1ticas de manejo sustent\u00e1veis que visem a conserva\u00e7\u00e3o e\/ou recupera\u00e7\u00e3o do solo e melhoria da qualidade da \u00e1gua nesses ambientes.<\/p>\n<p style=\"text-align: justify;\"><strong>ESTRUTURA CURRICULAR<\/strong><\/p>\n<p style=\"text-align: justify;\">A estrutura curricular do PPGMACSA \u00e9 formada por disciplinas com conte\u00fados b\u00e1sicos e disciplinas com conte\u00fados aplicados nas \u00e1reas de solos, hidrologia e de geotecnologias. As disciplinas s\u00e3o ofertadas em regime semestral de forma que os alunos possam cursar primeiramente as de conte\u00fado mais b\u00e1sico e ap\u00f3s aquelas de conte\u00fado aplicado. Os alunos s\u00e3o orientados na escolha das disciplinas visando uma forma\u00e7\u00e3o qualificada em conte\u00fados que ser\u00e3o importantes para seu tema de pesquisa. O Plano de estudos e o projeto de pesquisa dos discentes s\u00e3o apresentados e defendidos em semin\u00e1rio do PPGMACSA e passam por avalia\u00e7\u00e3o e aprova\u00e7\u00e3o de todo o corpo docente e discente do programa.<\/p>\n<p style=\"text-align: justify;\"><strong>LABORAT\u00d3RIOS<\/strong><\/p>\n<p style=\"text-align: justify;\">Os seguintes laborat\u00f3rios d\u00e3o suporte ao PPGMACSA: 1) Laborat\u00f3rio de F\u00edsica e Mec\u00e2nica do Solo e de Rela\u00e7\u00e3o Solo-\u00c1gua-Planta-Atmosfera (77,0 m\u00b2): laborat\u00f3rio com equipamentos e materiais para an\u00e1lises f\u00edsico-h\u00eddricas e mec\u00e2nicas do solo situado no Departamento de Solos\/FAEM\/UFPel, contendo: Computadores; Agitador horizontal; Agitador tipo Stirrer; Agitador vertical tipo Yoder; Balan\u00e7as; Compressor; Consolid\u00f4metro autom\u00e1tico; Destilador; Estufa; Mesa de tens\u00e3o; Panela de Richards; WP4; Sensores Watermark com datalogger; Penetr\u00f4metro manual; Penetr\u00f4metro eletr\u00f4nico de bancada; Tensi\u00f4metros; Simuladores de chuva; Bomba de v\u00e1cuo; Perme\u00e2metro de Guelph; Perme\u00e2metro de Tens\u00e3o; C\u00e2mara de Scholander; Medidor de fotoss\u00edntese; Medidores de pH e de Condutividade El\u00e9trica; Microsc\u00f3pios, Lupas e Autoclave. 2) Laborat\u00f3rios de Qu\u00edmica e Fertilidade do Solo (85,0 m\u00b2) e Nutri\u00e7\u00e3o e Aduba\u00e7\u00e3o de Plantas (45,0 m\u00b2): laborat\u00f3rio com equipamentos e materiais para an\u00e1lises qu\u00edmicas de solo, de plantas e de res\u00edduos org\u00e2nicos, localizado no Departamento de Solos\/FAEM\/UFPel, contendo: Balan\u00e7as; Condutiv\u00edmetro; Estufas; pHmetro; Fot\u00f4metro de chama; Espectrofot\u00f4metro UV\/VIS; Fot\u00f4metro de Chama com compressor; Espectrofot\u00f4metro de absor\u00e7\u00e3o at\u00f4mica. 3) Laborat\u00f3rio de G\u00eanese, Morfologia e Classifica\u00e7\u00e3o de Solos (95,0 m\u00b2): laborat\u00f3rio utilizado para a realiza\u00e7\u00e3o de todas as an\u00e1lises envolvidas na classifica\u00e7\u00e3o de solos, situado no Departamento de Solos\/FAEM\/UFPel. 4) Laborat\u00f3rio de Microbiologia do Solo (30 m2): laborat\u00f3rio utilizado para an\u00e1lises microbiol\u00f3gicas do solo, situado no Departamento de Solos\/FAEM\/UFPel contendo: Autoclave, capela de fluxo, destilador de nitrog\u00eanio, dentre outros equipamentos. &#8211; Laborat\u00f3rio de Geotecnologia (43,7 m<sup>2<\/sup>): laborat\u00f3rio utilizado para levantamentos topogr\u00e1ficos, sensoriamento remoto e geoprocessamento situado no Departamento de Engenharia Rural\/FAEM\/UFPel, contendo: Computadores; Receptores GPS\/Glonas geod\u00e9sico L1 L2; Receptor GPS L1; Receptor GPS de navega\u00e7\u00e3o; Esta\u00e7\u00f5es totais; N\u00edvel a laser e de luneta; Softwares para topografia, sensoriamento remoto e geoprocessamento e um Scanner de grande porte (adquirido pelo Pr\u00f3-equipamentos 2014). &#8211; Laborat\u00f3rio de Hidr\u00e1ulica (50,4 m\u00b2): laborat\u00f3rio utilizado para estudos hidr\u00e1ulicos e hidrol\u00f3gicos situado no Departamento de Engenharia Rural\/FAEM\/UFPel, contendo: Computadores; Medidores de vaz\u00e3o do tipo calha Parshall e WSC; Micromolinete fluviom\u00e9trico; Molinete fluviom\u00e9trico com haste a vau de 3 metros; Bote infl\u00e1vel com motor de polpa; Ecobat\u00edmetro; Coletor de sedimentos; Man\u00f4metros de precis\u00e3o; Bombas hidr\u00e1ulicas; Pluvi\u00f4metros; Estufa; Balan\u00e7a; Sensores para medi\u00e7\u00e3o da tens\u00e3o de \u00e1gua no solo; Dataloggers;Tensi\u00f4metros; Medidor ultra-s\u00f4nico de vaz\u00e3o; Transmissor de n\u00edvel ultra-s\u00f4nico; Conjuntos de medidores de infiltra\u00e7\u00e3o; Esta\u00e7\u00e3o Meteorol\u00f3gica Autom\u00e1tica; Sonda TDR com receptor GPS;\u00a0 Equipamento Hyprop para elabora\u00e7\u00e3o da curva de reten\u00e7\u00e3o de \u00e1gua no solo (Edital CAPES\/2013-Pr\u00f3-Equipamentos); Medidores magn\u00e9ticos de vaz\u00e3o (Edital CAPES\/2013- Pr\u00f3-Equipamentos) Bancada horizontal de Reynolds (adquirido pelo Pr\u00f3-equipamentos 2014);\u00a0 &#8211; Laborat\u00f3rio de Hidrologia e Recursos H\u00eddricos (12,0 m\u00b2): laborat\u00f3rio com equipamentos para monitoramento hidrol\u00f3gico, situado na Faculdade de Engenharia Agr\u00edcola\/Centro de Engenharias\/UFPel, contendo: Computadores; Impressoras e scanner; infra-estrutura de monitoramento hidrometeorol\u00f3gico; Esta\u00e7\u00f5es fluviom\u00e9tricas nos arroios Chasqueiro e Chasqueirinho; Lin\u00edgrafos autom\u00e1ticos; R\u00e9guas linim\u00e9tricas; Esta\u00e7\u00e3o climatol\u00f3gica. &#8211; Laborat\u00f3rio de \u00c1guas e Efluentes (20 m\u00b2): laborat\u00f3rio com equipamentos e materiais para avalia\u00e7\u00f5es de \u00e1guas e efluentes l\u00edquidos, situado na Ag\u00eancia da Lagoa Mirim\/UFPel, contendo: autoclave para tratamento t\u00e9rmico; balan\u00e7a anal\u00edtica, balan\u00e7a mec\u00e2nica, balan\u00e7a mec\u00e2nica de precis\u00e3o e balan\u00e7a eletr\u00f4nica; banho-maria el\u00e9trico; compressores de ar; centr\u00edfuga de tubos; destilador de prote\u00edna; destilador de \u00e1gua; digestor Dry; block evapora\u00e7\u00e3o e an\u00e1lise de DQO; espectrofot\u00f4metro; estufas de secagem; estufa bacteriol\u00f3gica; extratores de \u00f3leos e graxas DQO; estufa incubadora; fornos mufla; fot\u00f4metro de chama; ox\u00edmetro de bancada. &#8211; Laborat\u00f3rio de Tomografia Computadorizada (30 m\u00b2): laborat\u00f3rio com equipamentos para determina\u00e7\u00e3o da densidade do solo e umidade, milimetricamente, por meio do uso de fonte radioativa Amer\u00edcio-Ber\u00edlio, situado no Departamento de Solos\/FAEM\/UFPel, contendo: computadores; impressora; estufa; balan\u00e7a; cadeia nuclear com fonte radioativa.<\/p>\n<p><strong>CONTATO:<\/strong><\/p>\n<p>E-mail: ppgmacsa@ufpel.edu.br\/Fone e WhatsApp:(53)32757267<\/p>\n","protected":false},"excerpt":{"rendered":"<p>COORDENADORA Profa. Dra. Maria C\u00e2ndida M. Nunes COORDENADOR\u00a0 ADJUNTO Prof\u00aa. Dr\u00aa. Lizete Stumpf SECRET\u00c1RIA MSc. Josiele Garcia Dutra APRESENTA\u00c7\u00c3O O Programa de P\u00f3s-Gradua\u00e7\u00e3o em Manejo e Conserva\u00e7\u00e3o do Solo e da \u00c1gua (PPGMACSA) come\u00e7ou suas atividades em 31 de mar\u00e7o de 2011, a partir do desmembramento da \u00e1rea de Solos do PPG Agronomia (PPGA) da &hellip; <\/p>\n<p><a class=\"more-link btn\" href=\"https:\/\/wp.ufpel.edu.br\/ppgmacsa\/administracao\/\">Continue lendo<\/a><\/p>\n","protected":false},"author":108,"featured_media":0,"parent":0,"menu_order":1,"comment_status":"closed","ping_status":"closed","template":"","meta":{"jetpack_post_was_ever_published":false,"footnotes":""},"class_list":["post-1000","page","type-page","status-publish","hentry","nodate","item-wrap"],"jetpack_shortlink":"https:\/\/wp.me\/Pa3t0X-g8","jetpack_sharing_enabled":true,"_links":{"self":[{"href":"https:\/\/wp.ufpel.edu.br\/ppgmacsa\/wp-json\/wp\/v2\/pages\/1000","targetHints":{"allow":["GET"]}}],"collection":[{"href":"https:\/\/wp.ufpel.edu.br\/ppgmacsa\/wp-json\/wp\/v2\/pages"}],"about":[{"href":"https:\/\/wp.ufpel.edu.br\/ppgmacsa\/wp-json\/wp\/v2\/types\/page"}],"author":[{"embeddable":true,"href":"https:\/\/wp.ufpel.edu.br\/ppgmacsa\/wp-json\/wp\/v2\/users\/108"}],"replies":[{"embeddable":true,"href":"https:\/\/wp.ufpel.edu.br\/ppgmacsa\/wp-json\/wp\/v2\/comments?post=1000"}],"version-history":[{"count":23,"href":"https:\/\/wp.ufpel.edu.br\/ppgmacsa\/wp-json\/wp\/v2\/pages\/1000\/revisions"}],"predecessor-version":[{"id":1497,"href":"https:\/\/wp.ufpel.edu.br\/ppgmacsa\/wp-json\/wp\/v2\/pages\/1000\/revisions\/1497"}],"wp:attachment":[{"href":"https:\/\/wp.ufpel.edu.br\/ppgmacsa\/wp-json\/wp\/v2\/media?parent=1000"}],"curies":[{"name":"wp","href":"https:\/\/api.w.org\/{rel}","templated":true}]}}