{"id":87,"date":"2013-04-07T23:01:47","date_gmt":"2013-04-08T02:01:47","guid":{"rendered":"https:\/\/wp.ufpel.edu.br\/ppgl\/?page_id=87"},"modified":"2025-02-23T16:39:14","modified_gmt":"2025-02-23T19:39:14","slug":"contato","status":"publish","type":"page","link":"https:\/\/wp.ufpel.edu.br\/ppgl\/contato\/","title":{"rendered":"Contato"},"content":{"rendered":"<div>\n<div align=\"justify\">\n<p>Programa de P\u00f3s-Gradua\u00e7\u00e3o em Letras<\/p>\n<p>Universidade Federal de Pelotas &#8211; Campus Porto<br \/>\nPr\u00e9dio B &#8211; Centro de Letras e Comunica\u00e7\u00e3o\/CLC &#8211; andar t\u00e9rreo, sala 101<br \/>\nRua Gomes Carneiro, 1 \u2013 Centro<br \/>\nCEP 96010-610 \u2013 Pelotas, RS<\/p>\n<p>Fone: (53)\u00a032843812<br \/>\nE-mail: ppgl.ufpel@gmail.com<\/p>\n<p>&nbsp;<\/p>\n<article><\/article>\n<article><\/article>\n<article><\/article>\n<article><\/article>\n<h3>Links \u00fateis:<\/h3>\n<h3><a title=\"Universidade Federal de Pelotas\" href=\"http:\/\/portal.ufpel.edu.br\" target=\"_blank\" rel=\"noopener\">Universidade Federal de Pelotas (UFPel)<\/a><\/h3>\n<h3><a title=\"Centro de Letras e Comunica\u00e7\u00e3o\" href=\"https:\/\/wp.ufpel.edu.br\/clc\" target=\"_blank\" rel=\"noopener\">Centro de Letras e Comunica\u00e7\u00e3o (CLC\/UFPel)<\/a><\/h3>\n<h3><\/h3>\n<\/div>\n<\/div>\n","protected":false},"excerpt":{"rendered":"<p>Programa de P\u00f3s-Gradua\u00e7\u00e3o em Letras Universidade Federal de Pelotas &#8211; Campus Porto Pr\u00e9dio B &#8211; Centro de Letras e Comunica\u00e7\u00e3o\/CLC &#8211; andar t\u00e9rreo, sala 101 Rua Gomes Carneiro, 1 \u2013 Centro CEP 96010-610 \u2013 Pelotas, RS Fone: (53)\u00a032843812 E-mail: ppgl.ufpel@gmail.com &nbsp; Links \u00fateis: Universidade Federal de Pelotas (UFPel) Centro de Letras e Comunica\u00e7\u00e3o (CLC\/UFPel)<\/p>\n","protected":false},"author":253,"featured_media":0,"parent":0,"menu_order":200,"comment_status":"closed","ping_status":"closed","template":"","meta":{"jetpack_post_was_ever_published":false,"footnotes":""},"class_list":["post-87","page","type-page","status-publish","hentry"],"jetpack_sharing_enabled":true,"jetpack_shortlink":"https:\/\/wp.me\/P8vD3Q-1p","_links":{"self":[{"href":"https:\/\/wp.ufpel.edu.br\/ppgl\/wp-json\/wp\/v2\/pages\/87","targetHints":{"allow":["GET"]}}],"collection":[{"href":"https:\/\/wp.ufpel.edu.br\/ppgl\/wp-json\/wp\/v2\/pages"}],"about":[{"href":"https:\/\/wp.ufpel.edu.br\/ppgl\/wp-json\/wp\/v2\/types\/page"}],"author":[{"embeddable":true,"href":"https:\/\/wp.ufpel.edu.br\/ppgl\/wp-json\/wp\/v2\/users\/253"}],"replies":[{"embeddable":true,"href":"https:\/\/wp.ufpel.edu.br\/ppgl\/wp-json\/wp\/v2\/comments?post=87"}],"version-history":[{"count":6,"href":"https:\/\/wp.ufpel.edu.br\/ppgl\/wp-json\/wp\/v2\/pages\/87\/revisions"}],"predecessor-version":[{"id":6556,"href":"https:\/\/wp.ufpel.edu.br\/ppgl\/wp-json\/wp\/v2\/pages\/87\/revisions\/6556"}],"wp:attachment":[{"href":"https:\/\/wp.ufpel.edu.br\/ppgl\/wp-json\/wp\/v2\/media?parent=87"}],"curies":[{"name":"wp","href":"https:\/\/api.w.org\/{rel}","templated":true}]}}