{"id":7470,"date":"2025-02-24T13:56:14","date_gmt":"2025-02-24T16:56:14","guid":{"rendered":"https:\/\/wp.ufpel.edu.br\/ppgl\/?page_id=7470"},"modified":"2025-02-25T12:19:39","modified_gmt":"2025-02-25T15:19:39","slug":"2024-2","status":"publish","type":"page","link":"https:\/\/wp.ufpel.edu.br\/ppgl\/trabalhos-defendidos\/teses\/2024-2\/","title":{"rendered":"2024"},"content":{"rendered":"<p>Aline Rosinski Vieira<\/p>\n<p>A lateral p\u00f3s-voc\u00e1lica do portugu\u00eas brasileiro em comunidades de falantes de l\u00edngua de imigra\u00e7\u00e3o polonesa no RS e no PR<\/p>\n<p>Orientadora: Prof.\u00aa Dr.\u00aa Giovana Ferreira<\/p>\n<p>URL:<\/p>\n<p>&nbsp;<\/p>\n<p><b>ANDR\u00c9 RODRIGUES DA SILVA<\/b><\/p>\n<p>A tr\u00edade pronominal na obra <i>O Estrangeiro<\/i>, de Albert Camus: uma intersec\u00e7\u00e3o entre os estudos da linguagem, filosofia e literatura<\/p>\n<p>Orientadora: Daiane Neumann<\/p>\n<p>URL:<\/p>\n<p>&nbsp;<\/p>\n<p><b>ANTONELLA ROMINA SAVIA VIDALES<\/b><\/p>\n<p>O ritmo feminino do poema Storni: uma proposta de tradu\u00e7\u00e3o de poemas selecionados \u00e0 luz da po\u00e9tica do traduzir<\/p>\n<p>Orientadora: Daiane Neumann<\/p>\n<p>URL:<\/p>\n<p>&nbsp;<\/p>\n<p><b>CAMILA PILOTTO FIGUEIREDO<\/b><\/p>\n<p>Entre leis cient\u00edficas e princ\u00edpios filos\u00f3ficos: uma leitura do <i>Curso de Lingu\u00edstica Geral<\/i><\/p>\n<p>Orientadora: Daiane Neumann<\/p>\n<p>URL:<\/p>\n<p>&nbsp;<\/p>\n<p><b>EDUARDO SOARES DA CUNHA<\/b><\/p>\n<p>A VALORA\u00c7\u00c3O DA MORTE DE TRAVESTIS E TRANSEXUAIS NO PORTAL DE NOT\u00cdCIAS G1 PELO OLHAR DA AN\u00c1LISE DIAL\u00d3GICA DO DISCURSO<\/p>\n<p>Orientadora: Karina Giacomelli<\/p>\n<p>URL:<\/p>\n<p>&nbsp;<\/p>\n<p><b>JEHNIFER PENNING DA ROSA<\/b><\/p>\n<p><b><i>(Re)Aprender a rezar na era da t\u00e9cnica<\/i><\/b>: experi\u00eancia e aura nos romances da tetralogia O Reino, de Gon\u00e7alo M. Tavares<\/p>\n<p>Orientadora: Prof\u00aa. Dr\u00aa. Claudia Lorena Vouto da Fonseca<\/p>\n<p>URL:<\/p>\n<p>&nbsp;<\/p>\n<p>Laura Silva de Souza<\/p>\n<p>Um edif\u00edcio entre o Inferno e o Para\u00edso: Uma an\u00e1lise comparativa entre <i>O Nome da Rosa<\/i> e a <i>Divina Com\u00e9dia<\/i><\/p>\n<p>Orientador: Prof. Dr. Helano Ribeiro<\/p>\n<p>URL:<\/p>\n<p>&nbsp;<\/p>\n<p>Loren Cristine Ferreira Cuadros<\/p>\n<p>POR UMA CI\u00caNCIA BENJAMINIANA DA LITERATURA: ARQUEOLOGIA DA IMAGEM LITER\u00c1RIA DO CASTELO EM TERESA DE \u00c1VILA, HERMAN\u00a0MELVILLE E FRANZ KAFKA<\/p>\n<p>Orientador: Prof. Dr. Helano Ribeiro<\/p>\n<p>URL:<\/p>\n<p>&nbsp;<\/p>\n<p>Mariane Pereira Rocha<\/p>\n<p>\u201cE como n\u00e3o h\u00e1 foto alguma desse encontro, re\u00fano-os aqui\u201d: fotografia e cinema nas po\u00e9ticas de\u00a0Leila Danziger e Mar\u00edlia Garcia<\/p>\n<p>Orientador: Aulus Mandagar\u00e1 Martins<\/p>\n<p>URL:<\/p>\n<p>&nbsp;<\/p>\n<p><b>PETERSON LIMA SCHIMULFENING<\/b><\/p>\n<p>O impacto do Decreto 5626, artigo 13, nas institui\u00e7\u00f5es p\u00fablicas de ensino superior do Rio Grande do Sul: uma an\u00e1lise sobre a promo\u00e7\u00e3o e prote\u00e7\u00e3o dos direitos lingu\u00edsticos dos surdos no \u00e2mbito educacional<\/p>\n<p>Orientadora: Prof.\u00aa Dr.\u00aa Tatiana Bolivar Lebedeff<\/p>\n<p>URL:<\/p>\n<p>&nbsp;<\/p>\n<p>Renata Ribeiro Munhoz<\/p>\n<p>O ENSINO DA LITERATURA MO\u00c7AMBICANA NO BRASIL: a necessidade de reavalia\u00e7\u00e3o\u00a0da teoria<\/p>\n<p>Orientador: Prof. Dr. Alfeu Sparemberger<\/p>\n<p>URL:<\/p>\n<p>&nbsp;<\/p>\n<p>Santiago Bretanha Freitas<\/p>\n<p>Notas sobre epistemologia em An\u00e1lise do Discurso<\/p>\n<p>Orientadora: Profa. Dra. Aracy Gra\u00e7a Ernst<\/p>\n<p>URL:<\/p>\n<p>&nbsp;<\/p>\n<p>Thais de Almeida Rochefort<\/p>\n<p>EAD NO ENSINO SUPERIOR: A CONSTRU\u00c7\u00c3O DE IDENTIDADES DOCENTES<\/p>\n<p>Orientadora: Profa. Dra. Let\u00edcia Fonseca Richthofen de Freitas<\/p>\n<p>URL:<\/p>\n<p>&nbsp;<\/p>\n<p>Virg\u00ednia Barbosa Lucena Caetano<\/p>\n<p>#gordofobiamedica: uma an\u00e1lise discursiva de sentidos em disputa sobre ser gordo<\/p>\n<p>Orientadora: Luciana Iost Vinhas<\/p>\n<p>URL:<\/p>\n<p>&nbsp;<\/p>\n<p>&nbsp;<\/p>\n","protected":false},"excerpt":{"rendered":"<p>Aline Rosinski Vieira A lateral p\u00f3s-voc\u00e1lica do portugu\u00eas brasileiro em comunidades de falantes de l\u00edngua de imigra\u00e7\u00e3o polonesa no RS e no PR Orientadora: Prof.\u00aa Dr.\u00aa Giovana Ferreira URL: &nbsp; ANDR\u00c9 RODRIGUES DA SILVA A tr\u00edade pronominal na obra O Estrangeiro, de Albert Camus: uma intersec\u00e7\u00e3o entre os estudos da linguagem, filosofia e literatura Orientadora: [&hellip;]<\/p>\n","protected":false},"author":253,"featured_media":0,"parent":3090,"menu_order":0,"comment_status":"closed","ping_status":"closed","template":"","meta":{"jetpack_post_was_ever_published":false,"footnotes":""},"class_list":["post-7470","page","type-page","status-publish","hentry"],"jetpack_sharing_enabled":true,"jetpack_shortlink":"https:\/\/wp.me\/P8vD3Q-1Wu","_links":{"self":[{"href":"https:\/\/wp.ufpel.edu.br\/ppgl\/wp-json\/wp\/v2\/pages\/7470","targetHints":{"allow":["GET"]}}],"collection":[{"href":"https:\/\/wp.ufpel.edu.br\/ppgl\/wp-json\/wp\/v2\/pages"}],"about":[{"href":"https:\/\/wp.ufpel.edu.br\/ppgl\/wp-json\/wp\/v2\/types\/page"}],"author":[{"embeddable":true,"href":"https:\/\/wp.ufpel.edu.br\/ppgl\/wp-json\/wp\/v2\/users\/253"}],"replies":[{"embeddable":true,"href":"https:\/\/wp.ufpel.edu.br\/ppgl\/wp-json\/wp\/v2\/comments?post=7470"}],"version-history":[{"count":3,"href":"https:\/\/wp.ufpel.edu.br\/ppgl\/wp-json\/wp\/v2\/pages\/7470\/revisions"}],"predecessor-version":[{"id":7491,"href":"https:\/\/wp.ufpel.edu.br\/ppgl\/wp-json\/wp\/v2\/pages\/7470\/revisions\/7491"}],"up":[{"embeddable":true,"href":"https:\/\/wp.ufpel.edu.br\/ppgl\/wp-json\/wp\/v2\/pages\/3090"}],"wp:attachment":[{"href":"https:\/\/wp.ufpel.edu.br\/ppgl\/wp-json\/wp\/v2\/media?parent=7470"}],"curies":[{"name":"wp","href":"https:\/\/api.w.org\/{rel}","templated":true}]}}