{"id":7467,"date":"2025-02-24T13:55:49","date_gmt":"2025-02-24T16:55:49","guid":{"rendered":"https:\/\/wp.ufpel.edu.br\/ppgl\/?page_id=7467"},"modified":"2025-12-23T16:31:27","modified_gmt":"2025-12-23T19:31:27","slug":"2023-2","status":"publish","type":"page","link":"https:\/\/wp.ufpel.edu.br\/ppgl\/trabalhos-defendidos\/teses\/2023-2\/","title":{"rendered":"2023"},"content":{"rendered":"<p>Alexandre Bet<\/p>\n<p>An\u00e1lise das normatiza\u00e7\u00f5es que orientam os v\u00eddeo-registros de g\u00eanero acad\u00eamico em L\u00edngua Brasileira de\u00a0Sinais<\/p>\n<p>Orientadora: Tatiana Bolivar Lebedeff<\/p>\n<p>URL: https:\/\/guaiaca.ufpel.edu.br\/handle\/prefix\/14457<\/p>\n<p>&nbsp;<\/p>\n<p>C\u00e9lia Cristina Gautier Maria Xavier<\/p>\n<p>\u201cO GOOGLE Classroom como ferramenta de ensino de l\u00edngua espanhola no ensino h\u00edbrido da EJA de uma escola de Cap\u00e3o do Le\u00e3o: uma an\u00e1lise a partir dos princ\u00edpios de usabilidade.\u201d<\/p>\n<p>Orientador: Vilson Jos\u00e9 Leffa<\/p>\n<p>URL: https:\/\/guaiaca.ufpel.edu.br\/handle\/prefix\/15139<\/p>\n<p>&nbsp;<\/p>\n<p>Eug\u00eania Adamy Basso<\/p>\n<p>Quando <i>ignor\u00e2ncia \u00e9 for\u00e7a<\/i>: \u00e9tica e o vazio da experi\u00eancia humana em distopias dos s\u00e9culos XX e XXI<\/p>\n<p>Orientador: Prof. Dr. Eduardo Marks de Marques<\/p>\n<p>URL: https:\/\/guaiaca.ufpel.edu.br\/handle\/prefix\/14366?show=full<\/p>\n<p>&nbsp;<\/p>\n<p>Graciele Urrutia Dias Silveira<\/p>\n<p>#Eleitas: Viol\u00eancia simb\u00f3lica de g\u00eanero e resist\u00eancia em publica\u00e7\u00f5es da p\u00e1gina Quebrando o Tabu sobre a\u00a0participa\u00e7\u00e3o feminina na pol\u00edtica<\/p>\n<p>Orientadora: Raquel da Cunha Recuero<\/p>\n<p>URL: https:\/\/guaiaca.ufpel.edu.br\/handle\/prefix\/14460<\/p>\n<p>&nbsp;<\/p>\n<p>Helena dos Santos Kieling<\/p>\n<p>Educa\u00e7\u00e3o lingu\u00edstica na inf\u00e2ncia: uma abordagem de ensino de L\u00ednguas Adicionais com crian\u00e7as e Metodologias Ativas sob a perspectiva Ecol\u00f3gica<\/p>\n<p>Orientador: Prof. Dr. Rafael Vetromille-Castro<\/p>\n<p>URL: https:\/\/repositorio.ufpel.edu.br\/handle\/prefix\/14461<\/p>\n<p>&nbsp;<\/p>\n<p>Maicon Farias Vieira<\/p>\n<p>Narrativas de N\u00e8g: ecos de temas-encruzilhadas das vozes negras de migrantes docentes e de uma negro<br \/>\nlingu\u00edstica aplicada<\/p>\n<p>Orientadora: Profa. Dra. Let\u00edcia Fonseca Richthofen de Freitas<\/p>\n<p>URL: https:\/\/guaiaca.ufpel.edu.br\/handle\/prefix\/14463<\/p>\n<p>&nbsp;<\/p>\n<p>M\u00e1rcio Aur\u00e9lio Friedrich<\/p>\n<p>An\u00e1lise de Aceitabilidade de uma proposta de Sinais-termo para a \u00e1rea de Administra\u00e7\u00e3o<\/p>\n<p>Orientadora: Tatiana Bolivar Lebedeff<\/p>\n<p>URL: https:\/\/guaiaca.ufpel.edu.br\/handle\/prefix\/14372<\/p>\n<p>&nbsp;<\/p>\n<p>Marion Rodrigues Dariz<\/p>\n<p>Atividades Organizadoras de Ensino: uma proposta intervencionista de leitura e produ\u00e7\u00e3o\u00a0de g\u00eaneros textuais \u00e0 luz dos pressupostos da Teoria Hist\u00f3rico-Cultural da Atividade e da Semi\u00f3tica\u00a0Discursiva.<\/p>\n<p>Orientador: Vilson Jos\u00e9 Leffa<\/p>\n<p>URL: https:\/\/guaiaca.ufpel.edu.br\/handle\/prefix\/17235<\/p>\n<p>&nbsp;<\/p>\n<p>Mirella Moraes de Borba<\/p>\n<p>Mulheres oper\u00e1rias em discurso: discursividade e mem\u00f3ria sobre f\u00e1brica e trabalho nos<br \/>\ntestemunhos<\/p>\n<p>Orientadora: Karina Giacomelli<\/p>\n<p>URL: https:\/\/guaiaca.ufpel.edu.br\/bitstream\/handle\/prefix\/14429\/TESE_MIRELLA%20MORAES%20DE%20BORBA.pdf?sequence=1&amp;isAllowed=y<\/p>\n","protected":false},"excerpt":{"rendered":"<p>Alexandre Bet An\u00e1lise das normatiza\u00e7\u00f5es que orientam os v\u00eddeo-registros de g\u00eanero acad\u00eamico em L\u00edngua Brasileira de\u00a0Sinais Orientadora: Tatiana Bolivar Lebedeff URL: https:\/\/guaiaca.ufpel.edu.br\/handle\/prefix\/14457 &nbsp; C\u00e9lia Cristina Gautier Maria Xavier \u201cO GOOGLE Classroom como ferramenta de ensino de l\u00edngua espanhola no ensino h\u00edbrido da EJA de uma escola de Cap\u00e3o do Le\u00e3o: uma an\u00e1lise a partir dos [&hellip;]<\/p>\n","protected":false},"author":253,"featured_media":0,"parent":3090,"menu_order":0,"comment_status":"closed","ping_status":"closed","template":"","meta":{"jetpack_post_was_ever_published":false,"footnotes":""},"class_list":["post-7467","page","type-page","status-publish","hentry"],"jetpack_sharing_enabled":true,"jetpack_shortlink":"https:\/\/wp.me\/P8vD3Q-1Wr","_links":{"self":[{"href":"https:\/\/wp.ufpel.edu.br\/ppgl\/wp-json\/wp\/v2\/pages\/7467","targetHints":{"allow":["GET"]}}],"collection":[{"href":"https:\/\/wp.ufpel.edu.br\/ppgl\/wp-json\/wp\/v2\/pages"}],"about":[{"href":"https:\/\/wp.ufpel.edu.br\/ppgl\/wp-json\/wp\/v2\/types\/page"}],"author":[{"embeddable":true,"href":"https:\/\/wp.ufpel.edu.br\/ppgl\/wp-json\/wp\/v2\/users\/253"}],"replies":[{"embeddable":true,"href":"https:\/\/wp.ufpel.edu.br\/ppgl\/wp-json\/wp\/v2\/comments?post=7467"}],"version-history":[{"count":3,"href":"https:\/\/wp.ufpel.edu.br\/ppgl\/wp-json\/wp\/v2\/pages\/7467\/revisions"}],"predecessor-version":[{"id":8098,"href":"https:\/\/wp.ufpel.edu.br\/ppgl\/wp-json\/wp\/v2\/pages\/7467\/revisions\/8098"}],"up":[{"embeddable":true,"href":"https:\/\/wp.ufpel.edu.br\/ppgl\/wp-json\/wp\/v2\/pages\/3090"}],"wp:attachment":[{"href":"https:\/\/wp.ufpel.edu.br\/ppgl\/wp-json\/wp\/v2\/media?parent=7467"}],"curies":[{"name":"wp","href":"https:\/\/api.w.org\/{rel}","templated":true}]}}