{"id":4440,"date":"2020-03-24T15:30:29","date_gmt":"2020-03-24T18:30:29","guid":{"rendered":"https:\/\/wp.ufpel.edu.br\/ppgl\/?page_id=4440"},"modified":"2020-03-24T15:30:29","modified_gmt":"2020-03-24T18:30:29","slug":"texte-discours-et-relations-sociales","status":"publish","type":"page","link":"https:\/\/wp.ufpel.edu.br\/ppgl\/fr\/domaine\/langage-texte-et-image\/texte-discours-et-relations-sociales\/","title":{"rendered":"Texte, discours et relations sociales"},"content":{"rendered":"<p><strong>Adail Sobral<\/strong> <a href=\"mailto:adail.sobral@gmail.com\">adail.sobral@gmail.com<\/a><\/p>\n<p>Ligne : Texte, discours et relations sociales<\/p>\n<p>Domaines d\u2019int\u00e9r\u00eat : discursivit\u00e9s, production de sens, dialogisme, enseignement des langues, variation linguistique, traduction, transculturalit\u00e9.<\/p>\n<p>Projets en cours: Pour une p\u00e9dagogie dialogique &#8220;Glocal&#8221;: les Genres de Discours \u00e0 l\u2019\u00c9cole primaire et Strat\u00e9gies pour s\u2019adresser \u00e0 des interlocuteurs typiques sur les sites les pages web.<\/p>\n<p>&nbsp;<\/p>\n<p><a href=\"http:\/\/lattes.cnpq.br\/0397923948069690\">CV Lattes<\/a><\/p>\n<p>&nbsp;<\/p>\n<p>&nbsp;<\/p>\n<p><strong>Aracy Gra\u00e7a Ernst<\/strong> <a href=\"https:\/\/wp.ufpel.edu.br\/ppgl\/docentes\/texto-discurso-e-relacoes-sociais\/aracyep@gmail.com\">aracyep@gmail.com<\/a><\/p>\n<p>Ligne: Texte, discours et relations sociales<\/p>\n<p>Domaines d\u2019int\u00e9r\u00eat: discours proverbial, rescriptures de contes de f\u00e9es, corps et subjectivit\u00e9, id\u00e9ologie et enseignement, politique et id\u00e9ologie, politique et m\u00e9dias.<\/p>\n<p>Projet en cours : Lecture de la production dans de diff\u00e9rentes mat\u00e9rialit\u00e9s.<\/p>\n<p>&nbsp;<\/p>\n<p><a href=\"http:\/\/lattes.cnpq.br\/0111697525286894\">CV Lattes<\/a><\/p>\n<p>&nbsp;<\/p>\n<p>&nbsp;<\/p>\n<p><strong>Cleide In\u00eas Wittke<\/strong> <a href=\"mailto:cleideinesw@yahoo.com.br\">cleideinesw@yahoo.com.br<\/a><\/p>\n<p>Ligne: Texte, discours et relations sociales<\/p>\n<p>Domaines d\u2019int\u00e9r\u00eat: enseignement de la langue maternelle, Cadre Curriculaire National (PCNs), discours et grammaire, texte, sens, genres textuels, formation des enseignants.<\/p>\n<p>Projets en cours : le texte\/genre textuel comme objet d\u2019\u00e9tude dans l\u2019enseignement des langues : strat\u00e9gies pour d\u00e9velopper la capacit\u00e9 de lecture et leurs effets sur l\u2019expression \u00e9crite.<\/p>\n<p>&nbsp;<\/p>\n<p><a href=\"http:\/\/lattes.cnpq.br\/9271700127440992\">CV Lattes<\/a><\/p>\n<p>&nbsp;<\/p>\n<p>&nbsp;<\/p>\n<p><strong>Daiane Neumann<\/strong> <a href=\"mailto:daiane_neumann@hotmail.com\">daiane_neumann@hotmail.com<\/a> <a href=\"mailto:daiane_neumann@hotmail.com\"><br \/>\n<\/a><\/p>\n<p>Ligne: Texte, discours et relations sociales<\/p>\n<p>Domaines d\u2019int\u00e9r\u00eat: La po\u00e9tique de H. Meschonnic; l\u2019\u0153uvre d\u2019\u00c9. Benveniste; la linguistique saussurienne; \u202fla relation entre la langue et la litt\u00e9rature; le rythme et la voix dans les textes litt\u00e9raires; Traduction.<\/p>\n<p>Projets en cours : Le processus de cr\u00e9ation d\u2019importance dans le discours; La po\u00e9tique de la voix : questions de traduction et Retour \u00e0 Saussure : relectures.<\/p>\n<p>&nbsp;<\/p>\n<p><a href=\"http:\/\/lattes.cnpq.br\/9399552968699184\">CV Lattes<\/a><\/p>\n<p>&nbsp;<\/p>\n<p>&nbsp;<\/p>\n<p><strong>Karina Giacomelli<\/strong>\u00a0 <a href=\"mailto:karina.giacomelli@gmail.com\">karina.giacomelli@gmail.com<\/a><\/p>\n<p>Ligne: Texte, discours et relations sociales<\/p>\n<p>Domaines d\u2019int\u00e9r\u00eat: \u00e9nonciation, discours, enseignement, livre didactique et Programme Institutionnel de Bourses d\u2019Initiation \u00e0 l\u2019Enseignement (PIBID).<\/p>\n<p>Projet en cours : La caract\u00e9risation de la langue chez Bakhtin et Voloshinov.<\/p>\n<p>&nbsp;<\/p>\n<p><a href=\"http:\/\/lattes.cnpq.br\/0288454660583513\">CV Lattes<\/a><\/p>\n<p>&nbsp;<\/p>\n<p>&nbsp;<\/p>\n<p><strong>Luciana Iost Vinhas<\/strong> <a href=\"mailto:lucianavinhas@gmail.com\">lucianavinhas@gmail.com<\/a><\/p>\n<p>Ligne: Texte, discours et relations sociales<\/p>\n<p>Domaines d\u2019int\u00e9r\u00eat: Analyse du discours dans la tradition des \u00e9tudes d\u00e9velopp\u00e9es par Michel P\u00eacheux et Eni Orlandi. Discours et r\u00e9sistance; discours politique; les relations entre le corps, le discours et la subjectivit\u00e9; discours et voix.<\/p>\n<p>Projets en cours : L\u2019ordinaire du sens et de la r\u00e9sistence (recherche); Diminution de la peine \u00e0 travers la pratique de la lecture \u00e0 la Prison R\u00e9gionale de Pelotas (projet pour la communaut\u00e9).<\/p>\n<p>&nbsp;<\/p>\n<p><a href=\"http:\/\/lattes.cnpq.br\/2001548222755825\">CV Lattes<\/a><\/p>\n<p>&nbsp;<\/p>\n<p>&nbsp;<\/p>\n<p><strong>Raquel da Cunha Recuero<\/strong><a href=\"mailto:raquelrecuero@gmail.com\"> raquelrecuero@gmail.com<\/a><\/p>\n<p>Ligne: Texte, discours et relations sociales<\/p>\n<p>Domaines d\u2019int\u00e9r\u00eat: Communication et linguistique appliqu\u00e9e, r\u00e9seaux sociaux sur Internet, discours m\u00e9diatis\u00e9 par ordinateur et diffusion de l\u2019information sur Internet.<\/p>\n<p>Projet en cours : Violence, Discours et Jeux.<\/p>\n<p>&nbsp;<\/p>\n<p><a href=\"http:\/\/lattes.cnpq.br\/7230106202961229\">CV Lattes<\/a><\/p>\n<p>&nbsp;<\/p>\n","protected":false},"excerpt":{"rendered":"<p>Adail Sobral adail.sobral@gmail.com Ligne : Texte, discours et relations sociales Domaines d\u2019int\u00e9r\u00eat : discursivit\u00e9s, production de sens, dialogisme, enseignement des langues, variation linguistique, traduction, transculturalit\u00e9. Projets en cours: Pour une p\u00e9dagogie dialogique &#8220;Glocal&#8221;: les Genres de Discours \u00e0 l\u2019\u00c9cole primaire et Strat\u00e9gies pour s\u2019adresser \u00e0 des interlocuteurs typiques sur les sites les pages web. &nbsp; [&hellip;]<\/p>\n","protected":false},"author":253,"featured_media":0,"parent":4418,"menu_order":0,"comment_status":"closed","ping_status":"closed","template":"","meta":{"jetpack_post_was_ever_published":false,"footnotes":""},"class_list":["post-4440","page","type-page","status-publish","hentry"],"jetpack_sharing_enabled":true,"jetpack_shortlink":"https:\/\/wp.me\/P8vD3Q-19C","_links":{"self":[{"href":"https:\/\/wp.ufpel.edu.br\/ppgl\/wp-json\/wp\/v2\/pages\/4440","targetHints":{"allow":["GET"]}}],"collection":[{"href":"https:\/\/wp.ufpel.edu.br\/ppgl\/wp-json\/wp\/v2\/pages"}],"about":[{"href":"https:\/\/wp.ufpel.edu.br\/ppgl\/wp-json\/wp\/v2\/types\/page"}],"author":[{"embeddable":true,"href":"https:\/\/wp.ufpel.edu.br\/ppgl\/wp-json\/wp\/v2\/users\/253"}],"replies":[{"embeddable":true,"href":"https:\/\/wp.ufpel.edu.br\/ppgl\/wp-json\/wp\/v2\/comments?post=4440"}],"version-history":[{"count":1,"href":"https:\/\/wp.ufpel.edu.br\/ppgl\/wp-json\/wp\/v2\/pages\/4440\/revisions"}],"predecessor-version":[{"id":4442,"href":"https:\/\/wp.ufpel.edu.br\/ppgl\/wp-json\/wp\/v2\/pages\/4440\/revisions\/4442"}],"up":[{"embeddable":true,"href":"https:\/\/wp.ufpel.edu.br\/ppgl\/wp-json\/wp\/v2\/pages\/4418"}],"wp:attachment":[{"href":"https:\/\/wp.ufpel.edu.br\/ppgl\/wp-json\/wp\/v2\/media?parent=4440"}],"curies":[{"name":"wp","href":"https:\/\/api.w.org\/{rel}","templated":true}]}}

<p><strong>Adail Sobral</strong> <a href="mailto:adail.sobral@gmail.com">adail.sobral@gmail.com</a></p>
<p>Ligne : Texte, discours et relations sociales</p>
<p>Domaines d’intérêt : discursivités, production de sens, dialogisme, enseignement des langues, variation linguistique, traduction, transculturalité.</p>
<p>Projets en cours: Pour une pédagogie dialogique &#8220;Glocal&#8221;: les Genres de Discours à l’École primaire et Stratégies pour s’adresser à des interlocuteurs typiques sur les sites les pages web.</p>
<p>&nbsp;</p>
<p><a href="http://lattes.cnpq.br/0397923948069690">CV Lattes</a></p>
<p>&nbsp;</p>
<p>&nbsp;</p>
<p><strong>Aracy Graça Ernst</strong> <a href="https://wp.ufpel.edu.br/ppgl/docentes/texto-discurso-e-relacoes-sociais/aracyep@gmail.com">aracyep@gmail.com</a></p>
<p>Ligne: Texte, discours et relations sociales</p>
<p>Domaines d’intérêt: discours proverbial, rescriptures de contes de fées, corps et subjectivité, idéologie et enseignement, politique et idéologie, politique et médias.</p>
<p>Projet en cours : Lecture de la production dans de différentes matérialités.</p>
<p>&nbsp;</p>
<p><a href="http://lattes.cnpq.br/0111697525286894">CV Lattes</a></p>
<p>&nbsp;</p>
<p>&nbsp;</p>
<p><strong>Cleide Inês Wittke</strong> <a href="mailto:cleideinesw@yahoo.com.br">cleideinesw@yahoo.com.br</a></p>
<p>Ligne: Texte, discours et relations sociales</p>
<p>Domaines d’intérêt: enseignement de la langue maternelle, Cadre Curriculaire National (PCNs), discours et grammaire, texte, sens, genres textuels, formation des enseignants.</p>
<p>Projets en cours : le texte/genre textuel comme objet d’étude dans l’enseignement des langues : stratégies pour développer la capacité de lecture et leurs effets sur l’expression écrite.</p>
<p>&nbsp;</p>
<p><a href="http://lattes.cnpq.br/9271700127440992">CV Lattes</a></p>
<p>&nbsp;</p>
<p>&nbsp;</p>
<p><strong>Daiane Neumann</strong> <a href="mailto:daiane_neumann@hotmail.com">daiane_neumann@hotmail.com</a> <a href="mailto:daiane_neumann@hotmail.com"><br />
</a></p>
<p>Ligne: Texte, discours et relations sociales</p>
<p>Domaines d’intérêt: La poétique de H. Meschonnic; l’œuvre d’É. Benveniste; la linguistique saussurienne;  la relation entre la langue et la littérature; le rythme et la voix dans les textes littéraires; Traduction.</p>
<p>Projets en cours : Le processus de création d’importance dans le discours; La poétique de la voix : questions de traduction et Retour à Saussure : relectures.</p>
<p>&nbsp;</p>
<p><a href="http://lattes.cnpq.br/9399552968699184">CV Lattes</a></p>
<p>&nbsp;</p>
<p>&nbsp;</p>
<p><strong>Karina Giacomelli</strong>  <a href="mailto:karina.giacomelli@gmail.com">karina.giacomelli@gmail.com</a></p>
<p>Ligne: Texte, discours et relations sociales</p>
<p>Domaines d’intérêt: énonciation, discours, enseignement, livre didactique et Programme Institutionnel de Bourses d’Initiation à l’Enseignement (PIBID).</p>
<p>Projet en cours : La caractérisation de la langue chez Bakhtin et Voloshinov.</p>
<p>&nbsp;</p>
<p><a href="http://lattes.cnpq.br/0288454660583513">CV Lattes</a></p>
<p>&nbsp;</p>
<p>&nbsp;</p>
<p><strong>Luciana Iost Vinhas</strong> <a href="mailto:lucianavinhas@gmail.com">lucianavinhas@gmail.com</a></p>
<p>Ligne: Texte, discours et relations sociales</p>
<p>Domaines d’intérêt: Analyse du discours dans la tradition des études développées par Michel Pêcheux et Eni Orlandi. Discours et résistance; discours politique; les relations entre le corps, le discours et la subjectivité; discours et voix.</p>
<p>Projets en cours : L’ordinaire du sens et de la résistence (recherche); Diminution de la peine à travers la pratique de la lecture à la Prison Régionale de Pelotas (projet pour la communauté).</p>
<p>&nbsp;</p>
<p><a href="http://lattes.cnpq.br/2001548222755825">CV Lattes</a></p>
<p>&nbsp;</p>
<p>&nbsp;</p>
<p><strong>Raquel da Cunha Recuero</strong><a href="mailto:raquelrecuero@gmail.com"> raquelrecuero@gmail.com</a></p>
<p>Ligne: Texte, discours et relations sociales</p>
<p>Domaines d’intérêt: Communication et linguistique appliquée, réseaux sociaux sur Internet, discours médiatisé par ordinateur et diffusion de l’information sur Internet.</p>
<p>Projet en cours : Violence, Discours et Jeux.</p>
<p>&nbsp;</p>
<p><a href="http://lattes.cnpq.br/7230106202961229">CV Lattes</a></p>
<p>&nbsp;</p>

<p>Adail Sobral adail.sobral@gmail.com Ligne : Texte, discours et relations sociales Domaines d’intérêt : discursivités, production de sens, dialogisme, enseignement des langues, variation linguistique, traduction, transculturalité. Projets en cours: Pour une pédagogie dialogique &#8220;Glocal&#8221;: les Genres de Discours à l’École primaire et Stratégies pour s’adresser à des interlocuteurs typiques sur les sites les pages web. &nbsp; [&hellip;]</p>
