{"id":4435,"date":"2020-03-24T14:53:31","date_gmt":"2020-03-24T17:53:31","guid":{"rendered":"https:\/\/wp.ufpel.edu.br\/ppgl\/?page_id=4435"},"modified":"2020-03-24T14:53:31","modified_gmt":"2020-03-24T17:53:31","slug":"litterature-culture-et-traduction","status":"publish","type":"page","link":"https:\/\/wp.ufpel.edu.br\/ppgl\/fr\/domaine\/langage-texte-et-image\/litterature-culture-et-traduction\/","title":{"rendered":"Litt\u00e9rature, culture et traduction"},"content":{"rendered":"<p><strong>Alfeu Sparemberger<\/strong>\u00a0 <a href=\"mailto:alfeu.sparemberger@outlook.com\">alfeu.sparemberger@outlook.com<\/a><\/p>\n<p>Ligne: Litt\u00e9rature, culture et traduction<\/p>\n<p>Domaines d\u2019int\u00e9r\u00eat : Litt\u00e9rature br\u00e9silienne, Litt\u00e9rature portugaise et Culture br\u00e9silienne.<\/p>\n<p>Projets en cours : Syst\u00e8me litt\u00e9raire, histoire de la litt\u00e9rature et d\u00e9colonisation dans les pays africains o\u00f9 le portugais est une langue officielle; Dialogue incertain : relations litt\u00e9raires et culturelles entre le Br\u00e9sil et le Portugal au XXe si\u00e8cle.<\/p>\n<p>&nbsp;<\/p>\n<p><a href=\"http:\/\/lattes.cnpq.br\/9671613350365467\">CV Lattes<\/a><\/p>\n<p>&nbsp;<\/p>\n<p>&nbsp;<\/p>\n<p><strong>Andrea Cristiane Kahmann<\/strong><a href=\"mailto:aulus.mm@gmail.com\"> ackahmann@gmail.com<\/a><\/p>\n<p>Ligne: Litt\u00e9rature, culture et traduction<\/p>\n<p>Domaines d\u2019int\u00e9r\u00eat : \u00c9tudes de traduction et \u00e9tudes de traducteurs, en particulier : Traduction litt\u00e9raire, Sociologie de la traduction et Histoire et Historiographie de la traduction<\/p>\n<p>Projets en cours : Anthologie de la po\u00e9sie traduite en espagnol : exp\u00e9rience, manipulation ou fr\u00e9n\u00e9sie m\u00e9phistofaustique.<\/p>\n<p>&nbsp;<\/p>\n<p><a href=\"http:\/\/lattes.cnpq.br\/5779140095343632\">CV Lattes<\/a><\/p>\n<p>&nbsp;<\/p>\n<p>&nbsp;<\/p>\n<p><strong>Aulus Mandagar\u00e1 Martins<\/strong>\u00a0\u00a0 <a href=\"mailto:aulus.mm@gmail.com\">aulus.mm@gmail.com<\/a><\/p>\n<p>Ligne: Litt\u00e9rature, culture et traduction<\/p>\n<p>Domaines d\u2019int\u00e9r\u00eat : litt\u00e9rature et histoire, litt\u00e9rature et traumatisme, po\u00e9sie br\u00e9silienne moderne et contemporaine, po\u00e9sie et photographie.<\/p>\n<p>Projets en cours : le regard de M\u00e9duse : photographie et po\u00e9sie br\u00e9silienne moderne et contemporaine ; Po\u00e9sie et exp\u00e9rience contemporaine.<\/p>\n<p>&nbsp;<\/p>\n<p><a href=\"http:\/\/lattes.cnpq.br\/5779140095343632\">CV Lattes<\/a><\/p>\n<p>&nbsp;<\/p>\n<p>&nbsp;<\/p>\n<p><strong>Cludia Lorena Vouto da Fonseca<\/strong> <a href=\"mailto:fonseca.claudialorena@gmail.com\">fonseca.claudialorena@gmail.com<\/a><\/p>\n<p>Ligne: Litt\u00e9rature, culture et traduction<\/p>\n<p>Domaines d\u2019int\u00e9r\u00eat : \u00c9tudes d\u2019intertextualit\u00e9; Litt\u00e9rature et histoire; Litt\u00e9rature latino-am\u00e9ricaine; Fronti\u00e8res; R\u00e9seaux; \u00c9tudes postcoloniales.<\/p>\n<p>Projets en cours : \u00ab La fiction br\u00e9silienne au XXIe si\u00e8cle \u2013 l\u2019intertextualit\u00e9 et l\u2019interdiscursivit\u00e9 \u00bb et \u00ab Publications p\u00e9riodiques latino-am\u00e9ricaines \u00e0 de certains moments du XXe si\u00e8cle \u00bb.<\/p>\n<p>&nbsp;<\/p>\n<p><a href=\"http:\/\/lattes.cnpq.br\/7009414478179425\">CV Lattes<\/a><\/p>\n<p>&nbsp;<\/p>\n<p>&nbsp;<\/p>\n<p><strong>Daniele Gallindo Gon\u00e7alves<\/strong> <a href=\"mailto:danigallindo@yahoo.de\">danigallindo@yahoo.de<\/a><\/p>\n<p>Ligne: Litt\u00e9rature, culture et traduction<\/p>\n<p>Domaines d\u2019int\u00e9r\u00eat : Litt\u00e9rature et histoire, Litt\u00e9rature en Moyen-Haut-Allemand, R\u00e9ception du M\u00e9di\u00e9val, \u00c9tudes de genre, Masculinit\u00e9s et Queer, Rituel et Corps et \u00c9tudes d\u2019Intermidialit\u00e9.<\/p>\n<p>Projet en cours : Relectures du m\u00e9di\u00e9val : La r\u00e9ception du Moyen Age (Mittelalterrezeption) du XIXe au XXIe si\u00e8cle.<\/p>\n<p>&nbsp;<\/p>\n<p><a href=\"http:\/\/lattes.cnpq.br\/8072197385675534\">CV Lattes<\/a><\/p>\n<p>&nbsp;<\/p>\n<p>&nbsp;<\/p>\n<p><strong>Eduardo Marks de Marques<\/strong> <a href=\"mailto:eduardo.marks@mandic.com.br\">eduardo.marks@mandic.com.br<\/a><\/p>\n<p>Ligne: Litt\u00e9rature, culture et traduction<\/p>\n<p>Domaines d\u2019int\u00e9r\u00eat : histoire australienne, \u00e9tudes culturelles australiennes, \u00e9tudes australiennes, histoire culturelle et th\u00e9ories litt\u00e9raires et culturelles, litt\u00e9rature dystopique, transhumanisme et post-humanisme.<\/p>\n<p>Projet en cours : Le monde que nous (ne) connaissons (pas) : l\u2019examen des dystopies postmodernes dans la litt\u00e9rature anglophone contemporaine.<\/p>\n<p>&nbsp;<\/p>\n<p><a href=\"http:\/\/lattes.cnpq.br\/9216599540037680\">CV Lattes<\/a><\/p>\n<p>&nbsp;<\/p>\n<p>&nbsp;<\/p>\n<p><strong>Helano Jader Cavalcante Ribeiro<\/strong> <a href=\"mailto:hjcribeiro@gmail.com\">hjcribeiro@gmail.com<\/a><\/p>\n<p>Ligne: Litt\u00e9rature, culture et traduction<\/p>\n<p>Domaines d\u2019int\u00e9r\u00eat : litt\u00e9rature et \u00e9thique, biopolitique, otobiographies et Walter Benjamin.<\/p>\n<p>Projet en cours: Ce qui reste du mythe naziste: lectures critiques sur le national-socialisme dans le contemporain.<\/p>\n<p>&nbsp;<\/p>\n<p><a href=\"http:\/\/lattes.cnpq.br\/1446597388661121\">CV Lattes<\/a><\/p>\n<p>&nbsp;<\/p>\n<p>&nbsp;<\/p>\n<p><strong>Juliana Steil\u00a0<\/strong> <a href=\"mailto:julianasteil@gmail.com\">julianasteil@gmail.com<\/a><\/p>\n<p>Ligne: Litt\u00e9rature, culture et traduction<\/p>\n<p>Domaines d\u2019int\u00e9r\u00eat: Po\u00e9sie en langue portugaise, traduction, po\u00e9sie en langue anglaise, William Blake.<\/p>\n<p>Projet en cours : Traduction de la po\u00e9sie \u2013 le vers proph\u00e9tique de William Blake.<\/p>\n<p>&nbsp;<\/p>\n<p><a href=\"http:\/\/lattes.cnpq.br\/5586916987453183\">CV Lattes<\/a><\/p>\n<p>&nbsp;<\/p>\n<p>&nbsp;<\/p>\n<p><strong>Milena Kunrath<\/strong> <u>milena.kunrath@gmail.com<\/u><\/p>\n<p>Ligne: Litt\u00e9rature, culture et traduction<\/p>\n<p>Domaines d\u2019int\u00e9r\u00eat : Litt\u00e9rature allemande, Th\u00e9orie litt\u00e9raire, Litt\u00e9rature compar\u00e9e, M\u00e9moire, Traumatisme et Oubli en litt\u00e9rature.<\/p>\n<p>Projets en cours : La perspective historique entre les g\u00e9n\u00e9rations : le changement des souvenirs de la Seconde Guerre Mondiale selon l\u2019interlocuteur.<\/p>\n<p>&nbsp;<\/p>\n<p><a href=\"http:\/\/lattes.cnpq.br\/0497963374492258\">CV Lattes<\/a><\/p>\n<p>&nbsp;<\/p>\n","protected":false},"excerpt":{"rendered":"<p>Alfeu Sparemberger\u00a0 alfeu.sparemberger@outlook.com Ligne: Litt\u00e9rature, culture et traduction Domaines d\u2019int\u00e9r\u00eat : Litt\u00e9rature br\u00e9silienne, Litt\u00e9rature portugaise et Culture br\u00e9silienne. Projets en cours : Syst\u00e8me litt\u00e9raire, histoire de la litt\u00e9rature et d\u00e9colonisation dans les pays africains o\u00f9 le portugais est une langue officielle; Dialogue incertain : relations litt\u00e9raires et culturelles entre le Br\u00e9sil et le Portugal au [&hellip;]<\/p>\n","protected":false},"author":253,"featured_media":0,"parent":4418,"menu_order":0,"comment_status":"closed","ping_status":"closed","template":"","meta":{"jetpack_post_was_ever_published":false,"footnotes":""},"class_list":["post-4435","page","type-page","status-publish","hentry"],"jetpack_sharing_enabled":true,"jetpack_shortlink":"https:\/\/wp.me\/P8vD3Q-19x","_links":{"self":[{"href":"https:\/\/wp.ufpel.edu.br\/ppgl\/wp-json\/wp\/v2\/pages\/4435","targetHints":{"allow":["GET"]}}],"collection":[{"href":"https:\/\/wp.ufpel.edu.br\/ppgl\/wp-json\/wp\/v2\/pages"}],"about":[{"href":"https:\/\/wp.ufpel.edu.br\/ppgl\/wp-json\/wp\/v2\/types\/page"}],"author":[{"embeddable":true,"href":"https:\/\/wp.ufpel.edu.br\/ppgl\/wp-json\/wp\/v2\/users\/253"}],"replies":[{"embeddable":true,"href":"https:\/\/wp.ufpel.edu.br\/ppgl\/wp-json\/wp\/v2\/comments?post=4435"}],"version-history":[{"count":1,"href":"https:\/\/wp.ufpel.edu.br\/ppgl\/wp-json\/wp\/v2\/pages\/4435\/revisions"}],"predecessor-version":[{"id":4437,"href":"https:\/\/wp.ufpel.edu.br\/ppgl\/wp-json\/wp\/v2\/pages\/4435\/revisions\/4437"}],"up":[{"embeddable":true,"href":"https:\/\/wp.ufpel.edu.br\/ppgl\/wp-json\/wp\/v2\/pages\/4418"}],"wp:attachment":[{"href":"https:\/\/wp.ufpel.edu.br\/ppgl\/wp-json\/wp\/v2\/media?parent=4435"}],"curies":[{"name":"wp","href":"https:\/\/api.w.org\/{rel}","templated":true}]}}

Littérature, culture et traduction

<p><strong>Alfeu Sparemberger</strong>  <a href="mailto:alfeu.sparemberger@outlook.com">alfeu.sparemberger@outlook.com</a></p>
<p>Ligne: Littérature, culture et traduction</p>
<p>Domaines d’intérêt : Littérature brésilienne, Littérature portugaise et Culture brésilienne.</p>
<p>Projets en cours : Système littéraire, histoire de la littérature et décolonisation dans les pays africains où le portugais est une langue officielle; Dialogue incertain : relations littéraires et culturelles entre le Brésil et le Portugal au XXe siècle.</p>
<p>&nbsp;</p>
<p><a href="http://lattes.cnpq.br/9671613350365467">CV Lattes</a></p>
<p>&nbsp;</p>
<p>&nbsp;</p>
<p><strong>Andrea Cristiane Kahmann</strong><a href="mailto:aulus.mm@gmail.com"> ackahmann@gmail.com</a></p>
<p>Ligne: Littérature, culture et traduction</p>
<p>Domaines d’intérêt : Études de traduction et études de traducteurs, en particulier : Traduction littéraire, Sociologie de la traduction et Histoire et Historiographie de la traduction</p>
<p>Projets en cours : Anthologie de la poésie traduite en espagnol : expérience, manipulation ou frénésie méphistofaustique.</p>
<p>&nbsp;</p>
<p><a href="http://lattes.cnpq.br/5779140095343632">CV Lattes</a></p>
<p>&nbsp;</p>
<p>&nbsp;</p>
<p><strong>Aulus Mandagará Martins</strong>   <a href="mailto:aulus.mm@gmail.com">aulus.mm@gmail.com</a></p>
<p>Ligne: Littérature, culture et traduction</p>
<p>Domaines d’intérêt : littérature et histoire, littérature et traumatisme, poésie brésilienne moderne et contemporaine, poésie et photographie.</p>
<p>Projets en cours : le regard de Méduse : photographie et poésie brésilienne moderne et contemporaine ; Poésie et expérience contemporaine.</p>
<p>&nbsp;</p>
<p><a href="http://lattes.cnpq.br/5779140095343632">CV Lattes</a></p>
<p>&nbsp;</p>
<p>&nbsp;</p>
<p><strong>Cludia Lorena Vouto da Fonseca</strong> <a href="mailto:fonseca.claudialorena@gmail.com">fonseca.claudialorena@gmail.com</a></p>
<p>Ligne: Littérature, culture et traduction</p>
<p>Domaines d’intérêt : Études d’intertextualité; Littérature et histoire; Littérature latino-américaine; Frontières; Réseaux; Études postcoloniales.</p>
<p>Projets en cours : « La fiction brésilienne au XXIe siècle – l’intertextualité et l’interdiscursivité » et « Publications périodiques latino-américaines à de certains moments du XXe siècle ».</p>
<p>&nbsp;</p>
<p><a href="http://lattes.cnpq.br/7009414478179425">CV Lattes</a></p>
<p>&nbsp;</p>
<p>&nbsp;</p>
<p><strong>Daniele Gallindo Gonçalves</strong> <a href="mailto:danigallindo@yahoo.de">danigallindo@yahoo.de</a></p>
<p>Ligne: Littérature, culture et traduction</p>
<p>Domaines d’intérêt : Littérature et histoire, Littérature en Moyen-Haut-Allemand, Réception du Médiéval, Études de genre, Masculinités et Queer, Rituel et Corps et Études d’Intermidialité.</p>
<p>Projet en cours : Relectures du médiéval : La réception du Moyen Age (Mittelalterrezeption) du XIXe au XXIe siècle.</p>
<p>&nbsp;</p>
<p><a href="http://lattes.cnpq.br/8072197385675534">CV Lattes</a></p>
<p>&nbsp;</p>
<p>&nbsp;</p>
<p><strong>Eduardo Marks de Marques</strong> <a href="mailto:eduardo.marks@mandic.com.br">eduardo.marks@mandic.com.br</a></p>
<p>Ligne: Littérature, culture et traduction</p>
<p>Domaines d’intérêt : histoire australienne, études culturelles australiennes, études australiennes, histoire culturelle et théories littéraires et culturelles, littérature dystopique, transhumanisme et post-humanisme.</p>
<p>Projet en cours : Le monde que nous (ne) connaissons (pas) : l’examen des dystopies postmodernes dans la littérature anglophone contemporaine.</p>
<p>&nbsp;</p>
<p><a href="http://lattes.cnpq.br/9216599540037680">CV Lattes</a></p>
<p>&nbsp;</p>
<p>&nbsp;</p>
<p><strong>Helano Jader Cavalcante Ribeiro</strong> <a href="mailto:hjcribeiro@gmail.com">hjcribeiro@gmail.com</a></p>
<p>Ligne: Littérature, culture et traduction</p>
<p>Domaines d’intérêt : littérature et éthique, biopolitique, otobiographies et Walter Benjamin.</p>
<p>Projet en cours: Ce qui reste du mythe naziste: lectures critiques sur le national-socialisme dans le contemporain.</p>
<p>&nbsp;</p>
<p><a href="http://lattes.cnpq.br/1446597388661121">CV Lattes</a></p>
<p>&nbsp;</p>
<p>&nbsp;</p>
<p><strong>Juliana Steil </strong> <a href="mailto:julianasteil@gmail.com">julianasteil@gmail.com</a></p>
<p>Ligne: Littérature, culture et traduction</p>
<p>Domaines d’intérêt: Poésie en langue portugaise, traduction, poésie en langue anglaise, William Blake.</p>
<p>Projet en cours : Traduction de la poésie – le vers prophétique de William Blake.</p>
<p>&nbsp;</p>
<p><a href="http://lattes.cnpq.br/5586916987453183">CV Lattes</a></p>
<p>&nbsp;</p>
<p>&nbsp;</p>
<p><strong>Milena Kunrath</strong> <u>milena.kunrath@gmail.com</u></p>
<p>Ligne: Littérature, culture et traduction</p>
<p>Domaines d’intérêt : Littérature allemande, Théorie littéraire, Littérature comparée, Mémoire, Traumatisme et Oubli en littérature.</p>
<p>Projets en cours : La perspective historique entre les générations : le changement des souvenirs de la Seconde Guerre Mondiale selon l’interlocuteur.</p>
<p>&nbsp;</p>
<p><a href="http://lattes.cnpq.br/0497963374492258">CV Lattes</a></p>
<p>&nbsp;</p>

<p>Alfeu Sparemberger  alfeu.sparemberger@outlook.com Ligne: Littérature, culture et traduction Domaines d’intérêt : Littérature brésilienne, Littérature portugaise et Culture brésilienne. Projets en cours : Système littéraire, histoire de la littérature et décolonisation dans les pays africains où le portugais est une langue officielle; Dialogue incertain : relations littéraires et culturelles entre le Brésil et le Portugal au [&hellip;]</p>
