{"id":4373,"date":"2020-03-24T13:03:59","date_gmt":"2020-03-24T16:03:59","guid":{"rendered":"https:\/\/wp.ufpel.edu.br\/ppgl\/?page_id=4373"},"modified":"2020-03-24T13:03:59","modified_gmt":"2020-03-24T16:03:59","slug":"contact","status":"publish","type":"page","link":"https:\/\/wp.ufpel.edu.br\/ppgl\/fr\/contact\/","title":{"rendered":"Contact"},"content":{"rendered":"<p><strong>Contact<\/strong><\/p>\n<p>&nbsp;<\/p>\n<p><strong><em>Programme de deuxi\u00e8me et troisi\u00e8me cycle en Lettres<\/em><\/strong><\/p>\n<p>&nbsp;<\/p>\n<p>Universit\u00e9 F\u00e9d\u00e9rale de Pelotas &#8211; Campus Porto<br \/>\nB\u00e2timent B &#8211; Centre des Lettres et Communication \/ CLC &#8211; Rez-de-chauss\u00e9e, salle 102<br \/>\nRua Gomes Carneiro, 1 &#8211; Centro<br \/>\nCode postal 96010-610 &#8211; Pelotas, RS<\/p>\n<p>&nbsp;<\/p>\n<p><strong>T\u00e9l\u00e9phone:<\/strong> (53) 32843812<br \/>\n<strong>Courrier \u00e9lectronique:<\/strong> ppgl.ufpel@gmail.com<\/p>\n<p>&nbsp;<\/p>\n<p>&nbsp;<\/p>\n<p>&nbsp;<\/p>\n<p><strong>Liens utiles:<\/strong><\/p>\n<h5><a href=\"http:\/\/portal.ufpel.edu.br\/\">Universidade Federal de Pelotas (UFPel)<\/a> \u2013 Universit\u00e9 F\u00e9d\u00e9rale de Pelotas (UFPel)<\/h5>\n<h5><a href=\"https:\/\/wp.ufpel.edu.br\/clc\">Centro de Letras e Comunica\u00e7\u00e3o (CLC\/UFPel)<\/a> \u2013 Centre des Lettres et Communication (CLC\/UFPel)<\/h5>\n<h5><\/h5>\n","protected":false},"excerpt":{"rendered":"<p>Contact &nbsp; Programme de deuxi\u00e8me et troisi\u00e8me cycle en Lettres &nbsp; Universit\u00e9 F\u00e9d\u00e9rale de Pelotas &#8211; Campus Porto B\u00e2timent B &#8211; Centre des Lettres et Communication \/ CLC &#8211; Rez-de-chauss\u00e9e, salle 102 Rua Gomes Carneiro, 1 &#8211; Centro Code postal 96010-610 &#8211; Pelotas, RS &nbsp; T\u00e9l\u00e9phone: (53) 32843812 Courrier \u00e9lectronique: ppgl.ufpel@gmail.com &nbsp; &nbsp; &nbsp; Liens [&hellip;]<\/p>\n","protected":false},"author":253,"featured_media":0,"parent":0,"menu_order":0,"comment_status":"closed","ping_status":"closed","template":"","meta":{"jetpack_post_was_ever_published":false,"footnotes":""},"class_list":["post-4373","page","type-page","status-publish","hentry"],"jetpack_sharing_enabled":true,"jetpack_shortlink":"https:\/\/wp.me\/P8vD3Q-18x","_links":{"self":[{"href":"https:\/\/wp.ufpel.edu.br\/ppgl\/wp-json\/wp\/v2\/pages\/4373","targetHints":{"allow":["GET"]}}],"collection":[{"href":"https:\/\/wp.ufpel.edu.br\/ppgl\/wp-json\/wp\/v2\/pages"}],"about":[{"href":"https:\/\/wp.ufpel.edu.br\/ppgl\/wp-json\/wp\/v2\/types\/page"}],"author":[{"embeddable":true,"href":"https:\/\/wp.ufpel.edu.br\/ppgl\/wp-json\/wp\/v2\/users\/253"}],"replies":[{"embeddable":true,"href":"https:\/\/wp.ufpel.edu.br\/ppgl\/wp-json\/wp\/v2\/comments?post=4373"}],"version-history":[{"count":1,"href":"https:\/\/wp.ufpel.edu.br\/ppgl\/wp-json\/wp\/v2\/pages\/4373\/revisions"}],"predecessor-version":[{"id":4375,"href":"https:\/\/wp.ufpel.edu.br\/ppgl\/wp-json\/wp\/v2\/pages\/4373\/revisions\/4375"}],"wp:attachment":[{"href":"https:\/\/wp.ufpel.edu.br\/ppgl\/wp-json\/wp\/v2\/media?parent=4373"}],"curies":[{"name":"wp","href":"https:\/\/api.w.org\/{rel}","templated":true}]}}