{"id":4366,"date":"2020-03-23T18:31:03","date_gmt":"2020-03-23T21:31:03","guid":{"rendered":"https:\/\/wp.ufpel.edu.br\/ppgl\/?page_id=4366"},"modified":"2020-03-23T18:31:03","modified_gmt":"2020-03-23T21:31:03","slug":"histoire","status":"publish","type":"page","link":"https:\/\/wp.ufpel.edu.br\/ppgl\/fr\/histoire\/","title":{"rendered":"Histoire"},"content":{"rendered":"<p align=\"justify\"><span style=\"font-family: Times New Roman, serif\"><span style=\"font-size: medium\"><span lang=\"fr-FR\">Le programme de deuxi\u00e8me et de troisi\u00e8me cycle en Lettres (dor\u00e9navant PPGL) de l&#8217;Universit\u00e9 F\u00e9d\u00e9rale de Pelotas (UFPel) a<\/span><\/span><\/span> <span style=\"font-family: Times New Roman, serif\"><span style=\"font-size: medium\"><span lang=\"fr-FR\">en ce moment le concept 5 (\u00e9chelle de 3 \u00e0 7) selon l&#8217;\u00e9valuation de la Coordination de Perfectionnement du Personnel du Niveau Sup\u00e9rieur (CAPES); avec un accent sur la Langue, Texte, et Image, le programme comprend les niveaux de Master et de Doctorat, et a comme objectif la formation qualifi\u00e9e de ma\u00eetres et de docteurs dans ce domaine, qui englobe \u00e0 la fois les \u00e9tudes linguistiques et litt\u00e9raires.<\/span><\/span><\/span><\/p>\n<p align=\"justify\"><span style=\"font-family: Times New Roman, serif\"><span style=\"font-size: medium\"><span lang=\"fr-FR\">La configuration actuelle de ce programme a initi\u00e9 en 2018, en raison du processus de transition du PPGL de l&#8217;Universit\u00e9 Catholique de Pelotas (UCPel) \u00e0 l&#8217;Universit\u00e9 F\u00e9d\u00e9rale de Pelotas. Dans cette transition, il y a eu la fusion des deux programmes d&#8217;\u00e9tudes sup\u00e9rieures.<\/span><\/span><\/span><\/p>\n<p align=\"justify\"><span style=\"font-family: Times New Roman, serif\"><span style=\"font-size: medium\"><span lang=\"fr-FR\">Le Master du PPGL de l&#8217;UFPel a commenc\u00e9 ses activit\u00e9s en mars 2011. Il a \u00e9t\u00e9 cr\u00e9\u00e9 en octobre 2010 lors de la 122\u00e8me r\u00e9union du Conseil Technico-scientifique de l&#8217;Enseignement Sup\u00e9rieur (CTC-ES). Le Master en Lettres a \u00e9merg\u00e9 \u00e0 l&#8217;Universit\u00e9 F\u00e9d\u00e9rale de Pelotas au moment o\u00f9 son adh\u00e9sion \u00e0 la Restructuration et Expansion des Universit\u00e9s F\u00e9d\u00e9rales (REUNI) a produit une croissance acc\u00e9l\u00e9r\u00e9e de l&#8217;institution, avec la construction de nouveaux b\u00e2timents, l&#8217;\u00e9largissement du nombre d&#8217;enseignants, la restructuration p\u00e9dagogique de plusieurs cours de premier cycle et la cr\u00e9ation d&#8217;autres \u00e0 partir de 2008.<\/span><\/span><\/span><\/p>\n<p align=\"justify\"><a name=\"_GoBack\"><\/a> <span style=\"font-family: Times New Roman, serif\"><span style=\"font-size: medium\"><span lang=\"fr-FR\">Le Master en Lettres de l&#8217;UCPel a commenc\u00e9 \u00e0 fonctionner en 1994, ayant \u00e9t\u00e9 le premier Master en Lettres de la r\u00e9gion sud du Rio Grande do Sul et l&#8217;un des premiers de l&#8217;int\u00e9rieur de l&#8217;\u00e9tat. Il a \u00e9t\u00e9 approuv\u00e9 par le Conseil universitaire de l&#8217;UCPel lors de sa cent quarante-huiti\u00e8me r\u00e9union ordinaire, tenue le 20 octobre 1993, et reconnu par la <\/span><span lang=\"fr-FR\">Coordination de Perfectionnement du Personnel du Niveau Sup\u00e9rieur<\/span><span lang=\"fr-FR\"> lors de la r\u00e9union du Conseil Technico-Scientifique (CTC) r\u00e9alis\u00e9e le 22 septembre 2000, ayant \u00e9t\u00e9 publi\u00e9 dans le Journal Officiel de l&#8217;\u00c9tat (D. O. U.) le 6 avril 2001.<\/span><\/span><\/span><\/p>\n<p align=\"justify\"><span style=\"font-family: Times New Roman, serif\"><span style=\"font-size: medium\"><span lang=\"fr-FR\">Afin de consolider ce niveau d&#8217;\u00e9tudes, le PPGL de l&#8217;UCPel, en 2005, a propos\u00e9 \u00e0 la CAPES l&#8217;implantation du niveau doctoral, approuv\u00e9 par le Conseil universitaire de l&#8217;UCPel lors de sa deux cent quarante-sixi\u00e8me r\u00e9union ordinaire, tenue le 20 avril 2005. Le programme de Doctorat en Lettres de l&#8217;UCPel a \u00e9t\u00e9 reconnu par la CAPES lors de la r\u00e9union du CTC tenue du 13 au 15 septembre 2005, ayant \u00e9t\u00e9 inscrit au Journal Officiel de l&#8217;\u00c9tat<\/span> <span lang=\"fr-FR\">le 29 d\u00e9cembre 2005. La premi\u00e8re s\u00e9ance a eu lieu en ao\u00fbt 2006.<\/span><\/span><\/span><\/p>\n<p align=\"justify\"><span style=\"font-family: Times New Roman, serif\"><span style=\"font-size: medium\"><span lang=\"fr-FR\">Le PPGL de l&#8217;Universit\u00e9 F\u00e9d\u00e9rale de Pelotas a donc un long historique de consolidation. La r\u00e9organisation de son projet p\u00e9dagogique, r\u00e9alis\u00e9e en 2018, visait non seulement \u00e0 adapter les deux programmes qui ne sont devenus qu&#8217;un, mais aussi \u00e0 enrichir sa configuration.<\/span><\/span><\/span><\/p>\n<p align=\"justify\">\n","protected":false},"excerpt":{"rendered":"<p>Le programme de deuxi\u00e8me et de troisi\u00e8me cycle en Lettres (dor\u00e9navant PPGL) de l&#8217;Universit\u00e9 F\u00e9d\u00e9rale de Pelotas (UFPel) a en ce moment le concept 5 (\u00e9chelle de 3 \u00e0 7) selon l&#8217;\u00e9valuation de la Coordination de Perfectionnement du Personnel du Niveau Sup\u00e9rieur (CAPES); avec un accent sur la Langue, Texte, et Image, le programme comprend [&hellip;]<\/p>\n","protected":false},"author":253,"featured_media":0,"parent":0,"menu_order":0,"comment_status":"closed","ping_status":"closed","template":"","meta":{"jetpack_post_was_ever_published":false,"footnotes":""},"class_list":["post-4366","page","type-page","status-publish","hentry"],"jetpack_sharing_enabled":true,"jetpack_shortlink":"https:\/\/wp.me\/P8vD3Q-18q","_links":{"self":[{"href":"https:\/\/wp.ufpel.edu.br\/ppgl\/wp-json\/wp\/v2\/pages\/4366","targetHints":{"allow":["GET"]}}],"collection":[{"href":"https:\/\/wp.ufpel.edu.br\/ppgl\/wp-json\/wp\/v2\/pages"}],"about":[{"href":"https:\/\/wp.ufpel.edu.br\/ppgl\/wp-json\/wp\/v2\/types\/page"}],"author":[{"embeddable":true,"href":"https:\/\/wp.ufpel.edu.br\/ppgl\/wp-json\/wp\/v2\/users\/253"}],"replies":[{"embeddable":true,"href":"https:\/\/wp.ufpel.edu.br\/ppgl\/wp-json\/wp\/v2\/comments?post=4366"}],"version-history":[{"count":2,"href":"https:\/\/wp.ufpel.edu.br\/ppgl\/wp-json\/wp\/v2\/pages\/4366\/revisions"}],"predecessor-version":[{"id":4369,"href":"https:\/\/wp.ufpel.edu.br\/ppgl\/wp-json\/wp\/v2\/pages\/4366\/revisions\/4369"}],"wp:attachment":[{"href":"https:\/\/wp.ufpel.edu.br\/ppgl\/wp-json\/wp\/v2\/media?parent=4366"}],"curies":[{"name":"wp","href":"https:\/\/api.w.org\/{rel}","templated":true}]}}