{"id":3820,"date":"2019-07-18T11:02:35","date_gmt":"2019-07-18T14:02:35","guid":{"rendered":"https:\/\/wp.ufpel.edu.br\/ppgl\/?page_id=3820"},"modified":"2019-11-28T16:21:03","modified_gmt":"2019-11-28T19:21:03","slug":"equipo-administrativa","status":"publish","type":"page","link":"https:\/\/wp.ufpel.edu.br\/ppgl\/es\/equipo-administrativa\/","title":{"rendered":"Equipo Administrativo"},"content":{"rendered":"<p><strong>Coordinaci\u00f3n<\/strong><\/p>\n<p><strong>Coordinadora<\/strong><\/p>\n<p>Prof\u00aa. Dr\u00aa. Daiane Neumann<\/p>\n<p>&nbsp;<\/p>\n<p><strong>Coordinadora Adjunta<\/strong><\/p>\n<p>Prof\u00aa. Dr\u00aa. Aracy Ernst<\/p>\n<p>&nbsp;<\/p>\n<p><strong>Secretaria<\/strong><\/p>\n<p>Gabriele Pinto Konzen<\/p>\n<p>&nbsp;<\/p>\n<p><strong>Colegiado<\/strong><\/p>\n<p><strong>Coordinadora \u2013 Presidente<\/strong><\/p>\n<p>Prof\u00aa. Dr\u00aa. Daiane Neumann<\/p>\n<p>&nbsp;<\/p>\n<p><strong>Coordinadora Adjunta<\/strong><\/p>\n<p>Prof\u00aa. Dr\u00aa. Aracy Ernst<\/p>\n<p>&nbsp;<\/p>\n<p><strong>Representaci\u00f3n de la l\u00ednea \u201cAdquisici\u00f3n, Variaci\u00f3n y Ense\u00f1anza\u201d<\/strong><\/p>\n<p>Prof\u00aa. Dr\u00aa. Carmen L\u00facia Barreto Matzenauer<\/p>\n<p>&nbsp;<\/p>\n<p><strong>Representaci\u00f3n de la l\u00ednea \u201cTexto, Discurso y Relaciones Sociales\u201d<\/strong><\/p>\n<p>Prof\u00aa. Dr\u00aa. Luciana Iost Vinhas<\/p>\n<p>&nbsp;<\/p>\n<p><strong>Representaci\u00f3n de la l\u00ednea \u201cLiteratura, Cultura y Traducci\u00f3n\u201d<\/strong><\/p>\n<p>Prof. Dr. Alfeu Sparemberger<\/p>\n<p>&nbsp;<\/p>\n<p><strong>Representaci\u00f3n estudiantil<\/strong><\/p>\n<p><strong>Titular:<\/strong> Mariana M\u00fcller de \u00c1vila<\/p>\n<p><strong>Suplente:<\/strong> Cristina Napp de los Santos<\/p>\n<p>&nbsp;<\/p>\n<p><strong>Representaci\u00f3n T\u00e9cnico y administrativa<\/strong><\/p>\n<p>C\u00e1tia Aparecida Leite da Silva<\/p>\n<p>&nbsp;<\/p>\n<p><strong>Comisi\u00f3n de Becas<\/strong><\/p>\n<p>Prof\u00aa. Dr\u00aa. Daiane Neumann &#8211; <strong>Presidente<\/strong><\/p>\n<p>Prof\u00aa. Dr\u00aa. Leticia Freitas \u2013 <strong>Representante Docente<\/strong><\/p>\n<p>Mariana M\u00fcller de \u00c1vila \u2013 <strong>Representante de Estudiantes<\/strong><\/p>\n","protected":false},"excerpt":{"rendered":"<p>Coordinaci\u00f3n Coordinadora Prof\u00aa. Dr\u00aa. Daiane Neumann &nbsp; Coordinadora Adjunta Prof\u00aa. Dr\u00aa. Aracy Ernst &nbsp; Secretaria Gabriele Pinto Konzen &nbsp; Colegiado Coordinadora \u2013 Presidente Prof\u00aa. Dr\u00aa. Daiane Neumann &nbsp; Coordinadora Adjunta Prof\u00aa. Dr\u00aa. Aracy Ernst &nbsp; Representaci\u00f3n de la l\u00ednea \u201cAdquisici\u00f3n, Variaci\u00f3n y Ense\u00f1anza\u201d Prof\u00aa. Dr\u00aa. Carmen L\u00facia Barreto Matzenauer &nbsp; Representaci\u00f3n de la l\u00ednea \u201cTexto, [&hellip;]<\/p>\n","protected":false},"author":253,"featured_media":0,"parent":0,"menu_order":7,"comment_status":"closed","ping_status":"closed","template":"","meta":{"jetpack_post_was_ever_published":false,"footnotes":""},"class_list":["post-3820","page","type-page","status-publish","hentry"],"jetpack_sharing_enabled":true,"jetpack_shortlink":"https:\/\/wp.me\/P8vD3Q-ZC","_links":{"self":[{"href":"https:\/\/wp.ufpel.edu.br\/ppgl\/wp-json\/wp\/v2\/pages\/3820","targetHints":{"allow":["GET"]}}],"collection":[{"href":"https:\/\/wp.ufpel.edu.br\/ppgl\/wp-json\/wp\/v2\/pages"}],"about":[{"href":"https:\/\/wp.ufpel.edu.br\/ppgl\/wp-json\/wp\/v2\/types\/page"}],"author":[{"embeddable":true,"href":"https:\/\/wp.ufpel.edu.br\/ppgl\/wp-json\/wp\/v2\/users\/253"}],"replies":[{"embeddable":true,"href":"https:\/\/wp.ufpel.edu.br\/ppgl\/wp-json\/wp\/v2\/comments?post=3820"}],"version-history":[{"count":5,"href":"https:\/\/wp.ufpel.edu.br\/ppgl\/wp-json\/wp\/v2\/pages\/3820\/revisions"}],"predecessor-version":[{"id":4133,"href":"https:\/\/wp.ufpel.edu.br\/ppgl\/wp-json\/wp\/v2\/pages\/3820\/revisions\/4133"}],"wp:attachment":[{"href":"https:\/\/wp.ufpel.edu.br\/ppgl\/wp-json\/wp\/v2\/media?parent=3820"}],"curies":[{"name":"wp","href":"https:\/\/api.w.org\/{rel}","templated":true}]}}

<p><strong>Coordinación</strong></p>
<p><strong>Coordinadora</strong></p>
<p>Profª. Drª. Daiane Neumann</p>
<p>&nbsp;</p>
<p><strong>Coordinadora Adjunta</strong></p>
<p>Profª. Drª. Aracy Ernst</p>
<p>&nbsp;</p>
<p><strong>Secretaria</strong></p>
<p>Gabriele Pinto Konzen</p>
<p>&nbsp;</p>
<p><strong>Colegiado</strong></p>
<p><strong>Coordinadora – Presidente</strong></p>
<p>Profª. Drª. Daiane Neumann</p>
<p>&nbsp;</p>
<p><strong>Coordinadora Adjunta</strong></p>
<p>Profª. Drª. Aracy Ernst</p>
<p>&nbsp;</p>
<p><strong>Representación de la línea “Adquisición, Variación y Enseñanza”</strong></p>
<p>Profª. Drª. Carmen Lúcia Barreto Matzenauer</p>
<p>&nbsp;</p>
<p><strong>Representación de la línea “Texto, Discurso y Relaciones Sociales”</strong></p>
<p>Profª. Drª. Luciana Iost Vinhas</p>
<p>&nbsp;</p>
<p><strong>Representación de la línea “Literatura, Cultura y Traducción”</strong></p>
<p>Prof. Dr. Alfeu Sparemberger</p>
<p>&nbsp;</p>
<p><strong>Representación estudiantil</strong></p>
<p><strong>Titular:</strong> Mariana Müller de Ávila</p>
<p><strong>Suplente:</strong> Cristina Napp de los Santos</p>
<p>&nbsp;</p>
<p><strong>Representación Técnico y administrativa</strong></p>
<p>Cátia Aparecida Leite da Silva</p>
<p>&nbsp;</p>
<p><strong>Comisión de Becas</strong></p>
<p>Profª. Drª. Daiane Neumann &#8211; <strong>Presidente</strong></p>
<p>Profª. Drª. Leticia Freitas – <strong>Representante Docente</strong></p>
<p>Mariana Müller de Ávila – <strong>Representante de Estudiantes</strong></p>

<p>Coordinación Coordinadora Profª. Drª. Daiane Neumann &nbsp; Coordinadora Adjunta Profª. Drª. Aracy Ernst &nbsp; Secretaria Gabriele Pinto Konzen &nbsp; Colegiado Coordinadora – Presidente Profª. Drª. Daiane Neumann &nbsp; Coordinadora Adjunta Profª. Drª. Aracy Ernst &nbsp; Representación de la línea “Adquisición, Variación y Enseñanza” Profª. Drª. Carmen Lúcia Barreto Matzenauer &nbsp; Representación de la línea “Texto, [&hellip;]</p>
