{"id":3809,"date":"2019-07-18T10:42:37","date_gmt":"2019-07-18T13:42:37","guid":{"rendered":"https:\/\/wp.ufpel.edu.br\/ppgl\/?page_id=3809"},"modified":"2019-08-11T20:13:12","modified_gmt":"2019-08-11T23:13:12","slug":"contact-info","status":"publish","type":"page","link":"https:\/\/wp.ufpel.edu.br\/ppgl\/en\/contact-info\/","title":{"rendered":"Contact Info"},"content":{"rendered":"<p style=\"text-align: justify\">Programa de P\u00f3s-Gradua\u00e7\u00e3o em Letras (Graduation Program in Languages and Literatures)<\/p>\n<p style=\"text-align: justify\">Universidade Federal de Pelotas \u2013 Campus Porto<br \/>\nPr\u00e9dio B \u2013 Centro de Letras e Comunica\u00e7\u00e3o\/CLC \u2013 andar t\u00e9rreo, sala 102<br \/>\nRua Gomes Carneiro, 1 \u2013 Centro<br \/>\nCEP 96010-610 \u2013 Pelotas, Rio Grande do Sul, Brazil<\/p>\n<p style=\"text-align: justify\">Phone: +55 53 32843812<br \/>\nEmail: <a href=\"mailto:ppgl.ufpel@gmail.com\">ppgl.ufpel@gmail.com<\/a><\/p>\n<p>&nbsp;<\/p>\n<h3>Useful Links:<\/h3>\n<h3><a href=\"http:\/\/portal.ufpel.edu.br\/\">Universidade Federal de Pelotas (UFPel)<\/a> Federal University of Pelotas<\/h3>\n<h3><a href=\"https:\/\/wp.ufpel.edu.br\/clc\">Centro de Letras e Comunica\u00e7\u00e3o &#8211; CLC\/UFPel <\/a>\u00a0(Center for Languages, Literatures, and Communication)<\/h3>\n","protected":false},"excerpt":{"rendered":"<p>Programa de P\u00f3s-Gradua\u00e7\u00e3o em Letras (Graduation Program in Languages and Literatures) Universidade Federal de Pelotas \u2013 Campus Porto Pr\u00e9dio B \u2013 Centro de Letras e Comunica\u00e7\u00e3o\/CLC \u2013 andar t\u00e9rreo, sala 102 Rua Gomes Carneiro, 1 \u2013 Centro CEP 96010-610 \u2013 Pelotas, Rio Grande do Sul, Brazil Phone: +55 53 32843812 Email: ppgl.ufpel@gmail.com &nbsp; Useful Links: [&hellip;]<\/p>\n","protected":false},"author":253,"featured_media":0,"parent":0,"menu_order":8,"comment_status":"closed","ping_status":"closed","template":"","meta":{"jetpack_post_was_ever_published":false,"footnotes":""},"class_list":["post-3809","page","type-page","status-publish","hentry"],"jetpack_sharing_enabled":true,"jetpack_shortlink":"https:\/\/wp.me\/P8vD3Q-Zr","_links":{"self":[{"href":"https:\/\/wp.ufpel.edu.br\/ppgl\/wp-json\/wp\/v2\/pages\/3809","targetHints":{"allow":["GET"]}}],"collection":[{"href":"https:\/\/wp.ufpel.edu.br\/ppgl\/wp-json\/wp\/v2\/pages"}],"about":[{"href":"https:\/\/wp.ufpel.edu.br\/ppgl\/wp-json\/wp\/v2\/types\/page"}],"author":[{"embeddable":true,"href":"https:\/\/wp.ufpel.edu.br\/ppgl\/wp-json\/wp\/v2\/users\/253"}],"replies":[{"embeddable":true,"href":"https:\/\/wp.ufpel.edu.br\/ppgl\/wp-json\/wp\/v2\/comments?post=3809"}],"version-history":[{"count":2,"href":"https:\/\/wp.ufpel.edu.br\/ppgl\/wp-json\/wp\/v2\/pages\/3809\/revisions"}],"predecessor-version":[{"id":3812,"href":"https:\/\/wp.ufpel.edu.br\/ppgl\/wp-json\/wp\/v2\/pages\/3809\/revisions\/3812"}],"wp:attachment":[{"href":"https:\/\/wp.ufpel.edu.br\/ppgl\/wp-json\/wp\/v2\/media?parent=3809"}],"curies":[{"name":"wp","href":"https:\/\/api.w.org\/{rel}","templated":true}]}}

<p style="text-align: justify">Programa de Pós-Graduação em Letras (Graduation Program in Languages and Literatures)</p>
<p style="text-align: justify">Universidade Federal de Pelotas – Campus Porto<br />
Prédio B – Centro de Letras e Comunicação/CLC – andar térreo, sala 102<br />
Rua Gomes Carneiro, 1 – Centro<br />
CEP 96010-610 – Pelotas, Rio Grande do Sul, Brazil</p>
<p style="text-align: justify">Phone: +55 53 32843812<br />
Email: <a href="mailto:ppgl.ufpel@gmail.com">ppgl.ufpel@gmail.com</a></p>
<p>&nbsp;</p>
<h3>Useful Links:</h3>
<h3><a href="http://portal.ufpel.edu.br/">Universidade Federal de Pelotas (UFPel)</a> Federal University of Pelotas</h3>
<h3><a href="https://wp.ufpel.edu.br/clc">Centro de Letras e Comunicação &#8211; CLC/UFPel </a> (Center for Languages, Literatures, and Communication)</h3>

<p>Programa de Pós-Graduação em Letras (Graduation Program in Languages and Literatures) Universidade Federal de Pelotas – Campus Porto Prédio B – Centro de Letras e Comunicação/CLC – andar térreo, sala 102 Rua Gomes Carneiro, 1 – Centro CEP 96010-610 – Pelotas, Rio Grande do Sul, Brazil Phone: +55 53 32843812 Email: ppgl.ufpel@gmail.com &nbsp; Useful Links: [&hellip;]</p>
