{"id":322,"date":"2015-07-21T12:50:48","date_gmt":"2015-07-21T15:50:48","guid":{"rendered":"https:\/\/wp.ufpel.edu.br\/ppgl\/?page_id=322"},"modified":"2025-07-25T19:38:02","modified_gmt":"2025-07-25T22:38:02","slug":"estudos-da-linguagem","status":"publish","type":"page","link":"https:\/\/wp.ufpel.edu.br\/ppgl\/docentes\/estudos-da-linguagem\/","title":{"rendered":"Aquisi\u00e7\u00e3o, varia\u00e7\u00e3o e ensino"},"content":{"rendered":"<p><a href=\"mailto:anaruthmmiranda@gmail.com\"><strong><span style=\"font-size: 12pt;\">Ana Ruth Moresco Miranda<\/span><\/strong><\/a><br \/>\n<b style=\"color: var(--cor-texto); font-family: var(--fonte-corpo);\">\u00c1reas de interesse<\/b><span style=\"color: var(--cor-texto); font-family: var(--fonte-corpo);\">: aquisi\u00e7\u00e3o da fonologia, aquisi\u00e7\u00e3o da escrita, aquisi\u00e7\u00e3o da linguagem, fonologia e ensino de l\u00edngua materna.<br \/>\n<\/span><b>Projetos em andamento<\/b>: <a href=\"https:\/\/institucional.ufpel.edu.br\/projetos\/id\/u6638\">Da natureza dos erros (orto)gr\u00e1ficos: um estudo experimental e repercuss\u00f5es para o ensino<\/a><\/p>\n<p>Bolsista de Produtividade em Pesquisa (CNPq)<br \/>\n<a href=\"http:\/\/lattes.cnpq.br\/5342617922616660\">CV Lattes<\/a><\/p>\n<p>&nbsp;<\/p>\n<p><a href=\"mailto:limberger.bernardo@gmail.com\"><strong>Bernardo Kolling Limberger<\/strong><\/a><br \/>\n<b>\u00c1reas de interesse<\/b>: Psicolingu\u00edstica, bilinguismo\/multilinguismo, dialetologia e ci\u00eancia da leitura .<br \/>\n<b>Projeto<\/b><b>\u00a0em andamento<\/b>: <a href=\"https:\/\/institucional.ufpel.edu.br\/projetos\/id\/u6468\">Processamento multil\u00edngue e rastreamento ocular<\/a><\/p>\n<p><a href=\"http:\/\/lattes.cnpq.br\/4045334825113050\">CV Lattes<\/a><\/p>\n<p>&nbsp;<\/p>\n<p><a href=\"mailto:carmen.matzenauer@gmail.com\"><strong>Carmen L\u00facia Barreto Matzenauer<\/strong><\/a><br \/>\n<b>\u00c1reas de interesse<\/b>: Aquisi\u00e7\u00e3o da Fonologia, Fonologia Cl\u00ednica, Varia\u00e7\u00e3o Fonol\u00f3gica, Fonologia do Portugu\u00eas, Compara\u00e7\u00e3o entre Sistemas Fonol\u00f3gicos, Teoria Fonol\u00f3gica.<br \/>\n<b>Projeto<\/b><b> em andamento<\/b>: Aquisi\u00e7\u00e3o do portugu\u00eas brasileiro e do portugu\u00eas europeu: a representa\u00e7\u00e3o de segmentos e s\u00edlabas<\/p>\n<p>Bolsista de Produtividade em Pesquisa &#8211; CNPq<br \/>\n<a href=\"http:\/\/lattes.cnpq.br\/8424037117639177\">CV Lattes<\/a><\/p>\n<p>&nbsp;<\/p>\n<p><a href=\"mailto:gabrielabduarte@gmail.com\"><strong>Gabriela Bohlmann Duarte<\/strong><\/a><br \/>\n<strong>\u00c1reas de Interesse: <\/strong>ensino e aprendizagem de l\u00ednguas mediadas pelas tecnologias e por metodologias ativas, ensino online e Educa\u00e7\u00e3o a Dist\u00e2ncia (EaD), motiva\u00e7\u00e3o e autonomia nesses processos, a partir de uma perspectiva complexa.<br \/>\n<strong>Projeto em andamento:<\/strong> <a href=\"https:\/\/institucional.ufpel.edu.br\/projetos\/id\/u8057\">Laborat\u00f3rio de Ensino e Aprendizagem de L\u00ednguas Online: pr\u00e1ticas h\u00edbridas e a dist\u00e2ncia<\/a><\/p>\n<p><a href=\"http:\/\/lattes.cnpq.br\/3587011956729629\">CV Lattes<\/a><\/p>\n<p>&nbsp;<\/p>\n<p><a href=\"mailto:giovanaferreiragoncalves@gmail.com\"><strong><span style=\"font-size: 12pt;\">Giovana Ferreira-Gon\u00e7alves <\/span><\/strong><\/a><\/p>\n<p><b>\u00c1reas de interesse<\/b>: Teoria e An\u00e1lise Lingu\u00edstica e Aquisi\u00e7\u00e3o Fonol\u00f3gica<br \/>\n<b>Projetos em andamento<\/b>:\u00a0 <a href=\"https:\/\/institucional.ufpel.edu.br\/projetos\/id\/p9259\">Ultrassonografia aplicada ao ensino de l\u00ednguas<\/a><\/p>\n<p><a href=\"http:\/\/lattes.cnpq.br\/1966228513900929\">CV Lattes<\/a><\/p>\n<p>&nbsp;<\/p>\n<p><a href=\"mailto:helenaselbach@gmail.com\"><strong>Helena Vitalina Selbach<\/strong><\/a><br \/>\n\u00c1reas de interesse:<br \/>\nProjeto em andamento: <a href=\"https:\/\/institucional.ufpel.edu.br\/projetos\/id\/u5048\">Letramentos acad\u00eamicos em Portugu\u00eas como L\u00edngua Adicional na UFPel: mapeamento de pr\u00e1ticas e necessidades<\/a><\/p>\n<p><a href=\"http:\/\/lattes.cnpq.br\/2593073493357677\">CV Lattes<\/a><\/p>\n<p>&nbsp;<\/p>\n<p><strong><a href=\"mailto:isabellamozzillo@gmail.com\"><span style=\"font-size: 12pt;\">Isabella Ferreira Mozzillo<\/span><\/a><br \/>\n<\/strong><b>\u00c1reas de interesse<\/b>: bilinguismo, plurilinguismo, contato lingu\u00edstico, ideologias e pol\u00edticas lingu\u00edsticas, ensino e aprendizagem de franc\u00eas, bem como para a forma\u00e7\u00e3o e o desenvolvimento do profissional de l\u00edngua estrangeira.<br \/>\n<b>Projeto<\/b><b> em andamento<\/b>: <a href=\"https:\/\/institucional.ufpel.edu.br\/projetos\/id\/u2281\">Contato lingu\u00edstico: fen\u00f4menos, pol\u00edticas e ideologias<\/a><\/p>\n<p><a href=\"http:\/\/lattes.cnpq.br\/9812747786053690\">CV Lattes<\/a><\/p>\n<p>&nbsp;<\/p>\n<p><strong><a href=\"mailto:letirfreitas@gmail.com\"><span style=\"font-size: 12pt;\">Leticia Fonseca Richthofen de Freitas<\/span><\/a><br \/>\n<\/strong><b>\u00c1reas de interesse<\/b>: Performances narrativas, processos de constitui\u00e7\u00e3o identit\u00e1ria, pedagogias culturais, ideologias lingu\u00edsticas.<br \/>\n<b>Projeto em andamento<\/b>: <a href=\"https:\/\/institucional.ufpel.edu.br\/projetos\/id\/u5873\">Linguagem e performatividade: a constru\u00e7\u00e3o de subjetividades em ambientes formais e n\u00e3o formais de ensino<\/a><\/p>\n<p><a href=\"http:\/\/lattes.cnpq.br\/9914415339003085\">CV Lattes<\/a><\/p>\n<p>&nbsp;<\/p>\n<p><strong><a href=\"mailto:brumdepaula@yahoo.fr\"><span style=\"font-size: 12pt;\">Mirian Rose Brum-de-Paula<\/span><\/a><br \/>\n<\/strong><b>\u00c1reas de interesse<\/b>: aquisi\u00e7\u00e3o fonol\u00f3gica, aquisi\u00e7\u00e3o da temporalidade morfol\u00f3gica, categoriza\u00e7\u00e3o e cogni\u00e7\u00e3o.<br \/>\n<b>Projeto<\/b><b> em andamento<\/b>: Din\u00e2mica dos movimentos articulat\u00f3rios: padr\u00f5es de vogais e consoantes l\u00edquidas do Portugu\u00eas Brasileiro.<\/p>\n<p><a href=\"http:\/\/lattes.cnpq.br\/8713626789041848\">CV Lattes<\/a><\/p>\n<p>&nbsp;<\/p>\n<p><a href=\"mailto:vetromillecastro@gmail.com\"><span style=\"font-size: 12pt;\"><b>Rafael <\/b><b>Vetromille<\/b><b>-Castro<\/b><\/span><\/a><br \/>\n<b>\u00c1reas de interesse<\/b>: Lingu\u00edstica Aplicada e Complexidade na intersec\u00e7\u00e3o com forma\u00e7\u00e3o de professores, ensino\/aprendizagem de l\u00ednguas e CALL.<br \/>\n<b>Projeto<\/b><b> em andamento<\/b>: <a href=\"https:\/\/institucional.ufpel.edu.br\/projetos\/id\/u2893\">L\u00ednguas adicionais, desenvolvimento lingu\u00edstico, docente e de materiais sob as perspectivas ecol\u00f3gica e da Complexidade<\/a><\/p>\n<p><a href=\"http:\/\/lattes.cnpq.br\/3640307400529210\">CV Lattes<\/a><\/p>\n<p>&nbsp;<\/p>\n<p><a href=\"mailto:tblebedeff@gmail.com\"><span style=\"font-size: 12pt;\"><b>Tatiana <\/b><b>Bolivar<\/b> <b>Lebedeff<\/b><\/span><\/a><br \/>\n<b>\u00c1reas de <\/b><b>interesse<\/b>:<br \/>\n<b>Projetos em andamento<\/b>: <a href=\"https:\/\/institucional.ufpel.edu.br\/projetos\/id\/u3548\">Obalibras<\/a><\/p>\n<p><span style=\"font-size: 12pt;\"><a href=\"http:\/\/lattes.cnpq.br\/0081286250806899\">CV Lattes<\/a><\/span><\/p>\n<p>&nbsp;<\/p>\n<p><span style=\"font-size: 12pt;\"><b><a href=\"mailto:leffav@gmail.com\">Vilson Jos\u00e9 Leffa<\/a><br \/>\n<\/b><\/span><b>\u00c1reas de <\/b><b>interesse<\/b>:\u00a0ensino de l\u00ednguas, letramentos digitais, pedagogia cr\u00edtica.<br \/>\n<b>Projeto em andamento<\/b>: Design Responsivo para o Ensino de L\u00ednguas Online\u00a0<a id=\"LPlnk106633\" href=\"http:\/\/www.elo.pro.br\/cloud\/\" target=\"_blank\" rel=\"noopener noreferrer\">http:\/\/www.elo.pro.br\/cloud\/<\/a><\/p>\n<p><a href=\"http:\/\/lattes.cnpq.br\/7239316228662609\">CV Lattes<\/a><\/p>\n","protected":false},"excerpt":{"rendered":"<p>Ana Ruth Moresco Miranda \u00c1reas de interesse: aquisi\u00e7\u00e3o da fonologia, aquisi\u00e7\u00e3o da escrita, aquisi\u00e7\u00e3o da linguagem, fonologia e ensino de l\u00edngua materna. Projetos em andamento: Da natureza dos erros (orto)gr\u00e1ficos: um estudo experimental e repercuss\u00f5es para o ensino Bolsista de Produtividade em Pesquisa (CNPq) CV Lattes &nbsp; Bernardo Kolling Limberger \u00c1reas de interesse: Psicolingu\u00edstica, bilinguismo\/multilinguismo, [&hellip;]<\/p>\n","protected":false},"author":253,"featured_media":0,"parent":68,"menu_order":1,"comment_status":"closed","ping_status":"closed","template":"","meta":{"jetpack_post_was_ever_published":false,"footnotes":""},"class_list":["post-322","page","type-page","status-publish","hentry"],"jetpack_sharing_enabled":true,"jetpack_shortlink":"https:\/\/wp.me\/P8vD3Q-5c","_links":{"self":[{"href":"https:\/\/wp.ufpel.edu.br\/ppgl\/wp-json\/wp\/v2\/pages\/322","targetHints":{"allow":["GET"]}}],"collection":[{"href":"https:\/\/wp.ufpel.edu.br\/ppgl\/wp-json\/wp\/v2\/pages"}],"about":[{"href":"https:\/\/wp.ufpel.edu.br\/ppgl\/wp-json\/wp\/v2\/types\/page"}],"author":[{"embeddable":true,"href":"https:\/\/wp.ufpel.edu.br\/ppgl\/wp-json\/wp\/v2\/users\/253"}],"replies":[{"embeddable":true,"href":"https:\/\/wp.ufpel.edu.br\/ppgl\/wp-json\/wp\/v2\/comments?post=322"}],"version-history":[{"count":48,"href":"https:\/\/wp.ufpel.edu.br\/ppgl\/wp-json\/wp\/v2\/pages\/322\/revisions"}],"predecessor-version":[{"id":7764,"href":"https:\/\/wp.ufpel.edu.br\/ppgl\/wp-json\/wp\/v2\/pages\/322\/revisions\/7764"}],"up":[{"embeddable":true,"href":"https:\/\/wp.ufpel.edu.br\/ppgl\/wp-json\/wp\/v2\/pages\/68"}],"wp:attachment":[{"href":"https:\/\/wp.ufpel.edu.br\/ppgl\/wp-json\/wp\/v2\/media?parent=322"}],"curies":[{"name":"wp","href":"https:\/\/api.w.org\/{rel}","templated":true}]}}