{"id":2926,"date":"2018-11-19T11:23:27","date_gmt":"2018-11-19T13:23:27","guid":{"rendered":"https:\/\/wp.ufpel.edu.br\/ppgl\/?page_id=2926"},"modified":"2018-12-10T10:40:02","modified_gmt":"2018-12-10T12:40:02","slug":"2010-2","status":"publish","type":"page","link":"https:\/\/wp.ufpel.edu.br\/ppgl\/trabalhos-defendidos\/teses\/2010-2\/","title":{"rendered":"2010"},"content":{"rendered":"<p><strong>CHRISTIANE HEEMANN<\/strong><\/p>\n<p>A FORMA\u00c7\u00c3O DE UMA COMUNIDADE VIRTUAL DE APRENDIZAGEM SOB A PERSPECTIVA DA TEORIA DA ATIVIDADE<\/p>\n<p>Orientador: \u00a0Vilson J. Leffa<\/p>\n<p><a href=\"https:\/\/wp.ufpel.edu.br\/ppgl\/files\/2018\/11\/A-FORMA\u00c7\u00c3O-DE-UMA-COMUNIDADE-VIRTUAL-DE-APRENDIZAGEM-SOB-A-PERSPECTIVA-DA-TEORIA-DA-ATIVIDADE-Christiane-Heemann.pdf\">Texto Completo <\/a><\/p>\n<p>&nbsp;<\/p>\n<p>&nbsp;<\/p>\n<p><strong>MARIA THEREZA VELOSO<\/strong><\/p>\n<p>ENTRE A PRIVA\u00c7\u00c3O E O SILENCIAMENTO: O SUJEITO DO DESEJO NA TRAMA DISCURSIVA DE TODO SOBRE MI MADRE<\/p>\n<p>Orientador: \u00a0Aracy Ernst-Pereira<\/p>\n<p><a href=\"https:\/\/wp.ufpel.edu.br\/ppgl\/files\/2018\/11\/ENTRE-A-PRIVA\u00c7\u00c3O-E-O-SILENCIAMENTO-o-sujeito-do-desejo-na-trama-discursiva-de-todo-sobre-mi-madre-Maria-Thereza-Veloso.pdf\">Texto Completo <\/a><\/p>\n<p>&nbsp;<\/p>\n<p>&nbsp;<\/p>\n<p><strong>RENATA SILVEIRA DA SILVA<\/strong><\/p>\n<p>O TEMPO DISCURSIVO NA CONSTITUI\u00c7\u00c3O DO IMAGIN\u00c1RIO DO TRABALHADOR NO DISCURSO DA CUT<\/p>\n<p>Orientador: \u00a0Aracy Ernst-Pereira<\/p>\n<p><a href=\"https:\/\/wp.ufpel.edu.br\/ppgl\/files\/2018\/11\/O-Tempo-Discursivo-na-Constitui\u00e7\u00e3o-do-Imagin\u00e1rio-do-Trabalhador-do-Discurso-da-CUT-Renata-Silveira-da-Silva-.pdf\">Texto Completo <\/a><\/p>\n<p>&nbsp;<\/p>\n<p>&nbsp;<\/p>\n<p><strong>ANA LOURDES DA ROSA NIEVES FERN\u00c1NDEZ<\/strong><\/p>\n<p>VOZES DE APRENDIZAGEM DE L\u00cdNGUA ESPANHOLA<\/p>\n<p>Orientador: \u00a0Hil\u00e1rio I. Bohn<\/p>\n<p><a href=\"https:\/\/wp.ufpel.edu.br\/ppgl\/files\/2018\/11\/VOZES-DE-APRENDIZAGEM-DE-L\u00cdNGUA-ESPANHOLA-ANA-LOURDES-DA-ROSA-NIEVES.pdf\">Texto Completo <\/a><\/p>\n<p>&nbsp;<\/p>\n<p>&nbsp;<\/p>\n","protected":false},"excerpt":{"rendered":"<p>CHRISTIANE HEEMANN A FORMA\u00c7\u00c3O DE UMA COMUNIDADE VIRTUAL DE APRENDIZAGEM SOB A PERSPECTIVA DA TEORIA DA ATIVIDADE Orientador: \u00a0Vilson J. Leffa Texto Completo &nbsp; &nbsp; MARIA THEREZA VELOSO ENTRE A PRIVA\u00c7\u00c3O E O SILENCIAMENTO: O SUJEITO DO DESEJO NA TRAMA DISCURSIVA DE TODO SOBRE MI MADRE Orientador: \u00a0Aracy Ernst-Pereira Texto Completo &nbsp; &nbsp; RENATA SILVEIRA [&hellip;]<\/p>\n","protected":false},"author":253,"featured_media":0,"parent":3090,"menu_order":9,"comment_status":"closed","ping_status":"closed","template":"","meta":{"jetpack_post_was_ever_published":false,"footnotes":""},"class_list":["post-2926","page","type-page","status-publish","hentry"],"jetpack_sharing_enabled":true,"jetpack_shortlink":"https:\/\/wp.me\/P8vD3Q-Lc","_links":{"self":[{"href":"https:\/\/wp.ufpel.edu.br\/ppgl\/wp-json\/wp\/v2\/pages\/2926","targetHints":{"allow":["GET"]}}],"collection":[{"href":"https:\/\/wp.ufpel.edu.br\/ppgl\/wp-json\/wp\/v2\/pages"}],"about":[{"href":"https:\/\/wp.ufpel.edu.br\/ppgl\/wp-json\/wp\/v2\/types\/page"}],"author":[{"embeddable":true,"href":"https:\/\/wp.ufpel.edu.br\/ppgl\/wp-json\/wp\/v2\/users\/253"}],"replies":[{"embeddable":true,"href":"https:\/\/wp.ufpel.edu.br\/ppgl\/wp-json\/wp\/v2\/comments?post=2926"}],"version-history":[{"count":6,"href":"https:\/\/wp.ufpel.edu.br\/ppgl\/wp-json\/wp\/v2\/pages\/2926\/revisions"}],"predecessor-version":[{"id":3095,"href":"https:\/\/wp.ufpel.edu.br\/ppgl\/wp-json\/wp\/v2\/pages\/2926\/revisions\/3095"}],"up":[{"embeddable":true,"href":"https:\/\/wp.ufpel.edu.br\/ppgl\/wp-json\/wp\/v2\/pages\/3090"}],"wp:attachment":[{"href":"https:\/\/wp.ufpel.edu.br\/ppgl\/wp-json\/wp\/v2\/media?parent=2926"}],"curies":[{"name":"wp","href":"https:\/\/api.w.org\/{rel}","templated":true}]}}