{"id":2610,"date":"2018-11-19T11:12:22","date_gmt":"2018-11-19T13:12:22","guid":{"rendered":"https:\/\/wp.ufpel.edu.br\/ppgl\/?page_id=2610"},"modified":"2018-12-10T10:41:40","modified_gmt":"2018-12-10T12:41:40","slug":"2014-2","status":"publish","type":"page","link":"https:\/\/wp.ufpel.edu.br\/ppgl\/trabalhos-defendidos\/teses\/2014-2\/","title":{"rendered":"2014"},"content":{"rendered":"<p><strong>\u00a0<\/strong><strong>MARTA HELENA TESSMANN BANDEIRA\u00a0\u00a0\u00a0\u00a0\u00a0\u00a0\u00a0 <\/strong><\/p>\n<p>Vantagens Bil\u00edngues. Um Estudo Sobre as Diferen\u00e7as nas Fun\u00e7\u00f5es Executivas &#8211; Controle Inibit\u00f3rio e Aten\u00e7\u00e3o &#8211; Entre Monol\u00edngues e Bil\u00edngues<\/p>\n<p>Orientador: CARMEN LUCIA BARRETO MATZENAUER<\/p>\n<p>Data da defesa:\u00a001\/12\/2014<\/p>\n<p><a href=\"https:\/\/wp.ufpel.edu.br\/ppgl\/files\/2018\/11\/Vantagens-Bil\u00edngues.-Um-Estudo-Sobre-as-Diferen\u00e7as-nas-Fun\u00e7\u00f5es-Executivas-Controle-Inibit\u00f3rio-e-Aten\u00e7\u00e3o-Entre-Monol\u00edngues-e-Bil\u00edngues-MARTA-HELENA-TE.pdf\">Texto Completo <\/a><\/p>\n<p>&nbsp;<\/p>\n<p>&nbsp;<\/p>\n<p><strong>OLGA MARIA LIMA PEREIRA\u00a0\u00a0\u00a0\u00a0\u00a0\u00a0\u00a0\u00a0\u00a0\u00a0\u00a0 <\/strong><\/p>\n<p>Docencia Negra em Pelotas_ Um Constante Reinterpretar de Silencios<\/p>\n<p>Orientador: ADAIL UBIRAJARA SOBRAL<\/p>\n<p>Data da defesa:\u00a017\/09\/2014<\/p>\n<p><a href=\"https:\/\/wp.ufpel.edu.br\/ppgl\/files\/2018\/11\/Docencia-Negra-em-Pelotas_-Um-Constante-Reinterpretar-de-Silencios-OLGA-MARIA-LIMA-PEREIRA.pdf\">Texto Completo <\/a><\/p>\n<p>&nbsp;<\/p>\n<p>&nbsp;<\/p>\n<p><strong>GABRIELA QUATRIN MARZARI\u00a0\u00a0\u00a0\u00a0\u00a0\u00a0\u00a0 <\/strong><\/p>\n<p>Quem Me Ensinou o Ingles Que Eu Ensino_A Influencia das Tecnologias Digitais na Constituicao das Identidade do Professor do Seculo XXI<\/p>\n<p>Orientador: VILSON JOSE LEFFA<\/p>\n<p>Data da defesa:\u00a021\/08\/2014<\/p>\n<p><a href=\"https:\/\/wp.ufpel.edu.br\/ppgl\/files\/2018\/11\/Quem-Me-Ensinou-o-Ingles-Que-Eu-Ensino_A-Influencia-das-Tecnologias-Digitais-na-Constituicao-das-Identidade-do-Professor-do-Seculo-XXI-Gabriela-Quatr.pdf\">Texto Completo <\/a><\/p>\n<p>&nbsp;<\/p>\n<p><strong>\u00a0<\/strong><\/p>\n<p><strong>PATRICIA DE OLIVEIRA PEREIRA LIMA\u00a0\u00a0\u00a0\u00a0\u00a0\u00a0\u00a0\u00a0\u00a0\u00a0 <\/strong><\/p>\n<p>OS PROCESSOS HIST\u00d3RICOS DE REAFRICANIZA\u00c7\u00c3O E DESAFRICANIZA\u00c7\u00c3O NO DISCURSO SOBRE Z\u00c9 PELINTRA<\/p>\n<p>Orientador: ARACY GRACA ERNST<\/p>\n<p>Data da defesa:\u00a0\u00a0\u00a0 11\/08\/2014<\/p>\n<p><a href=\"https:\/\/wp.ufpel.edu.br\/ppgl\/files\/2018\/11\/Os-Processos-Hist\u00f3ricos-de-Reafricaniza\u00e7\u00e3o-e-Desafricaniza\u00e7\u00e3o-no-Discurso-Sobre-Z\u00e9-Pelintra-Patricia-de-Oliveira-Pereira-Lima.pdf\">Texto Completo <\/a><\/p>\n<p><strong>\u00a0<\/strong><\/p>\n<p>&nbsp;<\/p>\n<p><strong>OTAVIA\u00a0 ALVES CE\u00a0\u00a0\u00a0\u00a0\u00a0\u00a0\u00a0\u00a0\u00a0\u00a0\u00a0\u00a0\u00a0\u00a0 <\/strong><\/p>\n<p>Silenciamento ou Subvers\u00e3o Representa\u00e7\u00e3o do Papel Social da Mulher no Discurso Perform\u00e1tico das Cross players de Manga<\/p>\n<p>Orientador: ELIANE TEREZINHA DO AMARAL CAMPELLO<\/p>\n<p>Data da defesa:\u00a0\u00a0\u00a0 08\/08\/2014<\/p>\n<p><a href=\"https:\/\/wp.ufpel.edu.br\/ppgl\/files\/2018\/11\/Silenciamento-ou-Subversao_Representacao-do-Papel-Social-da-Mulherno-Discurso-Performatico-das-Crossplayers-de-Manga-OTAVIA-ALVES-CE.pdf\">Texto Completo <\/a><\/p>\n<p><strong>\u00a0<\/strong><\/p>\n<p>&nbsp;<\/p>\n<p><strong>CAMILA GONCALVES DOS SANTOS\u00a0\u00a0\u00a0\u00a0\u00a0\u00a0\u00a0\u00a0\u00a0\u00a0\u00a0\u00a0\u00a0\u00a0\u00a0 <\/strong><\/p>\n<p>O DESENVOLVIMENTO E A IMPLEMENTA\u00c7\u00c3O DE UMA WEBQUEST INTERATIVA E ADAPTATIVA DESTINADA AO ENSINO DE L\u00cdNGUAS<\/p>\n<p>Orientador: VILSON JOSE LEFFA<\/p>\n<p>Data da defesa:\u00a0\u00a0\u00a0 01\/07\/2014<\/p>\n<p><a href=\"https:\/\/wp.ufpel.edu.br\/ppgl\/files\/2018\/11\/O-desenvolvimento-e-a-implementacao-de-uma-WEBQUEST-interativa-e-adaptativa-destinada-ao-ensino-de-linguas-CAMILA-GONCALVES-DOS-SANTOS.pdf\">Texto Completo <\/a><\/p>\n<p>&nbsp;<\/p>\n<p><strong>\u00a0<\/strong><\/p>\n<p><strong>\u00a0<\/strong><\/p>\n<p><strong>GIANE RODRIGUES DOS SANTOS\u00a0\u00a0\u00a0 <\/strong><\/p>\n<p>PERCEP\u00c7\u00c3O E PRODU\u00c7\u00c3O DAS VOGAIS M\u00c9DIAS DO ESPANHOL POR FALANTES DO PORTUGU\u00caS BRASILEIRO<\/p>\n<p>Orientador: CARMEN LUCIA BARRETO MATZENAUER<\/p>\n<p>Data da defesa:\u00a0\u00a0\u00a0 25\/06\/2014<\/p>\n<p><a href=\"https:\/\/wp.ufpel.edu.br\/ppgl\/files\/2018\/11\/Percepcao-e-Producao-das-Vogais-Medias-no-Espanhol-por-Falantes-do-Portugues-Brasileiro-GIANE-RODRIGUES-DOS-SANTOS.pdf\">Texto Completo <\/a><\/p>\n<p>&nbsp;<\/p>\n<p>&nbsp;<\/p>\n<p><strong>VANESSA DOUMID DAMASCENO\u00a0\u00a0 <\/strong><\/p>\n<p>O OLHAR DE ALUNOS SOBRE AS TIC NO PROCESSO DE ENSINO E DE APRENDIZAGEM: \u201cA TECNOLOGIA \u00c9 UMA FERRAMENTA, QUEM TEM QUE TRABALHAR \u00c9 O C\u00c9REBRO DO PROFESSOR E DO ALUNO\u201d<\/p>\n<p>Orientador: HILARIO INACIO BOHN<\/p>\n<p>Data da defesa:\u00a0\u00a0\u00a0 05\/06\/2014<\/p>\n<p><a href=\"https:\/\/wp.ufpel.edu.br\/ppgl\/files\/2018\/11\/O-Olhar-de-Alunos-Sobre-as-TIC-no-Processo-de-Ensino-e-de-Aprendizagem-VANESSA-DOUMID-DAMASCENO.pdf\">Texto Completo <\/a><\/p>\n","protected":false},"excerpt":{"rendered":"<p>\u00a0MARTA HELENA TESSMANN BANDEIRA\u00a0\u00a0\u00a0\u00a0\u00a0\u00a0\u00a0 Vantagens Bil\u00edngues. Um Estudo Sobre as Diferen\u00e7as nas Fun\u00e7\u00f5es Executivas &#8211; Controle Inibit\u00f3rio e Aten\u00e7\u00e3o &#8211; Entre Monol\u00edngues e Bil\u00edngues Orientador: CARMEN LUCIA BARRETO MATZENAUER Data da defesa:\u00a001\/12\/2014 Texto Completo &nbsp; &nbsp; OLGA MARIA LIMA PEREIRA\u00a0\u00a0\u00a0\u00a0\u00a0\u00a0\u00a0\u00a0\u00a0\u00a0\u00a0 Docencia Negra em Pelotas_ Um Constante Reinterpretar de Silencios Orientador: ADAIL UBIRAJARA SOBRAL Data da [&hellip;]<\/p>\n","protected":false},"author":253,"featured_media":0,"parent":3090,"menu_order":5,"comment_status":"closed","ping_status":"closed","template":"","meta":{"jetpack_post_was_ever_published":false,"footnotes":""},"class_list":["post-2610","page","type-page","status-publish","hentry"],"jetpack_sharing_enabled":true,"jetpack_shortlink":"https:\/\/wp.me\/P8vD3Q-G6","_links":{"self":[{"href":"https:\/\/wp.ufpel.edu.br\/ppgl\/wp-json\/wp\/v2\/pages\/2610","targetHints":{"allow":["GET"]}}],"collection":[{"href":"https:\/\/wp.ufpel.edu.br\/ppgl\/wp-json\/wp\/v2\/pages"}],"about":[{"href":"https:\/\/wp.ufpel.edu.br\/ppgl\/wp-json\/wp\/v2\/types\/page"}],"author":[{"embeddable":true,"href":"https:\/\/wp.ufpel.edu.br\/ppgl\/wp-json\/wp\/v2\/users\/253"}],"replies":[{"embeddable":true,"href":"https:\/\/wp.ufpel.edu.br\/ppgl\/wp-json\/wp\/v2\/comments?post=2610"}],"version-history":[{"count":5,"href":"https:\/\/wp.ufpel.edu.br\/ppgl\/wp-json\/wp\/v2\/pages\/2610\/revisions"}],"predecessor-version":[{"id":3099,"href":"https:\/\/wp.ufpel.edu.br\/ppgl\/wp-json\/wp\/v2\/pages\/2610\/revisions\/3099"}],"up":[{"embeddable":true,"href":"https:\/\/wp.ufpel.edu.br\/ppgl\/wp-json\/wp\/v2\/pages\/3090"}],"wp:attachment":[{"href":"https:\/\/wp.ufpel.edu.br\/ppgl\/wp-json\/wp\/v2\/media?parent=2610"}],"curies":[{"name":"wp","href":"https:\/\/api.w.org\/{rel}","templated":true}]}}