{"id":2476,"date":"2018-10-25T10:58:15","date_gmt":"2018-10-25T13:58:15","guid":{"rendered":"https:\/\/wp.ufpel.edu.br\/ppgl\/?page_id=2476"},"modified":"2018-12-10T10:57:32","modified_gmt":"2018-12-10T12:57:32","slug":"2010-2","status":"publish","type":"page","link":"https:\/\/wp.ufpel.edu.br\/ppgl\/trabalhos-defendidos\/dissertacoes\/2010-2\/","title":{"rendered":"2010"},"content":{"rendered":"<p><strong>Frederico Gomes e Silva Moreira<\/strong><\/p>\n<p><strong>\u00a0<\/strong>COMPREENS\u00c3O LEITORA EM DEPENDENTES DE CRACK: UM ESTUDO PSICOLINGU\u00cdSTICO<\/p>\n<p>Orientador: Marcia Cristina Zimmer<\/p>\n<p>Data da defesa: 17\/12\/2010<\/p>\n<p><a href=\"https:\/\/wp.ufpel.edu.br\/ppgl\/files\/2018\/10\/COMPREENS\u00c3O-LEITORA-EM-DEPENDENTES-DE-CRACK-Frederico-Gomes-e-Silva-Moreira.pdf\">Texto Completo <\/a><\/p>\n<p>&nbsp;<\/p>\n<p>&nbsp;<\/p>\n<p><strong>Luiz Henrique Touguinha De Almeida<\/strong><\/p>\n<p><strong>\u00a0<\/strong>LETRAMENTO DIGITAL E PERFIL DISCENTE: EXISTE UMA RELA\u00c7\u00c3O?<\/p>\n<p>Orientador: Vilson Jose Leffa<\/p>\n<p>Data da defesa: 10\/09\/2010<\/p>\n<p><a href=\"https:\/\/wp.ufpel.edu.br\/ppgl\/files\/2018\/10\/LETRAMENTO-DIGITAL-E-PERFIL-DISCENTE_Existe-uma-rela\u00e7\u00e3o_Luiz-Henrique-Touguinha-de-Almeida.pdf\">Texto Completo <\/a><\/p>\n<p>&nbsp;<\/p>\n<p>&nbsp;<\/p>\n<p><strong>Guilherme Pereira Bittencourt<\/strong><\/p>\n<p><strong>\u00a0<\/strong>PALAVRA, MEM\u00d3RIA E IMAGIN\u00c1RIO: A CONSTITUI\u00c7\u00c3O DA SUBJETIVIDADE NA CAN\u00c7\u00c3O NATIVISTA SUL-RIO-GRANDENSE<\/p>\n<p>Orientador: Aracy Gra\u00e7a Ernst<\/p>\n<p>Data da defesa: 31\/03\/2010<\/p>\n<p><a href=\"https:\/\/wp.ufpel.edu.br\/ppgl\/files\/2018\/10\/PALAVRA-MEM\u00d3RIA-E-IMAGIN\u00c1RIO-A-CONSTITUI\u00c7\u00c3O-DA-SUBJETIVIDADE-NA-CAN\u00c7\u00c3O-NATIVISTA-SUL-RIO-GRANDENSE_GUILHERME_BITTENCOURT.pdf\">Texto Completo <\/a><\/p>\n<p>&nbsp;<\/p>\n<p>&nbsp;<\/p>\n<p><strong>Sabrine Amaral Martins<\/strong><\/p>\n<p><strong>\u00a0<\/strong>DIFEREN\u00c7AS ENTRE IDOSOS BIL\u00cdNGUES E MONOL\u00cdNGUES NO DESEMPENHO DE TAREFAS RELACIONADAS \u00c0S FUN\u00c7\u00d5ES EXECUTIVAS, MEM\u00d3RIA DE TRABALHO E MEM\u00d3RIA EMOCIONAL DE LONGO PRAZO<\/p>\n<p>Orientador: Marcia Cristina Zimmer<\/p>\n<p>Data da defesa: 29\/03\/2010<\/p>\n<p><a href=\"https:\/\/wp.ufpel.edu.br\/ppgl\/files\/2018\/10\/DIFEREN\u00c7AS-ENTRE-IDOSOS-BIL\u00cdNGUES-E-MONOL\u00cdNGUES-NO-DESEMPENHO-DE-TAREFAS-SABRINE-AMARAL-MARTINS.pdf\">Texto Completo <\/a><\/p>\n<p>&nbsp;<\/p>\n<p>&nbsp;<\/p>\n<p><strong>Sabrina Gewehr Borella<\/strong><\/p>\n<p><strong>\u00a0<\/strong>A INFLU\u00caNCIA DA FALA BIL\u00cdNGUE HUNSR\u00dcCKISCH-PORTUGU\u00caS BRASILEIRO NA ESCRITA DE CRIAN\u00c7AS BRASILEIRAS EM S\u00c9RIES INICIAIS<\/p>\n<p>Orientador: Marcia Cristina Zimmer<\/p>\n<p>Data da defesa: 26\/03\/2010<\/p>\n<p><a href=\"https:\/\/wp.ufpel.edu.br\/ppgl\/files\/2018\/11\/Sabrina-Gewehr-Borella-PORTUGU\u00caS-BRASILEIRO-NA-ESCRITA-DE-CRIAN\u00c7AS-BRASILEIRAS-EM-S\u00c9RIES-INICIAIS.pdf\">Texto Completo <\/a><\/p>\n<p>&nbsp;<\/p>\n<p>&nbsp;<\/p>\n<p><strong>Elida De Lima Ferreira<\/strong><\/p>\n<p><strong>\u00a0<\/strong>RELA\u00c7\u00d5ES DIAL\u00d3GICAS NO JORNALISMO IMPRESSO: O EPIS\u00d3DIO ARACRUZ SOB A PERSPECTIVA DE ZERO HORA<\/p>\n<p>Orientador: Adail Ubirajara Sobral<\/p>\n<p>Data da defesa: 26\/02\/2010<\/p>\n<p><a href=\"https:\/\/wp.ufpel.edu.br\/ppgl\/files\/2018\/10\/RELA\u00c7\u00d5ES-DIAL\u00d3GICAS-NO-JORNALISMO-IMPRESSO-\u00c9lida-Lima.pdf\">Texto Completo<\/a><\/p>\n<p>&nbsp;<\/p>\n<p>&nbsp;<\/p>\n<p><strong>Gabriel Soares Machado<\/strong><\/p>\n<p><strong>\u00a0<\/strong>A CONSTRU\u00c7\u00c3O DISCURSIVA DA IDENTIDADE DO GA\u00daCHO NA CAN\u00c7\u00c3O DE LUIZ MARENCO: UM ENFOQUE DIAL\u00d3GICO<\/p>\n<p>Orientador: Hilario Inacio Bohn<\/p>\n<p>Data da defesa: 25\/02\/2010<\/p>\n<p><a href=\"https:\/\/wp.ufpel.edu.br\/ppgl\/files\/2018\/10\/A-CONSTRU\u00c7\u00c3O-DISCURSIVA-DA-IDENTIDADE-DO-GA\u00daCHO-NA-CAN\u00c7\u00c3O-DE-LUIZ-MARENCO-UM-ENFOQUE-DIAL\u00d3GICO-GABRIEL-SOARES-MACHADO.pdf\">Texto Completo<\/a><\/p>\n<p>&nbsp;<\/p>\n<p>&nbsp;<\/p>\n<p><strong>Marineti Madruga Adami<\/strong><\/p>\n<p><strong>\u00a0<\/strong>A UTOPIA DA SALA DE AULA DIAL\u00d3GICA: AS NORMALIZA\u00c7\u00d5ES E AS RENORMALIZA\u00c7\u00d5ES DE UMA PROFESSORA<\/p>\n<p>Orientador: Hilario Inacio Bohn<\/p>\n<p>Data da defesa: 25\/02\/2010<\/p>\n<p><a href=\"https:\/\/wp.ufpel.edu.br\/ppgl\/files\/2018\/10\/A-UTOPIA-DA-SALA-DE-AULA-DIAL\u00d3GICA-MARINETI-ADAMI-FRANZ.pdf\">Texto Completo<\/a><\/p>\n<p>&nbsp;<\/p>\n<p>&nbsp;<\/p>\n<p><strong>Alicia Endres Soares<\/strong><\/p>\n<p><strong>\u00a0<\/strong>REPRESENTA\u00c7\u00d5ES DISCURSIVAS DA ATIVIDADE DO PROFESSOR DE L\u00cdNGUA PORTUGUESA: UMA ABORDAGEM DIAL\u00d3GICA<\/p>\n<p>Orientador: Adail Ubirajara Sobral<\/p>\n<p>Data da defesa: 24\/02\/2010<\/p>\n<p><a href=\"https:\/\/wp.ufpel.edu.br\/ppgl\/files\/2018\/10\/REPRESENTA\u00c7\u00d5ES-DISCURSIVAS-DA-ATIVIDADE-DO-PROFESSOR-DE-L\u00cdNGUA-PORTUGUESA-Al\u00edcia-Endres-Soares.pdf\">Texto Completo<\/a><\/p>\n<p>&nbsp;<\/p>\n<p>&nbsp;<\/p>\n<p><strong>Elza Maria De Athayde<\/strong><\/p>\n<p><strong>\u00a0<\/strong>ENTRE O DIZER E O N\u00c3O-DIZER: A CHARGE POL\u00cdTICA E A RELA\u00c7\u00c3O COM O SIL\u00caNCIO<\/p>\n<p>Orientador: Aracy Gra\u00e7a Ernst<\/p>\n<p>Data da defesa: 13\/01\/2010<\/p>\n<p><a href=\"https:\/\/wp.ufpel.edu.br\/ppgl\/files\/2018\/10\/ENTRE-O-DIZER-E-O-N\u00c3O-DIZER-A-CHARGE-POL\u00cdTICA-E-A-RELA\u00c7\u00c3O-COM-O-SIL\u00caNCIO-ELZA-MARIA-D\u2019ATHAYDE-1.pdf\">Texto Completo<\/a><\/p>\n","protected":false},"excerpt":{"rendered":"<p>Frederico Gomes e Silva Moreira \u00a0COMPREENS\u00c3O LEITORA EM DEPENDENTES DE CRACK: UM ESTUDO PSICOLINGU\u00cdSTICO Orientador: Marcia Cristina Zimmer Data da defesa: 17\/12\/2010 Texto Completo &nbsp; &nbsp; Luiz Henrique Touguinha De Almeida \u00a0LETRAMENTO DIGITAL E PERFIL DISCENTE: EXISTE UMA RELA\u00c7\u00c3O? Orientador: Vilson Jose Leffa Data da defesa: 10\/09\/2010 Texto Completo &nbsp; &nbsp; Guilherme Pereira Bittencourt \u00a0PALAVRA, [&hellip;]<\/p>\n","protected":false},"author":253,"featured_media":0,"parent":397,"menu_order":10,"comment_status":"closed","ping_status":"closed","template":"","meta":{"jetpack_post_was_ever_published":false,"footnotes":""},"class_list":["post-2476","page","type-page","status-publish","hentry"],"jetpack_sharing_enabled":true,"jetpack_shortlink":"https:\/\/wp.me\/P8vD3Q-DW","_links":{"self":[{"href":"https:\/\/wp.ufpel.edu.br\/ppgl\/wp-json\/wp\/v2\/pages\/2476","targetHints":{"allow":["GET"]}}],"collection":[{"href":"https:\/\/wp.ufpel.edu.br\/ppgl\/wp-json\/wp\/v2\/pages"}],"about":[{"href":"https:\/\/wp.ufpel.edu.br\/ppgl\/wp-json\/wp\/v2\/types\/page"}],"author":[{"embeddable":true,"href":"https:\/\/wp.ufpel.edu.br\/ppgl\/wp-json\/wp\/v2\/users\/253"}],"replies":[{"embeddable":true,"href":"https:\/\/wp.ufpel.edu.br\/ppgl\/wp-json\/wp\/v2\/comments?post=2476"}],"version-history":[{"count":4,"href":"https:\/\/wp.ufpel.edu.br\/ppgl\/wp-json\/wp\/v2\/pages\/2476\/revisions"}],"predecessor-version":[{"id":3017,"href":"https:\/\/wp.ufpel.edu.br\/ppgl\/wp-json\/wp\/v2\/pages\/2476\/revisions\/3017"}],"up":[{"embeddable":true,"href":"https:\/\/wp.ufpel.edu.br\/ppgl\/wp-json\/wp\/v2\/pages\/397"}],"wp:attachment":[{"href":"https:\/\/wp.ufpel.edu.br\/ppgl\/wp-json\/wp\/v2\/media?parent=2476"}],"curies":[{"name":"wp","href":"https:\/\/api.w.org\/{rel}","templated":true}]}}